(2025200000000000545,'WFRpeFVlRXcyTU9kSDM2VEVmdUpidz09OmJUUmtjalJ6TkdoaU1YTTBaREJ1T1E9PQ',2025,2,11,2025200000000000003,41,2025200000000000060,3017156000008,2,3017156000080,80,'C','Cukup terampil terutama dalam Agreement and Disagreement: Menyatakan setuju atau tidak setuju.',''),(2025200000000000546,'WFRpeFVlRXcyTU9kSDM2VEVmdUpidz09OmJUUmtjalJ6TkdoaU1YTTBaREJ1T1E9PQ',2025,2,11,2025200000000000003,41,2025200000000000060,3017156000008,2,3017156000081,80,'C','Cukup terampil terutama dalam Agreement and Disagreement: Menyatakan setuju atau tidak setuju.',''),(2025200000000000547,'WFRpeFVlRXcyTU9kSDM2VEVmdUpidz09OmJUUmtjalJ6TkdoaU1YTTBaREJ1T1E9PQ',2025,2,11,2025200000000000003,41,2025200000000000060,3017156000008,2,3017156000130,80,'C','Cukup terampil terutama dalam Agreement and Disagreement: Menyatakan setuju atau tidak setuju.',''),(2025200000000000548,'WFRpeFVlRXcyTU9kSDM2VEVmdUpidz09OmJUUmtjalJ6TkdoaU1YTTBaREJ1T1E9PQ',2025,2,11,2025200000000000003,41,2025200000000000060,3017156000008,2,3017156000082,80,'C','Cukup terampil terutama dalam Agreement and Disagreement: Menyatakan setuju atau tidak setuju.',''),(2025200000000000549,'WFRpeFVlRXcyTU9kSDM2VEVmdUpidz09OmJUUmtjalJ6TkdoaU1YTTBaREJ1T1E9PQ',2025,2,11,2025200000000000003,41,2025200000000000060,3017156000008,2,3017156000083,80,'C','Cukup terampil terutama dalam Agreement and Disagreement: Menyatakan setuju atau tidak setuju.',''),(2025200000000000550,'WFRpeFVlRXcyTU9kSDM2VEVmdUpidz09OmJUUmtjalJ6TkdoaU1YTTBaREJ1T1E9PQ',2025,2,11,2025200000000000003,41,2025200000000000060,3017156000008,2,3017156000084,85,'B','Terampil terutama dalam Agreement and Disagreement: Menyatakan setuju atau tidak setuju.',''),(2025200000000000551,'WFRpeFVlRXcyTU9kSDM2VEVmdUpidz09OmJUUmtjalJ6TkdoaU1YTTBaREJ1T1E9PQ',2025,2,11,2025200000000000003,41,2025200000000000060,3017156000008,2,3017156000085,80,'C','Cukup terampil terutama dalam Agreement and Disagreement: Menyatakan setuju atau tidak setuju.',''),(2025200000000000552,'WFRpeFVlRXcyTU9kSDM2VEVmdUpidz09OmJUUmtjalJ6TkdoaU1YTTBaREJ1T1E9PQ',2025,2,11,2025200000000000003,41,2025200000000000060,3017156000008,2,3017156000086,80,'C','Cukup terampil terutama dalam Agreement and Disagreement: Menyatakan setuju atau tidak setuju.',''),(2025200000000000553,'WFRpeFVlRXcyTU9kSDM2VEVmdUpidz09OmJUUmtjalJ6TkdoaU1YTTBaREJ1T1E9PQ',2025,2,11,2025200000000000003,41,2025200000000000060,3017156000008,2,3017156000087,85,'B','Terampil terutama dalam Agreement and Disagreement: Menyatakan setuju atau tidak setuju.',''),(2025200000000000554,'WFRpeFVlRXcyTU9kSDM2VEVmdUpidz09OmJUUmtjalJ6TkdoaU1YTTBaREJ1T1E9PQ',2025,2,11,2025200000000000003,41,2025200000000000060,3017156000008,2,3017156000088,85,'B','Terampil terutama dalam Agreement and Disagreement: Menyatakan setuju atau tidak setuju.',''),(2025200000000000555,'WFRpeFVlRXcyTU9kSDM2VEVmdUpidz09OmJUUmtjalJ6TkdoaU1YTTBaREJ1T1E9PQ',2025,2,11,2025200000000000003,41,2025200000000000060,3017156000008,2,3017156000089,80,'C','Cukup terampil terutama dalam Agreement and Disagreement: Menyatakan setuju atau tidak setuju.',''),(2025200000000000556,'WFRpeFVlRXcyTU9kSDM2VEVmdUpidz09OmJUUmtjalJ6TkdoaU1YTTBaREJ1T1E9PQ',2025,2,11,2025200000000000003,41,2025200000000000060,3017156000008,2,3017156000092,80,'C','Cukup terampil terutama dalam Agreement and Disagreement: Menyatakan setuju atau tidak setuju.',''),(2025200000000000557,'WFRpeFVlRXcyTU9kSDM2VEVmdUpidz09OmJUUmtjalJ6TkdoaU1YTTBaREJ1T1E9PQ',2025,2,11,2025200000000000003,41,2025200000000000060,3017156000008,2,3017156000094,80,'C','Cukup terampil terutama dalam Agreement and Disagreement: Menyatakan setuju atau tidak setuju.',''),(2025200000000000558,'WFRpeFVlRXcyTU9kSDM2VEVmdUpidz09OmJUUmtjalJ6TkdoaU1YTTBaREJ1T1E9PQ',2025,2,11,2025200000000000003,41,2025200000000000060,3017156000008,2,3017156000153,80,'C','Cukup terampil terutama dalam Agreement and Disagreement: Menyatakan setuju atau tidak setuju.',''),(2025200000000000559,'WFRpeFVlRXcyTU9kSDM2VEVmdUpidz09OmJUUmtjalJ6TkdoaU1YTTBaREJ1T1E9PQ',2025,2,11,2025200000000000003,41,2025200000000000060,3017156000008,2,3017156000097,88,'B','Terampil terutama dalam Agreement and Disagreement: Menyatakan setuju atau tidak setuju.',''),(2025200000000000560,'WFRpeFVlRXcyTU9kSDM2VEVmdUpidz09OmJUUmtjalJ6TkdoaU1YTTBaREJ1T1E9PQ',2025,2,11,2025200000000000003,41,2025200000000000060,3017156000008,2,3017156000098,90,'B','Terampil terutama dalam Agreement and Disagreement: Menyatakan setuju atau tidak setuju.',''),(2025200000000000561,'WFRpeFVlRXcyTU9kSDM2VEVmdUpidz09OmJUUmtjalJ6TkdoaU1YTTBaREJ1T1E9PQ',2025,2,11,2025200000000000003,41,2025200000000000060,3017156000008,2,3017156000099,80,'C','Cukup terampil terutama dalam Agreement and Disagreement: Menyatakan setuju atau tidak setuju.',''),(2025200000000000562,'WFRpeFVlRXcyTU9kSDM2VEVmdUpidz09OmJUUmtjalJ6TkdoaU1YTTBaREJ1T1E9PQ',2025,2,11,2025200000000000003,41,2025200000000000060,3017156000008,2,3017156000101,90,'B','Terampil terutama dalam Agreement and Disagreement: Menyatakan setuju atau tidak setuju.',''),(2025200000000000563,'WFRpeFVlRXcyTU9kSDM2VEVmdUpidz09OmJUUmtjalJ6TkdoaU1YTTBaREJ1T1E9PQ',2025,2,11,2025200000000000003,41,2025200000000000060,3017156000008,1,3017156000080,80,'C','Memiliki kemampuan cukup baik terutama kemampuan dalam Agreement and Disagreement: Menyatakan setuju atau tidak setuju.',NULL),(2025200000000000564,'WFRpeFVlRXcyTU9kSDM2VEVmdUpidz09OmJUUmtjalJ6TkdoaU1YTTBaREJ1T1E9PQ',2025,2,11,2025200000000000003,41,2025200000000000060,3017156000008,1,3017156000081,80,'C','Memiliki kemampuan cukup baik terutama kemampuan dalam Agreement and Disagreement: Menyatakan setuju atau tidak setuju.',NULL),(2025200000000000565,'WFRpeFVlRXcyTU9kSDM2VEVmdUpidz09OmJUUmtjalJ6TkdoaU1YTTBaREJ1T1E9PQ',2025,2,11,2025200000000000003,41,2025200000000000060,3017156000008,1,3017156000130,80,'C','Memiliki kemampuan cukup baik terutama kemampuan dalam Agreement and Disagreement: Menyatakan setuju atau tidak setuju.',NULL),(2025200000000000566,'WFRpeFVlRXcyTU9kSDM2VEVmdUpidz09OmJUUmtjalJ6TkdoaU1YTTBaREJ1T1E9PQ',2025,2,11,2025200000000000003,41,2025200000000000060,3017156000008,1,3017156000082,80,'C','Memiliki kemampuan cukup baik terutama kemampuan dalam Agreement and Disagreement: Menyatakan setuju atau tidak setuju.',NULL),(2025200000000000567,'WFRpeFVlRXcyTU9kSDM2VEVmdUpidz09OmJUUmtjalJ6TkdoaU1YTTBaREJ1T1E9PQ',2025,2,11,2025200000000000003,41,2025200000000000060,3017156000008,1,3017156000083,80,'C','Memiliki kemampuan cukup baik terutama kemampuan dalam Agreement and Disagreement: Menyatakan setuju atau tidak setuju.',NULL),(2025200000000000568,'WFRpeFVlRXcyTU9kSDM2VEVmdUpidz09OmJUUmtjalJ6TkdoaU1YTTBaREJ1T1E9PQ',2025,2,11,2025200000000000003,41,2025200000000000060,3017156000008,1,3017156000084,85,'B','Memiliki kemampuan baik terutama kemampuan dalam Agreement and Disagreement: Menyatakan setuju atau tidak setuju.',NULL),(2025200000000000569,'WFRpeFVlRXcyTU9kSDM2VEVmdUpidz09OmJUUmtjalJ6TkdoaU1YTTBaREJ1T1E9PQ',2025,2,11,2025200000000000003,41,2025200000000000060,3017156000008,1,3017156000085,80,'C','Memiliki kemampuan cukup baik terutama kemampuan dalam Agreement and Disagreement: Menyatakan setuju atau tidak setuju.',NULL),(2025200000000000570,'WFRpeFVlRXcyTU9kSDM2VEVmdUpidz09OmJUUmtjalJ6TkdoaU1YTTBaREJ1T1E9PQ',2025,2,11,2025200000000000003,41,2025200000000000060,3017156000008,1,3017156000086,80,'C','Memiliki kemampuan cukup baik terutama kemampuan dalam Agreement and Disagreement: Menyatakan setuju atau tidak setuju.',NULL),(2025200000000000571,'WFRpeFVlRXcyTU9kSDM2VEVmdUpidz09OmJUUmtjalJ6TkdoaU1YTTBaREJ1T1E9PQ',2025,2,11,2025200000000000003,41,2025200000000000060,3017156000008,1,3017156000087,80,'C','Memiliki kemampuan cukup baik terutama kemampuan dalam Agreement and Disagreement: Menyatakan setuju atau tidak setuju.',NULL),(2025200000000000572,'WFRpeFVlRXcyTU9kSDM2VEVmdUpidz09OmJUUmtjalJ6TkdoaU1YTTBaREJ1T1E9PQ',2025,2,11,2025200000000000003,41,2025200000000000060,3017156000008,1,3017156000088,85,'B','Memiliki kemampuan baik terutama kemampuan dalam Agreement and Disagreement: Menyatakan setuju atau tidak setuju.',NULL),(2025200000000000573,'WFRpeFVlRXcyTU9kSDM2VEVmdUpidz09OmJUUmtjalJ6TkdoaU1YTTBaREJ1T1E9PQ',2025,2,11,2025200000000000003,41,2025200000000000060,3017156000008,1,3017156000089,80,'C','Memiliki kemampuan cukup baik terutama kemampuan dalam Agreement and Disagreement: Menyatakan setuju atau tidak setuju.',NULL),(2025200000000000574,'WFRpeFVlRXcyTU9kSDM2VEVmdUpidz09OmJUUmtjalJ6TkdoaU1YTTBaREJ1T1E9PQ',2025,2,11,2025200000000000003,41,2025200000000000060,3017156000008,1,3017156000092,80,'C','Memiliki kemampuan cukup baik terutama kemampuan dalam Agreement and Disagreement: Menyatakan setuju atau tidak setuju.',NULL),(2025200000000000575,'WFRpeFVlRXcyTU9kSDM2VEVmdUpidz09OmJUUmtjalJ6TkdoaU1YTTBaREJ1T1E9PQ',2025,2,11,2025200000000000003,41,2025200000000000060,3017156000008,1,3017156000094,80,'C','Memiliki kemampuan cukup baik terutama kemampuan dalam Agreement and Disagreement: Menyatakan setuju atau tidak setuju.',NULL),(2025200000000000576,'WFRpeFVlRXcyTU9kSDM2VEVmdUpidz09OmJUUmtjalJ6TkdoaU1YTTBaREJ1T1E9PQ',2025,2,11,2025200000000000003,41,2025200000000000060,3017156000008,1,3017156000153,80,'C','Memiliki kemampuan cukup baik terutama kemampuan dalam Agreement and Disagreement: Menyatakan setuju atau tidak setuju.',NULL),(2025200000000000577,'WFRpeFVlRXcyTU9kSDM2VEVmdUpidz09OmJUUmtjalJ6TkdoaU1YTTBaREJ1T1E9PQ',2025,2,11,2025200000000000003,41,2025200000000000060,3017156000008,1,3017156000097,85,'B','Memiliki kemampuan baik terutama kemampuan dalam Agreement and Disagreement: Menyatakan setuju atau tidak setuju.',NULL),(2025200000000000578,'WFRpeFVlRXcyTU9kSDM2VEVmdUpidz09OmJUUmtjalJ6TkdoaU1YTTBaREJ1T1E9PQ',2025,2,11,2025200000000000003,41,2025200000000000060,3017156000008,1,3017156000098,85,'B','Memiliki kemampuan baik terutama kemampuan dalam Agreement and Disagreement: Menyatakan setuju atau tidak setuju.',NULL),(2025200000000000579,'WFRpeFVlRXcyTU9kSDM2VEVmdUpidz09OmJUUmtjalJ6TkdoaU1YTTBaREJ1T1E9PQ',2025,2,11,2025200000000000003,41,2025200000000000060,3017156000008,1,3017156000099,80,'C','Memiliki kemampuan cukup baik terutama kemampuan dalam Agreement and Disagreement: Menyatakan setuju atau tidak setuju.',NULL),(2025200000000000580,'WFRpeFVlRXcyTU9kSDM2VEVmdUpidz09OmJUUmtjalJ6TkdoaU1YTTBaREJ1T1E9PQ',2025,2,11,2025200000000000003,41,2025200000000000060,3017156000008,1,3017156000101,85,'B','Memiliki kemampuan baik terutama kemampuan dalam Agreement and Disagreement: Menyatakan setuju atau tidak setuju.',NULL),(2025200000000000581,'WFRpeFVlRXcyTU9kSDM2VEVmdUpidz09OmJUUmtjalJ6TkdoaU1YTTBaREJ1T1E9PQ',2025,2,11,2025200000000000003,3017156000089,2025200000000000054,3017156000007,1,3017156000080,80,'C','Memiliki kemampuan cukup baik terutama kemampuan dalam Menganal dan mehami bacaan mad',NULL),(2025200000000000582,'WFRpeFVlRXcyTU9kSDM2VEVmdUpidz09OmJUUmtjalJ6TkdoaU1YTTBaREJ1T1E9PQ',2025,2,11,2025200000000000003,3017156000089,2025200000000000054,3017156000007,1,3017156000081,80,'C','Memiliki kemampuan cukup baik terutama kemampuan dalam Menganal dan mehami bacaan mad',NULL),(2025200000000000583,'WFRpeFVlRXcyTU9kSDM2VEVmdUpidz09OmJUUmtjalJ6TkdoaU1YTTBaREJ1T1E9PQ',2025,2,11,2025200000000000003,3017156000089,2025200000000000054,3017156000007,1,3017156000130,82,'C','Memiliki kemampuan cukup baik terutama kemampuan dalam Menganal dan mehami bacaan mad',NULL),(2025200000000000584,'WFRpeFVlRXcyTU9kSDM2VEVmdUpidz09OmJUUmtjalJ6TkdoaU1YTTBaREJ1T1E9PQ',2025,2,11,2025200000000000003,3017156000089,2025200000000000054,3017156000007,1,3017156000082,82,'C','Memiliki kemampuan cukup baik terutama kemampuan dalam Menganal dan mehami bacaan mad',NULL),(2025200000000000585,'WFRpeFVlRXcyTU9kSDM2VEVmdUpidz09OmJUUmtjalJ6TkdoaU1YTTBaREJ1T1E9PQ',2025,2,11,2025200000000000003,3017156000089,2025200000000000054,3017156000007,1,3017156000083,82,'C','Memiliki kemampuan cukup baik terutama kemampuan dalam Menganal dan mehami bacaan mad',NULL),(2025200000000000586,'WFRpeFVlRXcyTU9kSDM2VEVmdUpidz09OmJUUmtjalJ6TkdoaU1YTTBaREJ1T1E9PQ',2025,2,11,2025200000000000003,3017156000089,2025200000000000054,3017156000007,1,3017156000084,88,'B','Memiliki kemampuan baik terutama kemampuan dalam Menganal dan mehami bacaan mad',NULL),(2025200000000000587,'WFRpeFVlRXcyTU9kSDM2VEVmdUpidz09OmJUUmtjalJ6TkdoaU1YTTBaREJ1T1E9PQ',2025,2,11,2025200000000000003,3017156000089,2025200000000000054,3017156000007,1,3017156000085,84,'C','Memiliki kemampuan cukup baik terutama kemampuan dalam Menganal dan mehami bacaan mad',NULL),(2025200000000000588,'WFRpeFVlRXcyTU9kSDM2VEVmdUpidz09OmJUUmtjalJ6TkdoaU1YTTBaREJ1T1E9PQ',2025,2,11,2025200000000000003,3017156000089,2025200000000000054,3017156000007,1,3017156000086,83,'C','Memiliki kemampuan cukup baik terutama kemampuan dalam Menganal dan mehami bacaan mad',NULL),(2025200000000000589,'WFRpeFVlRXcyTU9kSDM2VEVmdUpidz09OmJUUmtjalJ6TkdoaU1YTTBaREJ1T1E9PQ',2025,2,11,2025200000000000003,3017156000089,2025200000000000054,3017156000007,1,3017156000087,82,'C','Memiliki kemampuan cukup baik terutama kemampuan dalam Menganal dan mehami bacaan mad',NULL),(2025200000000000590,'WFRpeFVlRXcyTU9kSDM2VEVmdUpidz09OmJUUmtjalJ6TkdoaU1YTTBaREJ1T1E9PQ',2025,2,11,2025200000000000003,3017156000089,2025200000000000054,3017156000007,1,3017156000088,83,'C','Memiliki kemampuan cukup baik terutama kemampuan dalam Menganal dan mehami bacaan mad',NULL),(2025200000000000591,'WFRpeFVlRXcyTU9kSDM2VEVmdUpidz09OmJUUmtjalJ6TkdoaU1YTTBaREJ1T1E9PQ',2025,2,11,2025200000000000003,3017156000089,2025200000000000054,3017156000007,1,3017156000089,80,'C','Memiliki kemampuan cukup baik terutama kemampuan dalam Menganal dan mehami bacaan mad',NULL),(2025200000000000592,'WFRpeFVlRXcyTU9kSDM2VEVmdUpidz09OmJUUmtjalJ6TkdoaU1YTTBaREJ1T1E9PQ',2025,2,11,2025200000000000003,3017156000089,2025200000000000054,3017156000007,1,3017156000092,85,'B','Memiliki kemampuan baik terutama kemampuan dalam Menganal dan mehami bacaan mad',NULL),(2025200000000000593,'WFRpeFVlRXcyTU9kSDM2VEVmdUpidz09OmJUUmtjalJ6TkdoaU1YTTBaREJ1T1E9PQ',2025,2,11,2025200000000000003,3017156000089,2025200000000000054,3017156000007,1,3017156000094,82,'C','Memiliki kemampuan cukup baik terutama kemampuan dalam Menganal dan mehami bacaan mad',NULL),(2025200000000000594,'WFRpeFVlRXcyTU9kSDM2VEVmdUpidz09OmJUUmtjalJ6TkdoaU1YTTBaREJ1T1E9PQ',2025,2,11,2025200000000000003,3017156000089,2025200000000000054,3017156000007,1,3017156000153,80,'C','Memiliki kemampuan cukup baik terutama kemampuan dalam Menganal dan mehami bacaan mad',NULL),(2025200000000000595,'WFRpeFVlRXcyTU9kSDM2VEVmdUpidz09OmJUUmtjalJ6TkdoaU1YTTBaREJ1T1E9PQ',2025,2,11,2025200000000000003,3017156000089,2025200000000000054,3017156000007,1,3017156000097,87,'B','Memiliki kemampuan baik terutama kemampuan dalam Menganal dan mehami bacaan mad',NULL),(2025200000000000596,'WFRpeFVlRXcyTU9kSDM2VEVmdUpidz09OmJUUmtjalJ6TkdoaU1YTTBaREJ1T1E9PQ',2025,2,11,2025200000000000003,3017156000089,2025200000000000054,3017156000007,1,3017156000098,82,'C','Memiliki kemampuan cukup baik terutama kemampuan dalam Menganal dan mehami bacaan mad',NULL),(2025200000000000597,'WFRpeFVlRXcyTU9kSDM2VEVmdUpidz09OmJUUmtjalJ6TkdoaU1YTTBaREJ1T1E9PQ',2025,2,11,2025200000000000003,3017156000089,2025200000000000054,3017156000007,1,3017156000099,82,'C','Memiliki kemampuan cukup baik terutama kemampuan dalam Menganal dan mehami bacaan mad',NULL),(2025200000000000598,'WFRpeFVlRXcyTU9kSDM2VEVmdUpidz09OmJUUmtjalJ6TkdoaU1YTTBaREJ1T1E9PQ',2025,2,11,2025200000000000003,3017156000089,2025200000000000054,3017156000007,1,3017156000101,80,'C','Memiliki kemampuan cukup baik terutama kemampuan dalam Menganal dan mehami bacaan mad',NULL),(2025200000000000599,'WFRpeFVlRXcyTU9kSDM2VEVmdUpidz09OmJUUmtjalJ6TkdoaU1YTTBaREJ1T1E9PQ',2025,2,11,2025200000000000003,3017156000089,2025200000000000054,3017156000007,2,3017156000080,82,'C','Cukup terampil terutama dalam Mengenal dan memahami bacaan mad.',''),(2025200000000000600,'WFRpeFVlRXcyTU9kSDM2VEVmdUpidz09OmJUUmtjalJ6TkdoaU1YTTBaREJ1T1E9PQ',2025,2,11,2025200000000000003,3017156000089,2025200000000000054,3017156000007,2,3017156000081,80,'C','Cukup terampil terutama dalam Mengenal dan memahami bacaan mad.',''),(2025200000000000601,'WFRpeFVlRXcyTU9kSDM2VEVmdUpidz09OmJUUmtjalJ6TkdoaU1YTTBaREJ1T1E9PQ',2025,2,11,2025200000000000003,3017156000089,2025200000000000054,3017156000007,2,3017156000130,84,'C','Cukup terampil terutama dalam Mengenal dan memahami bacaan mad.',''),(2025200000000000602,'WFRpeFVlRXcyTU9kSDM2VEVmdUpidz09OmJUUmtjalJ6TkdoaU1YTTBaREJ1T1E9PQ',2025,2,11,2025200000000000003,3017156000089,2025200000000000054,3017156000007,2,3017156000082,82,'C','Cukup terampil terutama dalam Mengenal dan memahami bacaan mad.',''),(2025200000000000603,'WFRpeFVlRXcyTU9kSDM2VEVmdUpidz09OmJUUmtjalJ6TkdoaU1YTTBaREJ1T1E9PQ',2025,2,11,2025200000000000003,3017156000089,2025200000000000054,3017156000007,2,3017156000083,83,'C','Cukup terampil terutama dalam Mengenal dan memahami bacaan mad.',''),(2025200000000000604,'WFRpeFVlRXcyTU9kSDM2VEVmdUpidz09OmJUUmtjalJ6TkdoaU1YTTBaREJ1T1E9PQ',2025,2,11,2025200000000000003,3017156000089,2025200000000000054,3017156000007,2,3017156000084,87,'B','Terampil terutama dalam Mengenal dan memahami bacaan mad.',''),(2025200000000000605,'WFRpeFVlRXcyTU9kSDM2VEVmdUpidz09OmJUUmtjalJ6TkdoaU1YTTBaREJ1T1E9PQ',2025,2,11,2025200000000000003,3017156000089,2025200000000000054,3017156000007,2,3017156000085,83,'C','Cukup terampil terutama dalam Mengenal dan memahami bacaan mad.',''),(2025200000000000606,'WFRpeFVlRXcyTU9kSDM2VEVmdUpidz09OmJUUmtjalJ6TkdoaU1YTTBaREJ1T1E9PQ',2025,2,11,2025200000000000003,3017156000089,2025200000000000054,3017156000007,2,3017156000086,85,'B','Terampil terutama dalam Mengenal dan memahami bacaan mad.',''),(2025200000000000607,'WFRpeFVlRXcyTU9kSDM2VEVmdUpidz09OmJUUmtjalJ6TkdoaU1YTTBaREJ1T1E9PQ',2025,2,11,2025200000000000003,3017156000089,2025200000000000054,3017156000007,2,3017156000087,82,'C','Cukup terampil terutama dalam Mengenal dan memahami bacaan mad.',''),(2025200000000000608,'WFRpeFVlRXcyTU9kSDM2VEVmdUpidz09OmJUUmtjalJ6TkdoaU1YTTBaREJ1T1E9PQ',2025,2,11,2025200000000000003,3017156000089,2025200000000000054,3017156000007,2,3017156000088,80,'C','Cukup terampil terutama dalam Mengenal dan memahami bacaan mad.',''),(2025200000000000609,'WFRpeFVlRXcyTU9kSDM2VEVmdUpidz09OmJUUmtjalJ6TkdoaU1YTTBaREJ1T1E9PQ',2025,2,11,2025200000000000003,3017156000089,2025200000000000054,3017156000007,2,3017156000089,80,'C','Cukup terampil terutama dalam Mengenal dan memahami bacaan mad.',''),(2025200000000000610,'WFRpeFVlRXcyTU9kSDM2VEVmdUpidz09OmJUUmtjalJ6TkdoaU1YTTBaREJ1T1E9PQ',2025,2,11,2025200000000000003,3017156000089,2025200000000000054,3017156000007,2,3017156000092,85,'B','Terampil terutama dalam Mengenal dan memahami bacaan mad.',''),(2025200000000000611,'WFRpeFVlRXcyTU9kSDM2VEVmdUpidz09OmJUUmtjalJ6TkdoaU1YTTBaREJ1T1E9PQ',2025,2,11,2025200000000000003,3017156000089,2025200000000000054,3017156000007,2,3017156000094,84,'C','Cukup terampil terutama dalam Mengenal dan memahami bacaan mad.',''),(2025200000000000612,'WFRpeFVlRXcyTU9kSDM2VEVmdUpidz09OmJUUmtjalJ6TkdoaU1YTTBaREJ1T1E9PQ',2025,2,11,2025200000000000003,3017156000089,2025200000000000054,3017156000007,2,3017156000153,82,'C','Cukup terampil terutama dalam Mengenal dan memahami bacaan mad.',''),(2025200000000000613,'WFRpeFVlRXcyTU9kSDM2VEVmdUpidz09OmJUUmtjalJ6TkdoaU1YTTBaREJ1T1E9PQ',2025,2,11,2025200000000000003,3017156000089,2025200000000000054,3017156000007,2,3017156000097,86,'B','Terampil terutama dalam Mengenal dan memahami bacaan mad.',''),(2025200000000000614,'WFRpeFVlRXcyTU9kSDM2VEVmdUpidz09OmJUUmtjalJ6TkdoaU1YTTBaREJ1T1E9PQ',2025,2,11,2025200000000000003,3017156000089,2025200000000000054,3017156000007,2,3017156000098,85,'B','Terampil terutama dalam Mengenal dan memahami bacaan mad.',''),(2025200000000000615,'WFRpeFVlRXcyTU9kSDM2VEVmdUpidz09OmJUUmtjalJ6TkdoaU1YTTBaREJ1T1E9PQ',2025,2,11,2025200000000000003,3017156000089,2025200000000000054,3017156000007,2,3017156000099,83,'C','Cukup terampil terutama dalam Mengenal dan memahami bacaan mad.',''),(2025200000000000616,'WFRpeFVlRXcyTU9kSDM2VEVmdUpidz09OmJUUmtjalJ6TkdoaU1YTTBaREJ1T1E9PQ',2025,2,11,2025200000000000003,3017156000089,2025200000000000054,3017156000007,2,3017156000101,81,'C','Cukup terampil terutama dalam Mengenal dan memahami bacaan mad.',''),(2025200000000000617,'WFRpeFVlRXcyTU9kSDM2VEVmdUpidz09OmJUUmtjalJ6TkdoaU1YTTBaREJ1T1E9PQ',2025,2,11,2025200000000000003,84,2025200000000000066,3017156000011,2,3017156000080,78,'C','Cukup terampil terutama dalam Pembangunan orde baru',''),(2025200000000000618,'WFRpeFVlRXcyTU9kSDM2VEVmdUpidz09OmJUUmtjalJ6TkdoaU1YTTBaREJ1T1E9PQ',2025,2,11,2025200000000000003,84,2025200000000000066,3017156000011,2,3017156000081,79,'C','Cukup terampil terutama dalam Pembangunan orde baru',''),(2025200000000000619,'WFRpeFVlRXcyTU9kSDM2VEVmdUpidz09OmJUUmtjalJ6TkdoaU1YTTBaREJ1T1E9PQ',2025,2,11,2025200000000000003,84,2025200000000000066,3017156000011,2,3017156000130,80,'C','Cukup terampil terutama dalam Pembangunan orde baru',''),(2025200000000000620,'WFRpeFVlRXcyTU9kSDM2VEVmdUpidz09OmJUUmtjalJ6TkdoaU1YTTBaREJ1T1E9PQ',2025,2,11,2025200000000000003,84,2025200000000000066,3017156000011,2,3017156000082,81,'C','Cukup terampil terutama dalam Pembangunan orde baru',''),(2025200000000000621,'WFRpeFVlRXcyTU9kSDM2VEVmdUpidz09OmJUUmtjalJ6TkdoaU1YTTBaREJ1T1E9PQ',2025,2,11,2025200000000000003,84,2025200000000000066,3017156000011,2,3017156000083,79,'C','Cukup terampil terutama dalam Pembangunan orde baru',''),(2025200000000000622,'WFRpeFVlRXcyTU9kSDM2VEVmdUpidz09OmJUUmtjalJ6TkdoaU1YTTBaREJ1T1E9PQ',2025,2,11,2025200000000000003,84,2025200000000000066,3017156000011,2,3017156000084,78,'C','Cukup terampil terutama dalam Pembangunan orde baru',''),(2025200000000000623,'WFRpeFVlRXcyTU9kSDM2VEVmdUpidz09OmJUUmtjalJ6TkdoaU1YTTBaREJ1T1E9PQ',2025,2,11,2025200000000000003,84,2025200000000000066,3017156000011,2,3017156000085,78,'C','Cukup terampil terutama dalam Pembangunan orde baru',''),(2025200000000000624,'WFRpeFVlRXcyTU9kSDM2VEVmdUpidz09OmJUUmtjalJ6TkdoaU1YTTBaREJ1T1E9PQ',2025,2,11,2025200000000000003,84,2025200000000000066,3017156000011,2,3017156000086,79,'C','Cukup terampil terutama dalam Pembangunan orde baru',''),(2025200000000000625,'WFRpeFVlRXcyTU9kSDM2VEVmdUpidz09OmJUUmtjalJ6TkdoaU1YTTBaREJ1T1E9PQ',2025,2,11,2025200000000000003,84,2025200000000000066,3017156000011,2,3017156000087,78,'C','Cukup terampil terutama dalam Pembangunan orde baru',''),(2025200000000000626,'WFRpeFVlRXcyTU9kSDM2VEVmdUpidz09OmJUUmtjalJ6TkdoaU1YTTBaREJ1T1E9PQ',2025,2,11,2025200000000000003,84,2025200000000000066,3017156000011,2,3017156000088,79,'C','Cukup terampil terutama dalam Pembangunan orde baru',''),(2025200000000000627,'WFRpeFVlRXcyTU9kSDM2VEVmdUpidz09OmJUUmtjalJ6TkdoaU1YTTBaREJ1T1E9PQ',2025,2,11,2025200000000000003,84,2025200000000000066,3017156000011,2,3017156000089,80,'C','Cukup terampil terutama dalam Pembangunan orde baru',''),(2025200000000000628,'WFRpeFVlRXcyTU9kSDM2VEVmdUpidz09OmJUUmtjalJ6TkdoaU1YTTBaREJ1T1E9PQ',2025,2,11,2025200000000000003,84,2025200000000000066,3017156000011,2,3017156000092,82,'C','Cukup terampil terutama dalam Pembangunan orde baru',''),(2025200000000000629,'WFRpeFVlRXcyTU9kSDM2VEVmdUpidz09OmJUUmtjalJ6TkdoaU1YTTBaREJ1T1E9PQ',2025,2,11,2025200000000000003,84,2025200000000000066,3017156000011,2,3017156000094,79,'C','Cukup terampil terutama dalam Pembangunan orde baru',''),(2025200000000000630,'WFRpeFVlRXcyTU9kSDM2VEVmdUpidz09OmJUUmtjalJ6TkdoaU1YTTBaREJ1T1E9PQ',2025,2,11,2025200000000000003,84,2025200000000000066,3017156000011,2,3017156000153,78,'C','Cukup terampil terutama dalam Pembangunan orde baru',''),(2025200000000000631,'WFRpeFVlRXcyTU9kSDM2VEVmdUpidz09OmJUUmtjalJ6TkdoaU1YTTBaREJ1T1E9PQ',2025,2,11,2025200000000000003,84,2025200000000000066,3017156000011,2,3017156000097,80,'C','Cukup terampil terutama dalam Pembangunan orde baru',''),(2025200000000000632,'WFRpeFVlRXcyTU9kSDM2VEVmdUpidz09OmJUUmtjalJ6TkdoaU1YTTBaREJ1T1E9PQ',2025,2,11,2025200000000000003,84,2025200000000000066,3017156000011,2,3017156000098,78,'C','Cukup terampil terutama dalam Pembangunan orde baru',''),(2025200000000000633,'WFRpeFVlRXcyTU9kSDM2VEVmdUpidz09OmJUUmtjalJ6TkdoaU1YTTBaREJ1T1E9PQ',2025,2,11,2025200000000000003,84,2025200000000000066,3017156000011,2,3017156000099,78,'C','Cukup terampil terutama dalam Pembangunan orde baru',''),(2025200000000000634,'WFRpeFVlRXcyTU9kSDM2VEVmdUpidz09OmJUUmtjalJ6TkdoaU1YTTBaREJ1T1E9PQ',2025,2,11,2025200000000000003,84,2025200000000000066,3017156000011,2,3017156000101,79,'C','Cukup terampil terutama dalam Pembangunan orde baru',''),(2025200000000000635,'WFRpeFVlRXcyTU9kSDM2VEVmdUpidz09OmJUUmtjalJ6TkdoaU1YTTBaREJ1T1E9PQ',2025,2,11,2025200000000000003,84,2025200000000000066,3017156000011,1,3017156000080,78,'C','Memiliki kemampuan cukup baik terutama kemampuan dalam Pembangunan masa orde baru',NULL),(2025200000000000636,'WFRpeFVlRXcyTU9kSDM2VEVmdUpidz09OmJUUmtjalJ6TkdoaU1YTTBaREJ1T1E9PQ',2025,2,11,2025200000000000003,84,2025200000000000066,3017156000011,1,3017156000081,78,'C','Memiliki kemampuan cukup baik terutama kemampuan dalam Pembangunan masa orde baru',NULL),(2025200000000000637,'WFRpeFVlRXcyTU9kSDM2VEVmdUpidz09OmJUUmtjalJ6TkdoaU1YTTBaREJ1T1E9PQ',2025,2,11,2025200000000000003,84,2025200000000000066,3017156000011,1,3017156000130,80,'C','Memiliki kemampuan cukup baik terutama kemampuan dalam Pembangunan masa orde baru',NULL),(2025200000000000638,'WFRpeFVlRXcyTU9kSDM2VEVmdUpidz09OmJUUmtjalJ6TkdoaU1YTTBaREJ1T1E9PQ',2025,2,11,2025200000000000003,84,2025200000000000066,3017156000011,1,3017156000082,81,'C','Memiliki kemampuan cukup baik terutama kemampuan dalam Pembangunan masa orde baru',NULL),(2025200000000000639,'WFRpeFVlRXcyTU9kSDM2VEVmdUpidz09OmJUUmtjalJ6TkdoaU1YTTBaREJ1T1E9PQ',2025,2,11,2025200000000000003,84,2025200000000000066,3017156000011,1,3017156000083,79,'C','Memiliki kemampuan cukup baik terutama kemampuan dalam Pembangunan masa orde baru',NULL),(2025200000000000640,'WFRpeFVlRXcyTU9kSDM2VEVmdUpidz09OmJUUmtjalJ6TkdoaU1YTTBaREJ1T1E9PQ',2025,2,11,2025200000000000003,84,2025200000000000066,3017156000011,1,3017156000084,79,'C','Memiliki kemampuan cukup baik terutama kemampuan dalam Pembangunan masa orde baru',NULL),(2025200000000000641,'WFRpeFVlRXcyTU9kSDM2VEVmdUpidz09OmJUUmtjalJ6TkdoaU1YTTBaREJ1T1E9PQ',2025,2,11,2025200000000000003,84,2025200000000000066,3017156000011,1,3017156000085,79,'C','Memiliki kemampuan cukup baik terutama kemampuan dalam Pembangunan masa orde baru',NULL),(2025200000000000642,'WFRpeFVlRXcyTU9kSDM2VEVmdUpidz09OmJUUmtjalJ6TkdoaU1YTTBaREJ1T1E9PQ',2025,2,11,2025200000000000003,84,2025200000000000066,3017156000011,1,3017156000086,79,'C','Memiliki kemampuan cukup baik terutama kemampuan dalam Pembangunan masa orde baru',NULL),(2025200000000000643,'WFRpeFVlRXcyTU9kSDM2VEVmdUpidz09OmJUUmtjalJ6TkdoaU1YTTBaREJ1T1E9PQ',2025,2,11,2025200000000000003,84,2025200000000000066,3017156000011,1,3017156000087,79,'C','Memiliki kemampuan cukup baik terutama kemampuan dalam Pembangunan masa orde baru',NULL),(2025200000000000644,'WFRpeFVlRXcyTU9kSDM2VEVmdUpidz09OmJUUmtjalJ6TkdoaU1YTTBaREJ1T1E9PQ',2025,2,11,2025200000000000003,84,2025200000000000066,3017156000011,1,3017156000088,78,'C','Memiliki kemampuan cukup baik terutama kemampuan dalam Pembangunan masa orde baru',NULL),(2025200000000000645,'WFRpeFVlRXcyTU9kSDM2VEVmdUpidz09OmJUUmtjalJ6TkdoaU1YTTBaREJ1T1E9PQ',2025,2,11,2025200000000000003,84,2025200000000000066,3017156000011,1,3017156000089,80,'C','Memiliki kemampuan cukup baik terutama kemampuan dalam Pembangunan masa orde baru',NULL),(2025200000000000646,'WFRpeFVlRXcyTU9kSDM2VEVmdUpidz09OmJUUmtjalJ6TkdoaU1YTTBaREJ1T1E9PQ',2025,2,11,2025200000000000003,84,2025200000000000066,3017156000011,1,3017156000092,81,'C','Memiliki kemampuan cukup baik terutama kemampuan dalam Pembangunan masa orde baru',NULL),(2025200000000000647,'WFRpeFVlRXcyTU9kSDM2VEVmdUpidz09OmJUUmtjalJ6TkdoaU1YTTBaREJ1T1E9PQ',2025,2,11,2025200000000000003,84,2025200000000000066,3017156000011,1,3017156000094,79,'C','Memiliki kemampuan cukup baik terutama kemampuan dalam Pembangunan masa orde baru',NULL),(2025200000000000648,'WFRpeFVlRXcyTU9kSDM2VEVmdUpidz09OmJUUmtjalJ6TkdoaU1YTTBaREJ1T1E9PQ',2025,2,11,2025200000000000003,84,2025200000000000066,3017156000011,1,3017156000153,79,'C','Memiliki kemampuan cukup baik terutama kemampuan dalam Pembangunan masa orde baru',NULL),(2025200000000000649,'WFRpeFVlRXcyTU9kSDM2VEVmdUpidz09OmJUUmtjalJ6TkdoaU1YTTBaREJ1T1E9PQ',2025,2,11,2025200000000000003,84,2025200000000000066,3017156000011,1,3017156000097,81,'C','Memiliki kemampuan cukup baik terutama kemampuan dalam Pembangunan masa orde baru',NULL),(2025200000000000650,'WFRpeFVlRXcyTU9kSDM2VEVmdUpidz09OmJUUmtjalJ6TkdoaU1YTTBaREJ1T1E9PQ',2025,2,11,2025200000000000003,84,2025200000000000066,3017156000011,1,3017156000098,79,'C','Memiliki kemampuan cukup baik terutama kemampuan dalam Pembangunan masa orde baru',NULL),(2025200000000000651,'WFRpeFVlRXcyTU9kSDM2VEVmdUpidz09OmJUUmtjalJ6TkdoaU1YTTBaREJ1T1E9PQ',2025,2,11,2025200000000000003,84,2025200000000000066,3017156000011,1,3017156000099,78,'C','Memiliki kemampuan cukup baik terutama kemampuan dalam Pembangunan masa orde baru',NULL),(2025200000000000652,'WFRpeFVlRXcyTU9kSDM2VEVmdUpidz09OmJUUmtjalJ6TkdoaU1YTTBaREJ1T1E9PQ',2025,2,11,2025200000000000003,84,2025200000000000066,3017156000011,1,3017156000101,78,'C','Memiliki kemampuan cukup baik terutama kemampuan dalam Pembangunan masa orde baru',NULL),(2025200000000000653,'WFRpeFVlRXcyTU9kSDM2VEVmdUpidz09OmJUUmtjalJ6TkdoaU1YTTBaREJ1T1E9PQ',2025,2,11,2025200000000000003,3017156000090,2025200000000000055,3017156000012,1,3017156000080,89,'B','Memiliki kemampuan baik terutama kemampuan dalam مبتدا',NULL),(2025200000000000654,'WFRpeFVlRXcyTU9kSDM2VEVmdUpidz09OmJUUmtjalJ6TkdoaU1YTTBaREJ1T1E9PQ',2025,2,11,2025200000000000003,3017156000090,2025200000000000055,3017156000012,1,3017156000081,86,'B','Memiliki kemampuan baik terutama kemampuan dalam مبتدا',NULL),(2025200000000000655,'WFRpeFVlRXcyTU9kSDM2VEVmdUpidz09OmJUUmtjalJ6TkdoaU1YTTBaREJ1T1E9PQ',2025,2,11,2025200000000000003,3017156000090,2025200000000000055,3017156000012,1,3017156000130,85,'B','Memiliki kemampuan baik terutama kemampuan dalam مبتدا',NULL),(2025200000000000656,'WFRpeFVlRXcyTU9kSDM2VEVmdUpidz09OmJUUmtjalJ6TkdoaU1YTTBaREJ1T1E9PQ',2025,2,11,2025200000000000003,3017156000090,2025200000000000055,3017156000012,1,3017156000082,85,'B','Memiliki kemampuan baik terutama kemampuan dalam مبتدا',NULL),(2025200000000000657,'WFRpeFVlRXcyTU9kSDM2VEVmdUpidz09OmJUUmtjalJ6TkdoaU1YTTBaREJ1T1E9PQ',2025,2,11,2025200000000000003,3017156000090,2025200000000000055,3017156000012,1,3017156000083,85,'B','Memiliki kemampuan baik terutama kemampuan dalam مبتدا',NULL),(2025200000000000658,'WFRpeFVlRXcyTU9kSDM2VEVmdUpidz09OmJUUmtjalJ6TkdoaU1YTTBaREJ1T1E9PQ',2025,2,11,2025200000000000003,3017156000090,2025200000000000055,3017156000012,1,3017156000084,87,'B','Memiliki kemampuan baik terutama kemampuan dalam مبتدا',NULL),(2025200000000000659,'WFRpeFVlRXcyTU9kSDM2VEVmdUpidz09OmJUUmtjalJ6TkdoaU1YTTBaREJ1T1E9PQ',2025,2,11,2025200000000000003,3017156000090,2025200000000000055,3017156000012,1,3017156000085,83,'C','Memiliki kemampuan cukup baik terutama kemampuan dalam مبتدا',NULL),(2025200000000000660,'WFRpeFVlRXcyTU9kSDM2VEVmdUpidz09OmJUUmtjalJ6TkdoaU1YTTBaREJ1T1E9PQ',2025,2,11,2025200000000000003,3017156000090,2025200000000000055,3017156000012,1,3017156000086,87,'B','Memiliki kemampuan baik terutama kemampuan dalam مبتدا',NULL),(2025200000000000661,'WFRpeFVlRXcyTU9kSDM2VEVmdUpidz09OmJUUmtjalJ6TkdoaU1YTTBaREJ1T1E9PQ',2025,2,11,2025200000000000003,3017156000090,2025200000000000055,3017156000012,1,3017156000087,84,'C','Memiliki kemampuan cukup baik terutama kemampuan dalam مبتدا',NULL),(2025200000000000662,'WFRpeFVlRXcyTU9kSDM2VEVmdUpidz09OmJUUmtjalJ6TkdoaU1YTTBaREJ1T1E9PQ',2025,2,11,2025200000000000003,3017156000090,2025200000000000055,3017156000012,1,3017156000088,84,'C','Memiliki kemampuan cukup baik terutama kemampuan dalam مبتدا',NULL),(2025200000000000663,'WFRpeFVlRXcyTU9kSDM2VEVmdUpidz09OmJUUmtjalJ6TkdoaU1YTTBaREJ1T1E9PQ',2025,2,11,2025200000000000003,3017156000090,2025200000000000055,3017156000012,1,3017156000089,86,'B','Memiliki kemampuan baik terutama kemampuan dalam مبتدا',NULL),(2025200000000000664,'WFRpeFVlRXcyTU9kSDM2VEVmdUpidz09OmJUUmtjalJ6TkdoaU1YTTBaREJ1T1E9PQ',2025,2,11,2025200000000000003,3017156000090,2025200000000000055,3017156000012,1,3017156000092,87,'B','Memiliki kemampuan baik terutama kemampuan dalam مبتدا',NULL),(2025200000000000665,'WFRpeFVlRXcyTU9kSDM2VEVmdUpidz09OmJUUmtjalJ6TkdoaU1YTTBaREJ1T1E9PQ',2025,2,11,2025200000000000003,3017156000090,2025200000000000055,3017156000012,1,3017156000094,85,'B','Memiliki kemampuan baik terutama kemampuan dalam مبتدا',NULL),(2025200000000000666,'WFRpeFVlRXcyTU9kSDM2VEVmdUpidz09OmJUUmtjalJ6TkdoaU1YTTBaREJ1T1E9PQ',2025,2,11,2025200000000000003,3017156000090,2025200000000000055,3017156000012,1,3017156000153,84,'C','Memiliki kemampuan cukup baik terutama kemampuan dalam مبتدا',NULL),(2025200000000000667,'WFRpeFVlRXcyTU9kSDM2VEVmdUpidz09OmJUUmtjalJ6TkdoaU1YTTBaREJ1T1E9PQ',2025,2,11,2025200000000000003,3017156000090,2025200000000000055,3017156000012,1,3017156000097,91,'B','Memiliki kemampuan baik terutama kemampuan dalam مبتدا',NULL),(2025200000000000668,'WFRpeFVlRXcyTU9kSDM2VEVmdUpidz09OmJUUmtjalJ6TkdoaU1YTTBaREJ1T1E9PQ',2025,2,11,2025200000000000003,3017156000090,2025200000000000055,3017156000012,1,3017156000098,83,'C','Memiliki kemampuan cukup baik terutama kemampuan dalam مبتدا',NULL),(2025200000000000669,'WFRpeFVlRXcyTU9kSDM2VEVmdUpidz09OmJUUmtjalJ6TkdoaU1YTTBaREJ1T1E9PQ',2025,2,11,2025200000000000003,3017156000090,2025200000000000055,3017156000012,1,3017156000099,83,'C','Memiliki kemampuan cukup baik terutama kemampuan dalam مبتدا',NULL),(2025200000000000670,'WFRpeFVlRXcyTU9kSDM2VEVmdUpidz09OmJUUmtjalJ6TkdoaU1YTTBaREJ1T1E9PQ',2025,2,11,2025200000000000003,3017156000090,2025200000000000055,3017156000012,1,3017156000101,84,'C','Memiliki kemampuan cukup baik terutama kemampuan dalam مبتدا',NULL),(2025200000000000671,'WFRpeFVlRXcyTU9kSDM2VEVmdUpidz09OmJUUmtjalJ6TkdoaU1YTTBaREJ1T1E9PQ',2025,2,11,2025200000000000003,3017156000090,2025200000000000055,3017156000012,2,3017156000080,89,'B','Terampil terutama dalam Contoh \nمبتدا',''),(2025200000000000672,'WFRpeFVlRXcyTU9kSDM2VEVmdUpidz09OmJUUmtjalJ6TkdoaU1YTTBaREJ1T1E9PQ',2025,2,11,2025200000000000003,3017156000090,2025200000000000055,3017156000012,2,3017156000081,86,'B','Terampil terutama dalam Contoh \nمبتدا',''),(2025200000000000673,'WFRpeFVlRXcyTU9kSDM2VEVmdUpidz09OmJUUmtjalJ6TkdoaU1YTTBaREJ1T1E9PQ',2025,2,11,2025200000000000003,3017156000090,2025200000000000055,3017156000012,2,3017156000130,86,'B','Terampil terutama dalam Contoh \nمبتدا',''),(2025200000000000674,'WFRpeFVlRXcyTU9kSDM2VEVmdUpidz09OmJUUmtjalJ6TkdoaU1YTTBaREJ1T1E9PQ',2025,2,11,2025200000000000003,3017156000090,2025200000000000055,3017156000012,2,3017156000082,85,'B','Terampil terutama dalam Contoh \nمبتدا',''),(2025200000000000675,'WFRpeFVlRXcyTU9kSDM2VEVmdUpidz09OmJUUmtjalJ6TkdoaU1YTTBaREJ1T1E9PQ',2025,2,11,2025200000000000003,3017156000090,2025200000000000055,3017156000012,2,3017156000083,86,'B','Terampil terutama dalam Contoh \nمبتدا',''),(2025200000000000676,'WFRpeFVlRXcyTU9kSDM2VEVmdUpidz09OmJUUmtjalJ6TkdoaU1YTTBaREJ1T1E9PQ',2025,2,11,2025200000000000003,3017156000090,2025200000000000055,3017156000012,2,3017156000084,87,'B','Terampil terutama dalam Contoh \nمبتدا',''),(2025200000000000677,'WFRpeFVlRXcyTU9kSDM2VEVmdUpidz09OmJUUmtjalJ6TkdoaU1YTTBaREJ1T1E9PQ',2025,2,11,2025200000000000003,3017156000090,2025200000000000055,3017156000012,2,3017156000085,83,'C','Cukup terampil terutama dalam Contoh \nمبتدا',''),(2025200000000000678,'WFRpeFVlRXcyTU9kSDM2VEVmdUpidz09OmJUUmtjalJ6TkdoaU1YTTBaREJ1T1E9PQ',2025,2,11,2025200000000000003,3017156000090,2025200000000000055,3017156000012,2,3017156000086,85,'B','Terampil terutama dalam Contoh \nمبتدا',''),(2025200000000000679,'WFRpeFVlRXcyTU9kSDM2VEVmdUpidz09OmJUUmtjalJ6TkdoaU1YTTBaREJ1T1E9PQ',2025,2,11,2025200000000000003,3017156000090,2025200000000000055,3017156000012,2,3017156000087,83,'C','Cukup terampil terutama dalam Contoh \nمبتدا',''),(2025200000000000680,'WFRpeFVlRXcyTU9kSDM2VEVmdUpidz09OmJUUmtjalJ6TkdoaU1YTTBaREJ1T1E9PQ',2025,2,11,2025200000000000003,3017156000090,2025200000000000055,3017156000012,2,3017156000088,83,'C','Cukup terampil terutama dalam Contoh \nمبتدا',''),(2025200000000000681,'WFRpeFVlRXcyTU9kSDM2VEVmdUpidz09OmJUUmtjalJ6TkdoaU1YTTBaREJ1T1E9PQ',2025,2,11,2025200000000000003,3017156000090,2025200000000000055,3017156000012,2,3017156000089,85,'B','Terampil terutama dalam Contoh \nمبتدا',''),(2025200000000000682,'WFRpeFVlRXcyTU9kSDM2VEVmdUpidz09OmJUUmtjalJ6TkdoaU1YTTBaREJ1T1E9PQ',2025,2,11,2025200000000000003,3017156000090,2025200000000000055,3017156000012,2,3017156000092,86,'B','Terampil terutama dalam Contoh \nمبتدا',''),(2025200000000000683,'WFRpeFVlRXcyTU9kSDM2VEVmdUpidz09OmJUUmtjalJ6TkdoaU1YTTBaREJ1T1E9PQ',2025,2,11,2025200000000000003,3017156000090,2025200000000000055,3017156000012,2,3017156000094,83,'C','Cukup terampil terutama dalam Contoh \nمبتدا',''),(2025200000000000684,'WFRpeFVlRXcyTU9kSDM2VEVmdUpidz09OmJUUmtjalJ6TkdoaU1YTTBaREJ1T1E9PQ',2025,2,11,2025200000000000003,3017156000090,2025200000000000055,3017156000012,2,3017156000153,81,'C','Cukup terampil terutama dalam Contoh \nمبتدا',''),(2025200000000000685,'WFRpeFVlRXcyTU9kSDM2VEVmdUpidz09OmJUUmtjalJ6TkdoaU1YTTBaREJ1T1E9PQ',2025,2,11,2025200000000000003,3017156000090,2025200000000000055,3017156000012,2,3017156000097,89,'B','Terampil terutama dalam Contoh \nمبتدا',''),(2025200000000000686,'WFRpeFVlRXcyTU9kSDM2VEVmdUpidz09OmJUUmtjalJ6TkdoaU1YTTBaREJ1T1E9PQ',2025,2,11,2025200000000000003,3017156000090,2025200000000000055,3017156000012,2,3017156000098,83,'C','Cukup terampil terutama dalam Contoh \nمبتدا',''),(2025200000000000687,'WFRpeFVlRXcyTU9kSDM2VEVmdUpidz09OmJUUmtjalJ6TkdoaU1YTTBaREJ1T1E9PQ',2025,2,11,2025200000000000003,3017156000090,2025200000000000055,3017156000012,2,3017156000099,83,'C','Cukup terampil terutama dalam Contoh \nمبتدا',''),(2025200000000000688,'WFRpeFVlRXcyTU9kSDM2VEVmdUpidz09OmJUUmtjalJ6TkdoaU1YTTBaREJ1T1E9PQ',2025,2,11,2025200000000000003,3017156000090,2025200000000000055,3017156000012,2,3017156000101,84,'C','Cukup terampil terutama dalam Contoh \nمبتدا',''),(2025200000000000689,'WFRpeFVlRXcyTU9kSDM2VEVmdUpidz09OmJUUmtjalJ6TkdoaU1YTTBaREJ1T1E9PQ',2025,2,11,2025200000000000003,85,2025200000000000061,3017156000014,1,3017156000080,88,'B','Memiliki kemampuan baik terutama kemampuan dalam Mengidentifikasi dan memahami berbagai unsur pendukung dalam tari',NULL),(2025200000000000690,'WFRpeFVlRXcyTU9kSDM2VEVmdUpidz09OmJUUmtjalJ6TkdoaU1YTTBaREJ1T1E9PQ',2025,2,11,2025200000000000003,85,2025200000000000061,3017156000014,1,3017156000081,83,'C','Memiliki kemampuan cukup baik terutama kemampuan dalam Mengidentifikasi dan memahami berbagai unsur pendukung dalam tari',NULL),(2025200000000000691,'WFRpeFVlRXcyTU9kSDM2VEVmdUpidz09OmJUUmtjalJ6TkdoaU1YTTBaREJ1T1E9PQ',2025,2,11,2025200000000000003,85,2025200000000000061,3017156000014,1,3017156000130,81,'C','Memiliki kemampuan cukup baik terutama kemampuan dalam Mengidentifikasi dan memahami berbagai unsur pendukung dalam tari',NULL),(2025200000000000692,'WFRpeFVlRXcyTU9kSDM2VEVmdUpidz09OmJUUmtjalJ6TkdoaU1YTTBaREJ1T1E9PQ',2025,2,11,2025200000000000003,85,2025200000000000061,3017156000014,1,3017156000082,80,'C','Memiliki kemampuan cukup baik terutama kemampuan dalam Mengidentifikasi dan memahami berbagai unsur pendukung dalam tari',NULL),(2025200000000000693,'WFRpeFVlRXcyTU9kSDM2VEVmdUpidz09OmJUUmtjalJ6TkdoaU1YTTBaREJ1T1E9PQ',2025,2,11,2025200000000000003,85,2025200000000000061,3017156000014,1,3017156000083,83,'C','Memiliki kemampuan cukup baik terutama kemampuan dalam Mengidentifikasi dan memahami berbagai unsur pendukung dalam tari',NULL),(2025200000000000694,'WFRpeFVlRXcyTU9kSDM2VEVmdUpidz09OmJUUmtjalJ6TkdoaU1YTTBaREJ1T1E9PQ',2025,2,11,2025200000000000003,85,2025200000000000061,3017156000014,1,3017156000084,85,'B','Memiliki kemampuan baik terutama kemampuan dalam Mengidentifikasi dan memahami berbagai unsur pendukung dalam tari',NULL),(2025200000000000695,'WFRpeFVlRXcyTU9kSDM2VEVmdUpidz09OmJUUmtjalJ6TkdoaU1YTTBaREJ1T1E9PQ',2025,2,11,2025200000000000003,85,2025200000000000061,3017156000014,1,3017156000085,80,'C','Memiliki kemampuan cukup baik terutama kemampuan dalam Mengidentifikasi dan memahami berbagai unsur pendukung dalam tari',NULL),(2025200000000000696,'WFRpeFVlRXcyTU9kSDM2VEVmdUpidz09OmJUUmtjalJ6TkdoaU1YTTBaREJ1T1E9PQ',2025,2,11,2025200000000000003,85,2025200000000000061,3017156000014,1,3017156000086,86,'B','Memiliki kemampuan baik terutama kemampuan dalam Mengidentifikasi dan memahami berbagai unsur pendukung dalam tari',NULL),(2025200000000000697,'WFRpeFVlRXcyTU9kSDM2VEVmdUpidz09OmJUUmtjalJ6TkdoaU1YTTBaREJ1T1E9PQ',2025,2,11,2025200000000000003,85,2025200000000000061,3017156000014,1,3017156000087,93,'A','Memiliki kemampuan sangat baik terutama kemampuan dalam Mengidentifikasi dan memahami berbagai unsur pendukung dalam tari',NULL),(2025200000000000698,'WFRpeFVlRXcyTU9kSDM2VEVmdUpidz09OmJUUmtjalJ6TkdoaU1YTTBaREJ1T1E9PQ',2025,2,11,2025200000000000003,85,2025200000000000061,3017156000014,1,3017156000088,95,'A','Memiliki kemampuan sangat baik terutama kemampuan dalam Mengidentifikasi dan memahami berbagai unsur pendukung dalam tari',NULL),(2025200000000000699,'WFRpeFVlRXcyTU9kSDM2VEVmdUpidz09OmJUUmtjalJ6TkdoaU1YTTBaREJ1T1E9PQ',2025,2,11,2025200000000000003,85,2025200000000000061,3017156000014,1,3017156000089,81,'C','Memiliki kemampuan cukup baik terutama kemampuan dalam Mengidentifikasi dan memahami berbagai unsur pendukung dalam tari',NULL),(2025200000000000700,'WFRpeFVlRXcyTU9kSDM2VEVmdUpidz09OmJUUmtjalJ6TkdoaU1YTTBaREJ1T1E9PQ',2025,2,11,2025200000000000003,85,2025200000000000061,3017156000014,1,3017156000092,87,'B','Memiliki kemampuan baik terutama kemampuan dalam Mengidentifikasi dan memahami berbagai unsur pendukung dalam tari',NULL),(2025200000000000701,'WFRpeFVlRXcyTU9kSDM2VEVmdUpidz09OmJUUmtjalJ6TkdoaU1YTTBaREJ1T1E9PQ',2025,2,11,2025200000000000003,85,2025200000000000061,3017156000014,1,3017156000094,80,'C','Memiliki kemampuan cukup baik terutama kemampuan dalam Mengidentifikasi dan memahami berbagai unsur pendukung dalam tari',NULL),(2025200000000000702,'WFRpeFVlRXcyTU9kSDM2VEVmdUpidz09OmJUUmtjalJ6TkdoaU1YTTBaREJ1T1E9PQ',2025,2,11,2025200000000000003,85,2025200000000000061,3017156000014,1,3017156000153,80,'C','Memiliki kemampuan cukup baik terutama kemampuan dalam Mengidentifikasi dan memahami berbagai unsur pendukung dalam tari',NULL),(2025200000000000703,'WFRpeFVlRXcyTU9kSDM2VEVmdUpidz09OmJUUmtjalJ6TkdoaU1YTTBaREJ1T1E9PQ',2025,2,11,2025200000000000003,85,2025200000000000061,3017156000014,1,3017156000097,91,'B','Memiliki kemampuan baik terutama kemampuan dalam Mengidentifikasi dan memahami berbagai unsur pendukung dalam tari',NULL),(2025200000000000704,'WFRpeFVlRXcyTU9kSDM2VEVmdUpidz09OmJUUmtjalJ6TkdoaU1YTTBaREJ1T1E9PQ',2025,2,11,2025200000000000003,85,2025200000000000061,3017156000014,1,3017156000098,95,'A','Memiliki kemampuan sangat baik terutama kemampuan dalam Mengidentifikasi dan memahami berbagai unsur pendukung dalam tari',NULL),(2025200000000000705,'WFRpeFVlRXcyTU9kSDM2VEVmdUpidz09OmJUUmtjalJ6TkdoaU1YTTBaREJ1T1E9PQ',2025,2,11,2025200000000000003,85,2025200000000000061,3017156000014,1,3017156000099,80,'C','Memiliki kemampuan cukup baik terutama kemampuan dalam Mengidentifikasi dan memahami berbagai unsur pendukung dalam tari',NULL),(2025200000000000706,'WFRpeFVlRXcyTU9kSDM2VEVmdUpidz09OmJUUmtjalJ6TkdoaU1YTTBaREJ1T1E9PQ',2025,2,11,2025200000000000003,85,2025200000000000061,3017156000014,1,3017156000101,90,'B','Memiliki kemampuan baik terutama kemampuan dalam Mengidentifikasi dan memahami berbagai unsur pendukung dalam tari',NULL),(2025200000000000707,'WFRpeFVlRXcyTU9kSDM2VEVmdUpidz09OmJUUmtjalJ6TkdoaU1YTTBaREJ1T1E9PQ',2025,2,11,2025200000000000003,85,2025200000000000061,3017156000014,2,3017156000080,88,'B','Terampil terutama dalam Mengembangkan dan menyajikan sebuah pertunjukan dari kreasi',''),(2025200000000000708,'WFRpeFVlRXcyTU9kSDM2VEVmdUpidz09OmJUUmtjalJ6TkdoaU1YTTBaREJ1T1E9PQ',2025,2,11,2025200000000000003,85,2025200000000000061,3017156000014,2,3017156000081,83,'C','Cukup terampil terutama dalam Mengembangkan dan menyajikan sebuah pertunjukan dari kreasi',''),(2025200000000000709,'WFRpeFVlRXcyTU9kSDM2VEVmdUpidz09OmJUUmtjalJ6TkdoaU1YTTBaREJ1T1E9PQ',2025,2,11,2025200000000000003,85,2025200000000000061,3017156000014,2,3017156000130,81,'C','Cukup terampil terutama dalam Mengembangkan dan menyajikan sebuah pertunjukan dari kreasi',''),(2025200000000000710,'WFRpeFVlRXcyTU9kSDM2VEVmdUpidz09OmJUUmtjalJ6TkdoaU1YTTBaREJ1T1E9PQ',2025,2,11,2025200000000000003,85,2025200000000000061,3017156000014,2,3017156000082,80,'C','Cukup terampil terutama dalam Mengembangkan dan menyajikan sebuah pertunjukan dari kreasi',''),(2025200000000000711,'WFRpeFVlRXcyTU9kSDM2VEVmdUpidz09OmJUUmtjalJ6TkdoaU1YTTBaREJ1T1E9PQ',2025,2,11,2025200000000000003,85,2025200000000000061,3017156000014,2,3017156000083,83,'C','Cukup terampil terutama dalam Mengembangkan dan menyajikan sebuah pertunjukan dari kreasi',''),(2025200000000000712,'WFRpeFVlRXcyTU9kSDM2VEVmdUpidz09OmJUUmtjalJ6TkdoaU1YTTBaREJ1T1E9PQ',2025,2,11,2025200000000000003,85,2025200000000000061,3017156000014,2,3017156000084,85,'B','Terampil terutama dalam Mengembangkan dan menyajikan sebuah pertunjukan dari kreasi',''),(2025200000000000713,'WFRpeFVlRXcyTU9kSDM2VEVmdUpidz09OmJUUmtjalJ6TkdoaU1YTTBaREJ1T1E9PQ',2025,2,11,2025200000000000003,85,2025200000000000061,3017156000014,2,3017156000085,80,'C','Cukup terampil terutama dalam Mengembangkan dan menyajikan sebuah pertunjukan dari kreasi',''),(2025200000000000714,'WFRpeFVlRXcyTU9kSDM2VEVmdUpidz09OmJUUmtjalJ6TkdoaU1YTTBaREJ1T1E9PQ',2025,2,11,2025200000000000003,85,2025200000000000061,3017156000014,2,3017156000086,86,'B','Terampil terutama dalam Mengembangkan dan menyajikan sebuah pertunjukan dari kreasi',''),(2025200000000000715,'WFRpeFVlRXcyTU9kSDM2VEVmdUpidz09OmJUUmtjalJ6TkdoaU1YTTBaREJ1T1E9PQ',2025,2,11,2025200000000000003,85,2025200000000000061,3017156000014,2,3017156000087,93,'A','Sangat terampil terutama dalam Mengembangkan dan menyajikan sebuah pertunjukan dari kreasi',''),(2025200000000000716,'WFRpeFVlRXcyTU9kSDM2VEVmdUpidz09OmJUUmtjalJ6TkdoaU1YTTBaREJ1T1E9PQ',2025,2,11,2025200000000000003,85,2025200000000000061,3017156000014,2,3017156000088,95,'A','Sangat terampil terutama dalam Mengembangkan dan menyajikan sebuah pertunjukan dari kreasi',''),(2025200000000000717,'WFRpeFVlRXcyTU9kSDM2VEVmdUpidz09OmJUUmtjalJ6TkdoaU1YTTBaREJ1T1E9PQ',2025,2,11,2025200000000000003,85,2025200000000000061,3017156000014,2,3017156000089,81,'C','Cukup terampil terutama dalam Mengembangkan dan menyajikan sebuah pertunjukan dari kreasi',''),(2025200000000000718,'WFRpeFVlRXcyTU9kSDM2VEVmdUpidz09OmJUUmtjalJ6TkdoaU1YTTBaREJ1T1E9PQ',2025,2,11,2025200000000000003,85,2025200000000000061,3017156000014,2,3017156000092,87,'B','Terampil terutama dalam Mengembangkan dan menyajikan sebuah pertunjukan dari kreasi',''),(2025200000000000719,'WFRpeFVlRXcyTU9kSDM2VEVmdUpidz09OmJUUmtjalJ6TkdoaU1YTTBaREJ1T1E9PQ',2025,2,11,2025200000000000003,85,2025200000000000061,3017156000014,2,3017156000094,80,'C','Cukup terampil terutama dalam Mengembangkan dan menyajikan sebuah pertunjukan dari kreasi',''),(2025200000000000720,'WFRpeFVlRXcyTU9kSDM2VEVmdUpidz09OmJUUmtjalJ6TkdoaU1YTTBaREJ1T1E9PQ',2025,2,11,2025200000000000003,85,2025200000000000061,3017156000014,2,3017156000153,80,'C','Cukup terampil terutama dalam Mengembangkan dan menyajikan sebuah pertunjukan dari kreasi',''),(2025200000000000721,'WFRpeFVlRXcyTU9kSDM2VEVmdUpidz09OmJUUmtjalJ6TkdoaU1YTTBaREJ1T1E9PQ',2025,2,11,2025200000000000003,85,2025200000000000061,3017156000014,2,3017156000097,91,'B','Terampil terutama dalam Mengembangkan dan menyajikan sebuah pertunjukan dari kreasi',''),(2025200000000000722,'WFRpeFVlRXcyTU9kSDM2VEVmdUpidz09OmJUUmtjalJ6TkdoaU1YTTBaREJ1T1E9PQ',2025,2,11,2025200000000000003,85,2025200000000000061,3017156000014,2,3017156000098,95,'A','Sangat terampil terutama dalam Mengembangkan dan menyajikan sebuah pertunjukan dari kreasi',''),(2025200000000000723,'WFRpeFVlRXcyTU9kSDM2VEVmdUpidz09OmJUUmtjalJ6TkdoaU1YTTBaREJ1T1E9PQ',2025,2,11,2025200000000000003,85,2025200000000000061,3017156000014,2,3017156000099,80,'C','Cukup terampil terutama dalam Mengembangkan dan menyajikan sebuah pertunjukan dari kreasi',''),(2025200000000000724,'WFRpeFVlRXcyTU9kSDM2VEVmdUpidz09OmJUUmtjalJ6TkdoaU1YTTBaREJ1T1E9PQ',2025,2,11,2025200000000000003,85,2025200000000000061,3017156000014,2,3017156000101,90,'B','Terampil terutama dalam Mengembangkan dan menyajikan sebuah pertunjukan dari kreasi',''),(2025200000000000725,'WFRpeFVlRXcyTU9kSDM2VEVmdUpidz09OmJUUmtjalJ6TkdoaU1YTTBaREJ1T1E9PQ',2025,2,11,2025200000000000003,11,2025200000000000057,3017156000015,1,3017156000080,88,'B','Memiliki kemampuan baik terutama kemampuan dalam Teks tanggapan dengan struktur teks tanggapan',NULL),(2025200000000000726,'WFRpeFVlRXcyTU9kSDM2VEVmdUpidz09OmJUUmtjalJ6TkdoaU1YTTBaREJ1T1E9PQ',2025,2,11,2025200000000000003,11,2025200000000000057,3017156000015,1,3017156000081,83,'C','Memiliki kemampuan cukup baik terutama kemampuan dalam Teks tanggapan dengan struktur teks tanggapan',NULL),(2025200000000000727,'WFRpeFVlRXcyTU9kSDM2VEVmdUpidz09OmJUUmtjalJ6TkdoaU1YTTBaREJ1T1E9PQ',2025,2,11,2025200000000000003,11,2025200000000000057,3017156000015,1,3017156000130,81,'C','Memiliki kemampuan cukup baik terutama kemampuan dalam Teks tanggapan dengan struktur teks tanggapan',NULL),(2025200000000000728,'WFRpeFVlRXcyTU9kSDM2VEVmdUpidz09OmJUUmtjalJ6TkdoaU1YTTBaREJ1T1E9PQ',2025,2,11,2025200000000000003,11,2025200000000000057,3017156000015,1,3017156000082,80,'C','Memiliki kemampuan cukup baik terutama kemampuan dalam Teks tanggapan dengan struktur teks tanggapan',NULL),(2025200000000000729,'WFRpeFVlRXcyTU9kSDM2VEVmdUpidz09OmJUUmtjalJ6TkdoaU1YTTBaREJ1T1E9PQ',2025,2,11,2025200000000000003,11,2025200000000000057,3017156000015,1,3017156000083,83,'C','Memiliki kemampuan cukup baik terutama kemampuan dalam Teks tanggapan dengan struktur teks tanggapan',NULL),(2025200000000000730,'WFRpeFVlRXcyTU9kSDM2VEVmdUpidz09OmJUUmtjalJ6TkdoaU1YTTBaREJ1T1E9PQ',2025,2,11,2025200000000000003,11,2025200000000000057,3017156000015,1,3017156000084,85,'B','Memiliki kemampuan baik terutama kemampuan dalam Teks tanggapan dengan struktur teks tanggapan',NULL),(2025200000000000731,'WFRpeFVlRXcyTU9kSDM2VEVmdUpidz09OmJUUmtjalJ6TkdoaU1YTTBaREJ1T1E9PQ',2025,2,11,2025200000000000003,11,2025200000000000057,3017156000015,1,3017156000085,80,'C','Memiliki kemampuan cukup baik terutama kemampuan dalam Teks tanggapan dengan struktur teks tanggapan',NULL),(2025200000000000732,'WFRpeFVlRXcyTU9kSDM2VEVmdUpidz09OmJUUmtjalJ6TkdoaU1YTTBaREJ1T1E9PQ',2025,2,11,2025200000000000003,11,2025200000000000057,3017156000015,1,3017156000086,86,'B','Memiliki kemampuan baik terutama kemampuan dalam Teks tanggapan dengan struktur teks tanggapan',NULL),(2025200000000000733,'WFRpeFVlRXcyTU9kSDM2VEVmdUpidz09OmJUUmtjalJ6TkdoaU1YTTBaREJ1T1E9PQ',2025,2,11,2025200000000000003,11,2025200000000000057,3017156000015,1,3017156000087,93,'A','Memiliki kemampuan sangat baik terutama kemampuan dalam Teks tanggapan dengan struktur teks tanggapan',NULL),(2025200000000000734,'WFRpeFVlRXcyTU9kSDM2VEVmdUpidz09OmJUUmtjalJ6TkdoaU1YTTBaREJ1T1E9PQ',2025,2,11,2025200000000000003,11,2025200000000000057,3017156000015,1,3017156000088,95,'A','Memiliki kemampuan sangat baik terutama kemampuan dalam Teks tanggapan dengan struktur teks tanggapan',NULL),(2025200000000000735,'WFRpeFVlRXcyTU9kSDM2VEVmdUpidz09OmJUUmtjalJ6TkdoaU1YTTBaREJ1T1E9PQ',2025,2,11,2025200000000000003,11,2025200000000000057,3017156000015,1,3017156000089,81,'C','Memiliki kemampuan cukup baik terutama kemampuan dalam Teks tanggapan dengan struktur teks tanggapan',NULL),(2025200000000000736,'WFRpeFVlRXcyTU9kSDM2VEVmdUpidz09OmJUUmtjalJ6TkdoaU1YTTBaREJ1T1E9PQ',2025,2,11,2025200000000000003,11,2025200000000000057,3017156000015,1,3017156000092,87,'B','Memiliki kemampuan baik terutama kemampuan dalam Teks tanggapan dengan struktur teks tanggapan',NULL),(2025200000000000737,'WFRpeFVlRXcyTU9kSDM2VEVmdUpidz09OmJUUmtjalJ6TkdoaU1YTTBaREJ1T1E9PQ',2025,2,11,2025200000000000003,11,2025200000000000057,3017156000015,1,3017156000094,80,'C','Memiliki kemampuan cukup baik terutama kemampuan dalam Teks tanggapan dengan struktur teks tanggapan',NULL),(2025200000000000738,'WFRpeFVlRXcyTU9kSDM2VEVmdUpidz09OmJUUmtjalJ6TkdoaU1YTTBaREJ1T1E9PQ',2025,2,11,2025200000000000003,11,2025200000000000057,3017156000015,1,3017156000153,80,'C','Memiliki kemampuan cukup baik terutama kemampuan dalam Teks tanggapan dengan struktur teks tanggapan',NULL),(2025200000000000739,'WFRpeFVlRXcyTU9kSDM2VEVmdUpidz09OmJUUmtjalJ6TkdoaU1YTTBaREJ1T1E9PQ',2025,2,11,2025200000000000003,11,2025200000000000057,3017156000015,1,3017156000097,91,'B','Memiliki kemampuan baik terutama kemampuan dalam Teks tanggapan dengan struktur teks tanggapan',NULL),(2025200000000000740,'WFRpeFVlRXcyTU9kSDM2VEVmdUpidz09OmJUUmtjalJ6TkdoaU1YTTBaREJ1T1E9PQ',2025,2,11,2025200000000000003,11,2025200000000000057,3017156000015,1,3017156000098,95,'A','Memiliki kemampuan sangat baik terutama kemampuan dalam Teks tanggapan dengan struktur teks tanggapan',NULL),(2025200000000000741,'WFRpeFVlRXcyTU9kSDM2VEVmdUpidz09OmJUUmtjalJ6TkdoaU1YTTBaREJ1T1E9PQ',2025,2,11,2025200000000000003,11,2025200000000000057,3017156000015,1,3017156000099,80,'C','Memiliki kemampuan cukup baik terutama kemampuan dalam Teks tanggapan dengan struktur teks tanggapan',NULL),(2025200000000000742,'WFRpeFVlRXcyTU9kSDM2VEVmdUpidz09OmJUUmtjalJ6TkdoaU1YTTBaREJ1T1E9PQ',2025,2,11,2025200000000000003,11,2025200000000000057,3017156000015,1,3017156000101,90,'B','Memiliki kemampuan baik terutama kemampuan dalam Teks tanggapan dengan struktur teks tanggapan',NULL),(2025200000000000743,'WFRpeFVlRXcyTU9kSDM2VEVmdUpidz09OmJUUmtjalJ6TkdoaU1YTTBaREJ1T1E9PQ',2025,2,11,2025200000000000003,11,2025200000000000057,3017156000015,2,3017156000080,86,'B','Terampil terutama dalam Berdiskusi dengan teman sebaya',''),(2025200000000000744,'WFRpeFVlRXcyTU9kSDM2VEVmdUpidz09OmJUUmtjalJ6TkdoaU1YTTBaREJ1T1E9PQ',2025,2,11,2025200000000000003,11,2025200000000000057,3017156000015,2,3017156000081,82,'C','Cukup terampil terutama dalam Berdiskusi dengan teman sebaya',''),(2025200000000000745,'WFRpeFVlRXcyTU9kSDM2VEVmdUpidz09OmJUUmtjalJ6TkdoaU1YTTBaREJ1T1E9PQ',2025,2,11,2025200000000000003,11,2025200000000000057,3017156000015,2,3017156000130,81,'C','Cukup terampil terutama dalam Berdiskusi dengan teman sebaya',''),(2025200000000000746,'WFRpeFVlRXcyTU9kSDM2VEVmdUpidz09OmJUUmtjalJ6TkdoaU1YTTBaREJ1T1E9PQ',2025,2,11,2025200000000000003,11,2025200000000000057,3017156000015,2,3017156000082,80,'C','Cukup terampil terutama dalam Berdiskusi dengan teman sebaya',''),(2025200000000000747,'WFRpeFVlRXcyTU9kSDM2VEVmdUpidz09OmJUUmtjalJ6TkdoaU1YTTBaREJ1T1E9PQ',2025,2,11,2025200000000000003,11,2025200000000000057,3017156000015,2,3017156000083,82,'C','Cukup terampil terutama dalam Berdiskusi dengan teman sebaya',''),(2025200000000000748,'WFRpeFVlRXcyTU9kSDM2VEVmdUpidz09OmJUUmtjalJ6TkdoaU1YTTBaREJ1T1E9PQ',2025,2,11,2025200000000000003,11,2025200000000000057,3017156000015,2,3017156000084,86,'B','Terampil terutama dalam Membuat teks tanggapan',''),(2025200000000000749,'WFRpeFVlRXcyTU9kSDM2VEVmdUpidz09OmJUUmtjalJ6TkdoaU1YTTBaREJ1T1E9PQ',2025,2,11,2025200000000000003,11,2025200000000000057,3017156000015,2,3017156000085,80,'C','Cukup terampil terutama dalam Membuat teks tanggapan',''),(2025200000000000750,'WFRpeFVlRXcyTU9kSDM2VEVmdUpidz09OmJUUmtjalJ6TkdoaU1YTTBaREJ1T1E9PQ',2025,2,11,2025200000000000003,11,2025200000000000057,3017156000015,2,3017156000086,85,'B','Terampil terutama dalam Berdiskusi dengan teman sebaya',''),(2025200000000000751,'WFRpeFVlRXcyTU9kSDM2VEVmdUpidz09OmJUUmtjalJ6TkdoaU1YTTBaREJ1T1E9PQ',2025,2,11,2025200000000000003,11,2025200000000000057,3017156000015,2,3017156000087,92,'B','Terampil terutama dalam Berdiskusi dengan teman sebaya',''),(2025200000000000752,'WFRpeFVlRXcyTU9kSDM2VEVmdUpidz09OmJUUmtjalJ6TkdoaU1YTTBaREJ1T1E9PQ',2025,2,11,2025200000000000003,11,2025200000000000057,3017156000015,2,3017156000088,93,'A','Sangat terampil terutama dalam Berdiskusi dengan teman sebaya',''),(2025200000000000753,'WFRpeFVlRXcyTU9kSDM2VEVmdUpidz09OmJUUmtjalJ6TkdoaU1YTTBaREJ1T1E9PQ',2025,2,11,2025200000000000003,11,2025200000000000057,3017156000015,2,3017156000089,81,'C','Cukup terampil terutama dalam Berdiskusi dengan teman sebaya',''),(2025200000000000754,'WFRpeFVlRXcyTU9kSDM2VEVmdUpidz09OmJUUmtjalJ6TkdoaU1YTTBaREJ1T1E9PQ',2025,2,11,2025200000000000003,11,2025200000000000057,3017156000015,2,3017156000092,86,'B','Terampil terutama dalam Berdiskusi dengan teman sebaya',''),(2025200000000000755,'WFRpeFVlRXcyTU9kSDM2VEVmdUpidz09OmJUUmtjalJ6TkdoaU1YTTBaREJ1T1E9PQ',2025,2,11,2025200000000000003,11,2025200000000000057,3017156000015,2,3017156000094,80,'C','Cukup terampil terutama dalam Berdiskusi dengan teman sebaya',''),(2025200000000000756,'WFRpeFVlRXcyTU9kSDM2VEVmdUpidz09OmJUUmtjalJ6TkdoaU1YTTBaREJ1T1E9PQ',2025,2,11,2025200000000000003,11,2025200000000000057,3017156000015,2,3017156000153,80,'C','Cukup terampil terutama dalam Berdiskusi dengan teman sebaya',''),(2025200000000000757,'WFRpeFVlRXcyTU9kSDM2VEVmdUpidz09OmJUUmtjalJ6TkdoaU1YTTBaREJ1T1E9PQ',2025,2,11,2025200000000000003,11,2025200000000000057,3017156000015,2,3017156000097,90,'B','Terampil terutama dalam Berdiskusi dengan teman sebaya',''),(2025200000000000758,'WFRpeFVlRXcyTU9kSDM2VEVmdUpidz09OmJUUmtjalJ6TkdoaU1YTTBaREJ1T1E9PQ',2025,2,11,2025200000000000003,11,2025200000000000057,3017156000015,2,3017156000098,94,'A','Sangat terampil terutama dalam Berdiskusi dengan teman sebaya',''),(2025200000000000759,'WFRpeFVlRXcyTU9kSDM2VEVmdUpidz09OmJUUmtjalJ6TkdoaU1YTTBaREJ1T1E9PQ',2025,2,11,2025200000000000003,11,2025200000000000057,3017156000015,2,3017156000099,80,'C','Cukup terampil terutama dalam Berdiskusi dengan teman sebaya',''),(2025200000000000760,'WFRpeFVlRXcyTU9kSDM2VEVmdUpidz09OmJUUmtjalJ6TkdoaU1YTTBaREJ1T1E9PQ',2025,2,11,2025200000000000003,11,2025200000000000057,3017156000015,2,3017156000101,89,'B','Terampil terutama dalam Berdiskusi dengan teman sebaya','');

--
-- Table structure for table `e_riwayatsiswa`
--

CREATE TABLE `e_riwayatsiswa` (
  `riwayat_id` bigint(20) NOT NULL AUTO_INCREMENT,
  `siswa_id` bigint(13) DEFAULT NULL,
  `tahunajaran_id` int(11) DEFAULT NULL,
  `kelas_id` bigint(20) DEFAULT NULL,
  `lembaga_id` varchar(100) DEFAULT NULL,
  `semester_id` int(11) DEFAULT NULL,
  PRIMARY KEY (`riwayat_id`),
  UNIQUE KEY `siswa_id` (`siswa_id`,`tahunajaran_id`,`semester_id`) USING BTREE
) ENGINE=InnoDB AUTO_INCREMENT=2023200000000000130 DEFAULT CHARSET=latin1 COLLATE=latin1_swedish_ci;

--
-- Dumping data for table `e_riwayatsiswa`
--

INSERT INTO `e_riwayatsiswa` VALUES (1,3017156000001,2021,2021100000000000001,'',NULL),(2,3017156000002,2021,2021100000000000001,'',NULL),(3,3017156000003,2021,2021100000000000001,'',NULL),(4,3017156000004,2021,2021100000000000001,'',NULL),(5,3017156000005,2021,2021100000000000001,'',NULL),(6,3017156000006,2021,2021100000000000001,'',NULL),(7,3017156000007,2021,2021100000000000001,'',NULL),(8,3017156000008,2021,2021100000000000001,'',NULL),(9,3017156000009,2021,2021100000000000001,'',NULL),(10,3017156000010,2021,2021100000000000001,'',NULL),(11,3017156000011,2021,2021100000000000001,'',NULL),(12,3017156000012,2021,2021100000000000001,'',NULL),(13,3017156000013,2021,2021100000000000001,'',NULL),(14,3017156000014,2021,2021100000000000001,'',NULL),(15,3017156000015,2021,2021100000000000001,'',NULL),(16,3017156000016,2021,2021100000000000001,'',NULL),(17,3017156000017,2021,2021100000000000001,'',NULL),(18,3017156000018,2021,2021100000000000002,NULL,NULL),(19,3017156000019,2021,2021100000000000002,NULL,NULL),(20,3017156000020,2021,2021100000000000002,NULL,NULL),(21,3017156000021,2021,2021100000000000002,NULL,NULL),(22,3017156000022,2021,2021100000000000002,NULL,NULL),(23,3017156000023,2021,2021100000000000002,NULL,NULL),(24,3017156000024,2021,2021100000000000002,NULL,NULL),(25,3017156000025,2021,2021100000000000002,NULL,NULL),(26,3017156000026,2021,2021100000000000002,NULL,NULL),(27,3017156000027,2021,2021100000000000002,NULL,NULL),(28,3017156000028,2021,2021100000000000002,NULL,NULL),(29,3017156000029,2021,2021100000000000002,NULL,NULL),(30,3017156000030,2021,2021100000000000002,NULL,NULL),(31,3017156000031,2021,2021100000000000002,NULL,NULL),(32,3017156000032,2021,2021100000000000002,NULL,NULL),(33,3017156000033,2021,2021100000000000002,NULL,NULL),(34,3017156000034,2021,2021100000000000002,NULL,NULL),(35,3017156000035,2021,2021100000000000002,NULL,NULL),(36,3017156000036,2021,2021100000000000003,NULL,NULL),(37,3017156000037,2021,2021100000000000003,NULL,NULL),(38,3017156000038,2021,2021100000000000003,NULL,NULL),(39,3017156000039,2021,2021100000000000003,NULL,NULL),(40,3017156000040,2021,2021100000000000003,NULL,NULL),(41,3017156000041,2021,2021100000000000003,NULL,NULL),(42,3017156000042,2021,2021100000000000003,NULL,NULL),(43,3017156000043,2021,2021100000000000003,NULL,NULL),(44,3017156000044,2021,2021100000000000003,NULL,NULL),(45,3017156000045,2021,2021100000000000003,NULL,NULL),(46,3017156000046,2021,2021100000000000003,NULL,NULL),(47,3017156000047,2021,2021100000000000003,NULL,NULL),(48,3017156000048,2021,2021100000000000003,NULL,NULL),(49,3017156000049,2021,2021100000000000003,NULL,NULL),(50,3017156000050,2021,2021100000000000003,NULL,NULL),(51,3017156000051,2021,2021100000000000003,NULL,NULL),(52,3017156000052,2021,2021100000000000003,NULL,NULL),(53,3017156000053,2021,2021100000000000003,NULL,NULL),(2021200000000000001,3017156000018,2022,2022200000000000001,NULL,NULL),(2021200000000000002,3017156000019,2022,2022200000000000001,NULL,NULL),(2021200000000000003,3017156000020,2022,2022200000000000001,NULL,NULL),(2021200000000000004,3017156000021,2022,2022200000000000001,NULL,NULL),(2021200000000000005,3017156000022,2022,2022200000000000001,NULL,NULL),(2021200000000000006,3017156000023,2022,2022200000000000001,NULL,NULL),(2021200000000000007,3017156000024,2022,2022200000000000001,NULL,NULL),(2021200000000000008,3017156000025,2022,2022200000000000001,NULL,NULL),(2021200000000000009,3017156000026,2022,2022200000000000001,NULL,NULL),(2021200000000000010,3017156000027,2022,2022200000000000001,NULL,NULL),(2021200000000000011,3017156000028,2022,2022200000000000001,NULL,NULL),(2021200000000000012,3017156000029,2022,2022200000000000001,NULL,NULL),(2021200000000000013,3017156000030,2022,2022200000000000001,NULL,NULL),(2021200000000000014,3017156000031,2022,2022200000000000001,NULL,NULL),(2021200000000000015,3017156000032,2022,2022200000000000001,NULL,NULL),(2021200000000000016,3017156000033,2022,2022200000000000001,NULL,NULL),(2021200000000000017,3017156000034,2022,2022200000000000001,NULL,NULL),(2021200000000000018,3017156000035,2022,2022200000000000001,NULL,NULL),(2021200000000000019,3017156000005,2022,2022200000000000002,NULL,NULL),(2021200000000000020,3017156000003,2022,2022200000000000002,NULL,NULL),(2021200000000000021,3017156000017,2022,2022200000000000002,NULL,NULL),(2021200000000000022,3017156000016,2022,2022200000000000002,NULL,NULL),(2021200000000000023,3017156000004,2022,2022200000000000002,NULL,NULL),(2021200000000000024,3017156000010,2022,2022200000000000002,NULL,NULL),(2021200000000000025,3017156000015,2022,2022200000000000002,NULL,NULL),(2021200000000000026,3017156000014,2022,2022200000000000002,NULL,NULL),(2021200000000000027,3017156000006,2022,2022200000000000002,NULL,NULL),(2021200000000000028,3017156000001,2022,2022200000000000002,NULL,NULL),(2021200000000000029,3017156000002,2022,2022200000000000002,NULL,NULL),(2021200000000000030,3017156000013,2022,2022200000000000002,NULL,NULL),(2021200000000000031,3017156000008,2022,2022200000000000002,NULL,NULL),(2021200000000000032,3017156000012,2022,2022200000000000002,NULL,NULL),(2021200000000000033,3017156000011,2022,2022200000000000002,NULL,NULL),(2021200000000000034,3017156000009,2022,2022200000000000002,NULL,NULL),(2021200000000000035,3017156000007,2022,2022200000000000002,NULL,NULL),(2021200000000000036,3017156000036,2022,-1,NULL,NULL),(2021200000000000037,3017156000037,2022,-1,NULL,NULL),(2021200000000000038,3017156000038,2022,-1,NULL,NULL),(2021200000000000039,3017156000039,2022,-1,NULL,NULL),(2021200000000000040,3017156000040,2022,-1,NULL,NULL),(2021200000000000041,3017156000041,2022,-1,NULL,NULL),(2021200000000000042,3017156000042,2022,-1,NULL,NULL),(2021200000000000043,3017156000043,2022,-1,NULL,NULL),(2021200000000000044,3017156000044,2022,-1,NULL,NULL),(2021200000000000045,3017156000045,2022,-1,NULL,NULL),(2021200000000000046,3017156000046,2022,-1,NULL,NULL),(2021200000000000047,3017156000047,2022,-1,NULL,NULL),(2021200000000000048,3017156000048,2022,-1,NULL,NULL),(2021200000000000049,3017156000049,2022,-1,NULL,NULL),(2021200000000000050,3017156000050,2022,-1,NULL,NULL),(2021200000000000051,3017156000051,2022,-1,NULL,NULL),(2021200000000000052,3017156000052,2022,-1,NULL,NULL),(2021200000000000053,3017156000053,2022,-1,NULL,NULL),(2021200000000000054,3017156000054,2022,2022100000000000001,NULL,NULL),(2021200000000000055,3017156000055,2022,2022100000000000001,NULL,NULL),(2021200000000000056,3017156000056,2022,2022100000000000001,NULL,NULL),(2021200000000000057,3017156000057,2022,2022100000000000001,NULL,NULL),(2021200000000000058,3017156000058,2022,2022100000000000001,NULL,NULL),(2021200000000000059,3017156000059,2022,2022100000000000001,NULL,NULL),(2021200000000000060,3017156000060,2022,2022100000000000001,NULL,NULL),(2021200000000000061,3017156000061,2022,2022100000000000001,NULL,NULL),(2021200000000000062,3017156000062,2022,2022100000000000001,NULL,NULL),(2021200000000000063,3017156000063,2022,2022100000000000001,NULL,NULL),(2021200000000000064,3017156000064,2022,2022100000000000001,NULL,NULL),(2021200000000000065,3017156000065,2022,2022100000000000001,NULL,NULL),(2021200000000000066,3017156000066,2022,2022100000000000001,NULL,NULL),(2021200000000000067,3017156000067,2022,2022100000000000001,NULL,NULL),(2021200000000000068,3017156000068,2022,2022100000000000001,NULL,NULL),(2021200000000000069,3017156000069,2022,2022100000000000001,NULL,NULL),(2021200000000000070,3017156000070,2022,2022100000000000001,NULL,NULL),(2021200000000000071,3017156000071,2022,2022200000000000002,NULL,NULL),(2021200000000000072,3017156000072,2022,2022200000000000002,NULL,NULL),(2021200000000000073,3017156000073,2022,2022200000000000002,NULL,NULL),(2021200000000000074,3017156000074,2022,2022200000000000002,NULL,NULL),(2021200000000000075,3017156000075,2022,2022200000000000002,NULL,NULL),(2021200000000000076,3017156000076,2022,2022200000000000002,NULL,NULL),(2021200000000000077,3017156000077,2022,2022200000000000002,NULL,NULL),(2021200000000000078,3017156000078,2022,2022200000000000001,NULL,NULL),(2021200000000000079,3017156000079,2022,2022100000000000001,NULL,NULL),(2021200000000000080,3017156000080,2023,2023100000000000001,NULL,NULL),(2021200000000000081,3017156000081,2023,2023100000000000001,NULL,NULL),(2021200000000000082,3017156000082,2023,2023100000000000001,NULL,NULL),(2021200000000000083,3017156000083,2023,2023100000000000001,NULL,NULL),(2021200000000000084,3017156000055,2023,2023100000000000001,NULL,NULL),(2021200000000000085,3017156000084,2023,2023100000000000001,NULL,NULL),(2021200000000000086,3017156000085,2023,2023100000000000001,NULL,NULL),(2021200000000000087,3017156000086,2023,2023100000000000001,NULL,NULL),(2021200000000000088,3017156000087,2023,2023100000000000001,NULL,NULL),(2021200000000000089,3017156000079,2023,2023100000000000002,NULL,NULL),(2021200000000000090,3017156000088,2023,2023100000000000001,NULL,NULL),(2021200000000000091,3017156000089,2023,2023100000000000001,NULL,NULL),(2021200000000000092,3017156000090,2023,2023100000000000001,NULL,NULL),(2021200000000000093,3017156000091,2023,2023100000000000001,NULL,NULL),(2021200000000000094,3017156000092,2023,2023100000000000001,NULL,NULL),(2021200000000000095,3017156000093,2023,2023100000000000001,NULL,NULL),(2021200000000000096,3017156000094,2023,2023100000000000001,NULL,NULL),(2021200000000000097,3017156000095,2023,2023100000000000001,NULL,NULL),(2021200000000000098,3017156000096,2023,2023100000000000002,NULL,NULL),(2021200000000000099,3017156000097,2023,2023100000000000001,NULL,NULL),(2021200000000000100,3017156000067,2023,2023100000000000001,NULL,NULL),(2021200000000000101,3017156000098,2023,2023100000000000001,NULL,NULL),(2021200000000000102,3017156000099,2023,2023100000000000001,NULL,NULL),(2021200000000000103,3017156000069,2023,2023100000000000001,NULL,NULL),(2021200000000000104,3017156000100,2023,2023100000000000001,NULL,NULL),(2021200000000000105,3017156000101,2023,2023100000000000001,NULL,NULL),(2021200000000000106,3017156000054,2023,2023100000000000002,NULL,NULL),(2021200000000000107,3017156000058,2023,2023100000000000002,NULL,NULL),(2021200000000000108,3017156000059,2023,2023100000000000002,NULL,NULL),(2021200000000000109,3017156000060,2023,2023100000000000002,NULL,NULL),(2021200000000000110,3017156000061,2023,2023100000000000002,NULL,NULL),(2021200000000000111,3017156000062,2023,2023100000000000002,NULL,NULL),(2021200000000000112,3017156000064,2023,2023100000000000002,NULL,NULL),(2021200000000000113,3017156000065,2023,2023100000000000002,NULL,NULL),(2021200000000000114,3017156000066,2023,2023100000000000002,NULL,NULL),(2021200000000000115,3017156000068,2023,2023100000000000002,NULL,NULL),(2021200000000000116,3017156000070,2023,2023100000000000002,NULL,NULL),(2021200000000000117,3017156000018,2023,2023100000000000003,NULL,NULL),(2021200000000000118,3017156000020,2023,2023100000000000003,NULL,NULL),(2021200000000000119,3017156000021,2023,2023100000000000003,NULL,NULL),(2021200000000000120,3017156000022,2023,2023100000000000003,NULL,NULL),(2021200000000000121,3017156000023,2023,2023100000000000003,NULL,NULL),(2021200000000000122,3017156000024,2023,2023100000000000003,NULL,NULL),(2021200000000000123,3017156000026,2023,2023100000000000003,NULL,NULL),(2021200000000000124,3017156000027,2023,2023100000000000003,NULL,NULL),(2021200000000000125,3017156000028,2023,2023100000000000003,NULL,NULL),(2021200000000000126,3017156000029,2023,2023100000000000003,NULL,NULL),(2021200000000000127,3017156000019,2023,2023100000000000003,NULL,NULL),(2021200000000000128,3017156000032,2023,2023100000000000003,NULL,NULL),(2021200000000000129,3017156000033,2023,2023100000000000003,NULL,NULL),(2021200000000000130,3017156000034,2023,2023100000000000003,NULL,NULL),(2021200000000000131,3017156000035,2023,2023100000000000003,NULL,NULL),(2021200000000000132,3017156000102,2023,2023100000000000002,NULL,NULL),(2022200000000000001,3017156000078,2023,2023100000000000003,NULL,NULL),(2022200000000000002,3017156000030,2023,2023100000000000003,NULL,NULL),(2023200000000000001,3017156000080,2024,2024200000000000001,NULL,NULL),(2023200000000000002,3017156000081,2024,2024200000000000001,NULL,NULL),(2023200000000000003,3017156000082,2024,2024200000000000001,NULL,NULL),(2023200000000000004,3017156000083,2024,2024200000000000001,NULL,NULL),(2023200000000000005,3017156000084,2024,2024200000000000001,NULL,NULL),(2023200000000000006,3017156000085,2024,2024200000000000001,NULL,NULL),(2023200000000000007,3017156000086,2024,2024200000000000001,NULL,NULL),(2023200000000000008,3017156000087,2024,2024200000000000001,NULL,NULL),(2023200000000000009,3017156000088,2024,2024200000000000001,NULL,NULL),(2023200000000000010,3017156000089,2024,2024200000000000001,NULL,NULL),(2023200000000000011,3017156000090,2024,2024200000000000001,NULL,NULL),(2023200000000000012,3017156000091,2024,2024200000000000001,NULL,NULL),(2023200000000000013,3017156000092,2024,2024200000000000001,NULL,NULL),(2023200000000000014,3017156000093,2024,2024200000000000001,NULL,NULL),(2023200000000000015,3017156000094,2024,2024200000000000001,NULL,NULL),(2023200000000000016,3017156000097,2024,2024200000000000001,NULL,NULL),(2023200000000000017,3017156000098,2024,2024200000000000001,NULL,NULL),(2023200000000000018,3017156000099,2024,2024200000000000001,NULL,NULL),(2023200000000000019,3017156000101,2024,2024200000000000001,NULL,NULL),(2023200000000000020,3017156000054,2024,2024200000000000002,NULL,NULL),(2023200000000000021,3017156000102,2024,2024200000000000002,NULL,NULL),(2023200000000000022,3017156000058,2024,2024200000000000002,NULL,NULL),(2023200000000000023,3017156000059,2024,2024200000000000002,NULL,NULL),(2023200000000000024,3017156000060,2024,2024200000000000002,NULL,NULL),(2023200000000000025,3017156000061,2024,2024200000000000002,NULL,NULL),(2023200000000000026,3017156000079,2024,2024200000000000002,NULL,NULL),(2023200000000000027,3017156000062,2024,2024200000000000002,NULL,NULL),(2023200000000000028,3017156000064,2024,2024200000000000002,NULL,NULL),(2023200000000000029,3017156000065,2024,2024200000000000002,NULL,NULL),(2023200000000000030,3017156000066,2024,2024200000000000002,NULL,NULL),(2023200000000000031,3017156000096,2024,2024200000000000002,NULL,NULL),(2023200000000000032,3017156000070,2024,2024200000000000002,NULL,NULL),(2023200000000000033,3017156000103,2024,2024100000000000001,NULL,NULL),(2023200000000000034,3017156000104,2024,2024100000000000001,NULL,NULL),(2023200000000000035,3017156000105,2024,2024100000000000001,NULL,NULL),(2023200000000000036,3017156000106,2024,2024100000000000001,NULL,NULL),(2023200000000000037,3017156000107,2024,2024100000000000001,NULL,NULL),(2023200000000000038,3017156000055,2024,2024100000000000001,NULL,NULL),(2023200000000000039,3017156000108,2024,2024100000000000001,NULL,NULL),(2023200000000000040,3017156000109,2024,2024100000000000001,NULL,NULL),(2023200000000000041,3017156000110,2024,2024100000000000001,NULL,NULL),(2023200000000000042,3017156000111,2024,2024100000000000001,NULL,NULL),(2023200000000000043,3017156000112,2024,2024100000000000001,NULL,NULL),(2023200000000000044,3017156000113,2024,2024100000000000001,NULL,NULL),(2023200000000000045,3017156000114,2024,2024100000000000001,NULL,NULL),(2023200000000000046,3017156000115,2024,2024100000000000001,NULL,NULL),(2023200000000000047,3017156000116,2024,2024100000000000001,NULL,NULL),(2023200000000000048,3017156000117,2024,2024100000000000001,NULL,NULL),(2023200000000000049,3017156000118,2024,2024100000000000001,NULL,NULL),(2023200000000000050,3017156000119,2024,2024100000000000001,NULL,NULL),(2023200000000000051,3017156000120,2024,2024100000000000001,NULL,NULL),(2023200000000000052,3017156000121,2024,2024100000000000001,NULL,NULL),(2023200000000000053,3017156000122,2024,2024100000000000001,NULL,NULL),(2023200000000000054,3017156000095,2024,2024100000000000001,NULL,NULL),(2023200000000000055,3017156000123,2024,2024100000000000001,NULL,NULL),(2023200000000000056,3017156000124,2024,2024100000000000001,NULL,NULL),(2023200000000000057,3017156000125,2024,2024100000000000001,NULL,NULL),(2023200000000000058,3017156000126,2024,2024100000000000001,NULL,NULL),(2023200000000000059,3017156000067,2024,2024100000000000001,NULL,NULL),(2023200000000000060,3017156000127,2024,2024100000000000001,NULL,NULL),(2023200000000000061,3017156000069,2024,2024100000000000001,NULL,NULL),(2023200000000000062,3017156000128,2024,2024100000000000001,NULL,NULL),(2023200000000000063,3017156000129,2024,2024200000000000001,NULL,NULL),(2023200000000000064,3017156000130,2024,2024200000000000001,NULL,NULL),(2023200000000000065,3017156000131,2025,2025200000000000001,NULL,NULL),(2023200000000000066,3017156000132,2025,2025200000000000001,NULL,NULL),(2023200000000000067,3017156000133,2025,2025200000000000001,NULL,NULL),(2023200000000000068,3017156000134,2025,2025200000000000001,NULL,NULL),(2023200000000000069,3017156000135,2025,2025200000000000001,NULL,NULL),(2023200000000000070,3017156000136,2025,2025200000000000001,NULL,NULL),(2023200000000000071,3017156000137,2025,2025200000000000001,NULL,NULL),(2023200000000000072,3017156000138,2025,2025200000000000001,NULL,NULL),(2023200000000000073,3017156000139,2025,2025200000000000001,NULL,NULL),(2023200000000000074,3017156000140,2025,2025200000000000001,NULL,NULL),(2023200000000000075,3017156000141,2025,2025200000000000001,NULL,NULL),(2023200000000000076,3017156000142,2025,2025200000000000001,NULL,NULL),(2023200000000000077,3017156000143,2025,2025200000000000001,NULL,NULL),(2023200000000000078,3017156000144,2025,2025200000000000001,NULL,NULL),(2023200000000000079,3017156000145,2025,2025200000000000001,NULL,NULL),(2023200000000000080,3017156000146,2025,2025200000000000001,NULL,NULL),(2023200000000000081,3017156000147,2025,2025200000000000001,NULL,NULL),(2023200000000000082,3017156000148,2025,2025200000000000001,NULL,NULL),(2023200000000000083,3017156000149,2025,2025200000000000001,NULL,NULL),(2023200000000000084,3017156000150,2025,2025200000000000001,NULL,NULL),(2023200000000000085,3017156000151,2025,2025200000000000001,NULL,NULL),(2023200000000000086,3017156000152,2025,2025200000000000001,NULL,NULL),(2023200000000000087,3017156000103,2025,2025200000000000002,NULL,NULL),(2023200000000000088,3017156000104,2025,2025200000000000002,NULL,NULL),(2023200000000000089,3017156000105,2025,2025200000000000002,NULL,NULL),(2023200000000000090,3017156000106,2025,2025200000000000002,NULL,NULL),(2023200000000000091,3017156000107,2025,2025200000000000002,NULL,NULL),(2023200000000000092,3017156000108,2025,2025200000000000002,NULL,NULL),(2023200000000000093,3017156000109,2025,2025200000000000002,NULL,NULL),(2023200000000000094,3017156000110,2025,2025200000000000002,NULL,NULL),(2023200000000000095,3017156000128,2025,2025200000000000002,NULL,NULL),(2023200000000000096,3017156000112,2025,2025200000000000002,NULL,NULL),(2023200000000000097,3017156000113,2025,2025200000000000002,NULL,NULL),(2023200000000000098,3017156000114,2025,2025200000000000002,NULL,NULL),(2023200000000000099,3017156000115,2025,2025200000000000002,NULL,NULL),(2023200000000000100,3017156000116,2025,2025200000000000002,NULL,NULL),(2023200000000000101,3017156000117,2025,2025200000000000002,NULL,NULL),(2023200000000000102,3017156000118,2025,2025200000000000002,NULL,NULL),(2023200000000000103,3017156000119,2025,2025200000000000002,NULL,NULL),(2023200000000000104,3017156000120,2025,2025200000000000002,NULL,NULL),(2023200000000000105,3017156000121,2025,2025200000000000002,NULL,NULL),(2023200000000000106,3017156000122,2025,2025200000000000002,NULL,NULL),(2023200000000000107,3017156000123,2025,2025200000000000002,NULL,NULL),(2023200000000000108,3017156000124,2025,2025200000000000002,NULL,NULL),(2023200000000000109,3017156000125,2025,2025200000000000002,NULL,NULL),(2023200000000000110,3017156000126,2025,2025200000000000002,NULL,NULL),(2023200000000000111,3017156000127,2025,2025200000000000002,NULL,NULL),(2023200000000000112,3017156000080,2025,2025200000000000003,NULL,NULL),(2023200000000000113,3017156000081,2025,2025200000000000003,NULL,NULL),(2023200000000000114,3017156000130,2025,2025200000000000003,NULL,NULL),(2023200000000000115,3017156000082,2025,2025200000000000003,NULL,NULL),(2023200000000000116,3017156000083,2025,2025200000000000003,NULL,NULL),(2023200000000000117,3017156000084,2025,2025200000000000003,NULL,NULL),(2023200000000000118,3017156000085,2025,2025200000000000003,NULL,NULL),(2023200000000000119,3017156000086,2025,2025200000000000003,NULL,NULL),(2023200000000000120,3017156000087,2025,2025200000000000003,NULL,NULL),(2023200000000000121,3017156000088,2025,2025200000000000003,NULL,NULL),(2023200000000000122,3017156000089,2025,2025200000000000003,NULL,NULL),(2023200000000000123,3017156000092,2025,2025200000000000003,NULL,NULL),(2023200000000000124,3017156000094,2025,2025200000000000003,NULL,NULL),(2023200000000000125,3017156000153,2025,2025200000000000003,NULL,NULL),(2023200000000000126,3017156000097,2025,2025200000000000003,NULL,NULL),(2023200000000000127,3017156000099,2025,2025200000000000003,NULL,NULL),(2023200000000000128,3017156000101,2025,2025200000000000003,NULL,NULL),(2023200000000000129,3017156000098,2025,2025200000000000003,NULL,NULL);

--
-- Table structure for table `e_semester`
--

CREATE TABLE `e_semester` (
  `semester_id` int(11) NOT NULL AUTO_INCREMENT,
  `semester_nama` varchar(10) DEFAULT NULL,
  `semester_status` int(1) DEFAULT NULL,
  `keterangan` varchar(50) DEFAULT NULL,
  `semester_jenis` int(1) DEFAULT 1,
  PRIMARY KEY (`semester_id`)
) ENGINE=InnoDB AUTO_INCREMENT=9 DEFAULT CHARSET=latin1 COLLATE=latin1_swedish_ci;

--
-- Dumping data for table `e_semester`
--

INSERT INTO `e_semester` VALUES (1,'Ganjil',0,'',1),(2,'Genap',1,'',1),(3,'I (Satu)',0,'',2),(4,'II (Dua)',0,'',2),(5,'III (Tiga)',0,'',2),(6,'IV (Empat)',0,'',2),(7,'V (Lima)',0,'',2),(8,'VI (Enam)',0,'',2);

--
-- Table structure for table `e_settings`
--

CREATE TABLE `e_settings` (
  `settings_id` int(11) NOT NULL AUTO_INCREMENT,
  `settings_nama` varchar(100) DEFAULT NULL,
  `settings_value` text DEFAULT NULL,
  PRIMARY KEY (`settings_id`)
) ENGINE=InnoDB AUTO_INCREMENT=14 DEFAULT CHARSET=latin1 COLLATE=latin1_swedish_ci;

--
-- Dumping data for table `e_settings`
--

INSERT INTO `e_settings` VALUES (1,'revision','20260505000618'),(2,'updatechektime','2026-05-31'),(3,'newupdate','20260505000618'),(4,'infochektime','2026-05-31 09:00:00'),(5,'info_rdm','<p>Selamat datang di aplikasi Rapor Digital Madrasah (RDM), kami berharap aplikasi ini dapat membantu madrasah dalam mengelola penilaian hasil belajar dan sebagai Database Nilai&nbsp;Rapor Siswa Madrasah secara Nasional .<br>Aplikasi RDM dikembangkan oleh Tim IT/HD Direktorat KSKK Madrasah Ditjen Pendis Kementerian Agama RI.<br><br>RDM versi 3.1 sudah mendukung pembuatan rapor sesuai KMA Nomor 1503 Tahun 2025</p>\r\n<p><i>Salam \"<b>Madrasah Maju, Bermutu, Mendunia\".</b></i><br></p>\r\n<p> <b>Dari HD untuk Madrasah Indonesia</b></p>'),(6,'patch','SezBZ13pA9/OhoScXUICYcpbG59Phfn654I5gcxYXJqvUmNpexOcKN8hwq0VstVK9oB0Eeyn90GBF5RRabTsOt47gcoxr6sQzInktp0dhIY7+SOzDTiW0RJCplYn/O76AzdXP8//tB3eMXAG6iX5ZmQCEx5nzBhrHtzh7uz+vBXZq/d+PU/sXgS9yDLMYwJgYfxKsGS4MMzyVMsNWVhrZ+KQfv5Ytwox6OM4TRl4u6N5M4RyOZuIFSYazaK8dYxRMMtTuuZZCldYaW/dl0B96gKKjJcqGZSlG3P4Vpqs8/x+aa0RsScgQDGYCr5dxkBxDzeqn+jW6OnrOIlDFEqBmSNt0X/2DAiV+0glnUZATw/jYTaunbZKS1LnlamB7pidXqkNTJUxEJgvpmetZ+wxIA==:bTRkcjRzNGhiMXM0ZDBuOQ=='),(7,'public_key','NzZaRkVXVVBpVXhqR0FaSFRwbE8rZWZDNkxXQ0V2UnNrSXVsMnNHbkFzai9Ed0R0eTBaR2lSTGpZd1Y2QVA4STpiVFJrY2pSek5HaGlNWE0wWkRCdU9RPT0'),(8,'private_key','OUhIRWJQWHRVaGlyVE9LblpwOFRvdmZhYnVvdDJDci91d0tVL1ZYdTNHdTF3ejAxZ2k0ZjlxTnU4YjFNZVh5dTpiVFJrY2pSek5HaGlNWE0wWkRCdU9RPT0'),(9,'rechapcha_key',''),(10,'rechapcha_secret',''),(11,'mobile','1'),(12,'rechapcha','0'),(13,'migrate','120');

--
-- Table structure for table `e_tahunajaran`
--

CREATE TABLE `e_tahunajaran` (
  `tahunajaran_id` int(11) NOT NULL AUTO_INCREMENT,
  `tahunajaran_nama` varchar(10) DEFAULT NULL,
  `tahunajaran_status` int(1) DEFAULT NULL,
  `keterangan` varchar(50) DEFAULT NULL,
  PRIMARY KEY (`tahunajaran_id`)
) ENGINE=InnoDB AUTO_INCREMENT=2027 DEFAULT CHARSET=latin1 COLLATE=latin1_swedish_ci;

--
-- Dumping data for table `e_tahunajaran`
--

INSERT INTO `e_tahunajaran` VALUES (2019,'2019/2020',0,''),(2020,'2020/2021',0,''),(2021,'2021/2022',0,''),(2022,'2022/2023',0,''),(2023,'2023/2024',0,''),(2024,'2024/2025',0,''),(2025,'2025/2026',1,''),(2026,'2026/2027',0,'');

--
-- Table structure for table `e_tingkat`
--

CREATE TABLE `e_tingkat` (
  `tingkat_id` int(11) NOT NULL AUTO_INCREMENT,
  `jenjang_id` int(11) DEFAULT NULL,
  `tingkat_nama` varchar(300) DEFAULT NULL,
  `tingkat_urutan` int(11) DEFAULT NULL,
  PRIMARY KEY (`tingkat_id`)
) ENGINE=InnoDB AUTO_INCREMENT=15 DEFAULT CHARSET=latin1 COLLATE=latin1_swedish_ci;

--
-- Dumping data for table `e_tingkat`
--

INSERT INTO `e_tingkat` VALUES (1,1,'Kelompok A',1),(2,1,'Kelompok B',2),(3,2,'I',1),(4,2,'II',2),(5,2,'III',3),(6,2,'IV',4),(7,2,'V',5),(8,2,'VI',6),(9,3,'VII',1),(10,3,'VIII',2),(11,3,'IX',3),(12,4,'X',1),(13,4,'XI',2),(14,4,'XII',3);

--
-- Table structure for table `e_walas`
--

CREATE TABLE `e_walas` (
  `walas_id` int(11) NOT NULL AUTO_INCREMENT,
  `kelas_id` bigint(20) DEFAULT NULL,
  `lembaga_id` varchar(100) DEFAULT NULL,
  `guru_id` bigint(13) DEFAULT NULL,
  `semester_id` int(11) DEFAULT NULL,
  `tahunajaran_id` char(4) DEFAULT NULL,
  PRIMARY KEY (`walas_id`)
) ENGINE=InnoDB DEFAULT CHARSET=utf8 COLLATE=utf8_general_ci;

--
-- Dumping data for table `e_walas`
--


--
-- Table structure for table `k_dplpc`
--

CREATE TABLE `k_dplpc` (
  `dplpc_id` int(11) NOT NULL AUTO_INCREMENT,
  `dplpc_nama` varchar(50) DEFAULT NULL,
  `dplpc_type` varchar(50) DEFAULT NULL,
  PRIMARY KEY (`dplpc_id`)
) ENGINE=InnoDB AUTO_INCREMENT=14 DEFAULT CHARSET=utf8mb4 COLLATE=utf8mb4_general_ci;

--
-- Dumping data for table `k_dplpc`
--

INSERT INTO `k_dplpc` VALUES (1,'Keimanan dan Ketakwaan terhadap Tuhan YME','Dimansi Profile Lulusan'),(2,'Kewargaan','Dimansi Profile Lulusan'),(3,'Penalaran Kritis','Dimansi Profile Lulusan'),(4,'Kreativitas','Dimansi Profile Lulusan'),(5,'Kolaborasi','Dimansi Profile Lulusan'),(6,'Kemandirian','Dimansi Profile Lulusan'),(7,'Kesehatan','Dimansi Profile Lulusan'),(8,'Komunikasi','Dimansi Profile Lulusan'),(9,'Cinta Allah Swt. dan Rasul-Nya','Panca Cinta'),(10,'Cinta Ilmu','Panca Cinta'),(11,'Cinta Lingkungan','Panca Cinta'),(12,'Cinta Diri dan Sesama Manusia','Panca Cinta'),(13,'Cinta Tanah Air','Panca Cinta');

--
-- Table structure for table `k_koordinator`
--

CREATE TABLE `k_koordinator` (
  `koordinator_id` int(11) NOT NULL AUTO_INCREMENT,
  `lembaga_id` varchar(100) DEFAULT NULL,
  `tahunajaran_id` int(11) DEFAULT NULL,
  `semester_id` int(11) DEFAULT NULL,
  `guru_id` bigint(20) DEFAULT NULL,
  `kelas_id` bigint(20) DEFAULT NULL,
  `is_send` int(1) DEFAULT NULL,
  PRIMARY KEY (`koordinator_id`)
) ENGINE=InnoDB DEFAULT CHARSET=utf8mb4 COLLATE=utf8mb4_general_ci;

--
-- Dumping data for table `k_koordinator`
--


--
-- Table structure for table `k_nilai`
--

CREATE TABLE `k_nilai` (
  `nilai_id` int(11) NOT NULL AUTO_INCREMENT,
  `penilaian_id` int(11) DEFAULT NULL,
  `siswa_id` bigint(13) DEFAULT NULL,
  `nilai_data` int(1) DEFAULT NULL,
  PRIMARY KEY (`nilai_id`),
  KEY `penilaian_id` (`penilaian_id`)
) ENGINE=InnoDB DEFAULT CHARSET=utf8mb4 COLLATE=utf8mb4_general_ci;

--
-- Dumping data for table `k_nilai`
--


--
-- Table structure for table `k_penilaian`
--

CREATE TABLE `k_penilaian` (
  `penilaian_id` int(11) NOT NULL AUTO_INCREMENT,
  `dplpc_id` int(11) DEFAULT NULL,
  `penilaian_deskripsi` text DEFAULT NULL,
  `koordinator_id` int(11) DEFAULT NULL,
  `kelas_id` bigint(20) DEFAULT NULL,
  PRIMARY KEY (`penilaian_id`)
) ENGINE=InnoDB DEFAULT CHARSET=utf8mb4 COLLATE=utf8mb4_general_ci;

--
-- Dumping data for table `k_penilaian`
--


--
-- Table structure for table `p_catatan`
--

CREATE TABLE `p_catatan` (
  `catatan_id` int(11) NOT NULL AUTO_INCREMENT,
  `proyek_id` int(11) DEFAULT NULL,
  `siswa_id` bigint(13) DEFAULT NULL,
  `catatan_detail` text DEFAULT NULL,
  PRIMARY KEY (`catatan_id`)
) ENGINE=InnoDB AUTO_INCREMENT=104 DEFAULT CHARSET=utf8mb4 COLLATE=utf8mb4_general_ci;

--
-- Dumping data for table `p_catatan`
--

INSERT INTO `p_catatan` VALUES (1,1,3017156000103,'Alhamdulillah menunjukkan penguasaan yang baik dalam memahami keterhubungan ekosistem bumi, menjaga lingkungan alam sekitar, mengidentifikasi, mengklarifikasi, dan mengolah informasi.'),(2,1,3017156000104,'Alhamdulillah menunjukkan penguasaan yang baik dalam memahami keterhubungan ekosistem bumi, menjaga lingkungan alam sekitar, mengidentifikasi, mengklarifikasi, dan mengolah informasi.'),(3,1,3017156000105,'Alhamdulillah menunjukkan penguasaan yang baik dalam memahami keterhubungan ekosistem bumi, menjaga lingkungan alam sekitar, mengidentifikasi, mengklarifikasi, dan mengolah informasi.'),(4,1,3017156000106,'Alhamdulillah menunjukkan penguasaan yang baik dalam memahami keterhubungan ekosistem bumi, menjaga lingkungan alam sekitar, mengidentifikasi, mengklarifikasi, dan mengolah informasi.'),(5,1,3017156000107,'Alhamdulillah menunjukkan penguasaan yang baik dalam memahami keterhubungan ekosistem bumi, menjaga lingkungan alam sekitar, mengidentifikasi, mengklarifikasi, dan mengolah informasi.'),(6,1,3017156000108,'Alhamdulillah menunjukkan penguasaan yang baik dalam memahami keterhubungan ekosistem bumi, menjaga lingkungan alam sekitar, mengidentifikasi, mengklarifikasi, dan mengolah informasi.'),(7,1,3017156000109,'Alhamdulillah menunjukkan penguasaan yang baik dalam memahami keterhubungan ekosistem bumi, menjaga lingkungan alam sekitar, mengidentifikasi, mengklarifikasi, dan mengolah informasi.'),(8,1,3017156000110,'Alhamdulillah menunjukkan penguasaan yang baik dalam memahami keterhubungan ekosistem bumi, menjaga lingkungan alam sekitar, mengidentifikasi, mengklarifikasi, dan mengolah informasi.'),(9,1,3017156000128,'Alhamdulillah menunjukkan penguasaan yang baik dalam memahami keterhubungan ekosistem bumi, menjaga lingkungan alam sekitar, mengidentifikasi, mengklarifikasi, dan mengolah informasi.'),(10,1,3017156000111,'Alhamdulillah menunjukkan penguasaan yang baik dalam memahami keterhubungan ekosistem bumi, menjaga lingkungan alam sekitar, mengidentifikasi, mengklarifikasi, dan mengolah informasi.'),(11,1,3017156000112,'Alhamdulillah menunjukkan penguasaan yang baik dalam memahami keterhubungan ekosistem bumi, menjaga lingkungan alam sekitar, mengidentifikasi, mengklarifikasi, dan mengolah informasi.'),(12,1,3017156000113,'Alhamdulillah menunjukkan penguasaan yang baik dalam memahami keterhubungan ekosistem bumi, menjaga lingkungan alam sekitar, mengidentifikasi, mengklarifikasi, dan mengolah informasi.'),(13,1,3017156000114,'Alhamdulillah menunjukkan penguasaan yang baik dalam memahami keterhubungan ekosistem bumi, menjaga lingkungan alam sekitar, mengidentifikasi, mengklarifikasi, dan mengolah informasi.'),(14,1,3017156000115,'Alhamdulillah menunjukkan penguasaan yang baik dalam memahami keterhubungan ekosistem bumi, menjaga lingkungan alam sekitar, mengidentifikasi, mengklarifikasi, dan mengolah informasi.'),(15,1,3017156000116,'Alhamdulillah menunjukkan penguasaan yang baik dalam memahami keterhubungan ekosistem bumi, menjaga lingkungan alam sekitar, mengidentifikasi, mengklarifikasi, dan mengolah informasi.'),(16,1,3017156000117,'Alhamdulillah menunjukkan penguasaan yang baik dalam memahami keterhubungan ekosistem bumi, menjaga lingkungan alam sekitar, mengidentifikasi, mengklarifikasi, dan mengolah informasi.'),(17,1,3017156000118,'Alhamdulillah menunjukkan penguasaan yang baik dalam memahami keterhubungan ekosistem bumi, menjaga lingkungan alam sekitar, mengidentifikasi, mengklarifikasi, dan mengolah informasi.'),(18,1,3017156000119,'Alhamdulillah menunjukkan penguasaan yang baik dalam memahami keterhubungan ekosistem bumi, menjaga lingkungan alam sekitar, mengidentifikasi, mengklarifikasi, dan mengolah informasi.'),(19,1,3017156000120,'Alhamdulillah menunjukkan penguasaan yang baik dalam memahami keterhubungan ekosistem bumi, menjaga lingkungan alam sekitar, mengidentifikasi, mengklarifikasi, dan mengolah informasi.'),(20,1,3017156000121,'Alhamdulillah menunjukkan penguasaan yang baik dalam memahami keterhubungan ekosistem bumi, menjaga lingkungan alam sekitar, mengidentifikasi, mengklarifikasi, dan mengolah informasi.'),(21,1,3017156000122,'Alhamdulillah menunjukkan penguasaan yang baik dalam memahami keterhubungan ekosistem bumi, menjaga lingkungan alam sekitar, mengidentifikasi, mengklarifikasi, dan mengolah informasi.'),(22,1,3017156000123,'Alhamdulillah menunjukkan penguasaan yang baik dalam memahami keterhubungan ekosistem bumi, menjaga lingkungan alam sekitar, mengidentifikasi, mengklarifikasi, dan mengolah informasi.'),(23,1,3017156000124,'Alhamdulillah menunjukkan penguasaan yang baik dalam memahami keterhubungan ekosistem bumi, menjaga lingkungan alam sekitar, mengidentifikasi, mengklarifikasi, dan mengolah informasi.'),(24,1,3017156000125,'Alhamdulillah menunjukkan penguasaan yang baik dalam memahami keterhubungan ekosistem bumi, menjaga lingkungan alam sekitar, mengidentifikasi, mengklarifikasi, dan mengolah informasi.'),(25,1,3017156000126,'Alhamdulillah menunjukkan penguasaan yang baik dalam memahami keterhubungan ekosistem bumi, menjaga lingkungan alam sekitar, mengidentifikasi, mengklarifikasi, dan mengolah informasi.'),(26,1,3017156000127,'Alhamdulillah menunjukkan penguasaan yang baik dalam memahami keterhubungan ekosistem bumi, menjaga lingkungan alam sekitar, mengidentifikasi, mengklarifikasi, dan mengolah informasi.'),(27,2,3017156000103,'Saat pelaksanaan kegiatan projek, Dina mampu mengenali kebutuhan bersama dan bekerja sama dalam melakukan kegiatan projek.'),(28,2,3017156000104,'Saat pelaksanaan kegiatan projek, Dina mampu mengenali kebutuhan bersama dan bekerja sama dalam melakukan kegiatan projek.'),(29,2,3017156000105,'Saat pelaksanaan kegiatan projek, Dina mampu mengenali kebutuhan bersama dan bekerja sama dalam melakukan kegiatan projek.'),(30,2,3017156000106,'Saat pelaksanaan kegiatan projek, Dina mampu mengenali kebutuhan bersama dan bekerja sama dalam melakukan kegiatan projek.'),(31,2,3017156000107,'Saat pelaksanaan kegiatan projek, Dina mampu mengenali kebutuhan bersama dan bekerja sama dalam melakukan kegiatan projek.'),(32,2,3017156000108,'Saat pelaksanaan kegiatan projek, Dina mampu mengenali kebutuhan bersama dan bekerja sama dalam melakukan kegiatan projek.'),(33,2,3017156000109,'Saat pelaksanaan kegiatan projek, Dina mampu mengenali kebutuhan bersama dan bekerja sama dalam melakukan kegiatan projek.'),(34,2,3017156000110,'Saat pelaksanaan kegiatan projek, Dina mampu mengenali kebutuhan bersama dan bekerja sama dalam melakukan kegiatan projek.'),(35,2,3017156000128,'Saat pelaksanaan kegiatan projek, Dina mampu mengenali kebutuhan bersama dan bekerja sama dalam melakukan kegiatan projek.'),(36,2,3017156000111,'Saat pelaksanaan kegiatan projek, Dina mampu mengenali kebutuhan bersama dan bekerja sama dalam melakukan kegiatan projek.'),(37,2,3017156000112,'Saat pelaksanaan kegiatan projek, Dina mampu mengenali kebutuhan bersama dan bekerja sama dalam melakukan kegiatan projek.'),(38,2,3017156000113,'Saat pelaksanaan kegiatan projek, Dina mampu mengenali kebutuhan bersama dan bekerja sama dalam melakukan kegiatan projek.'),(39,2,3017156000114,'Saat pelaksanaan kegiatan projek, Dina mampu mengenali kebutuhan bersama dan bekerja sama dalam melakukan kegiatan projek.'),(40,2,3017156000115,'Saat pelaksanaan kegiatan projek, Dina mampu mengenali kebutuhan bersama dan bekerja sama dalam melakukan kegiatan projek.'),(41,2,3017156000116,'Saat pelaksanaan kegiatan projek, Dina mampu mengenali kebutuhan bersama dan bekerja sama dalam melakukan kegiatan projek.'),(42,2,3017156000117,'Saat pelaksanaan kegiatan projek, Dina mampu mengenali kebutuhan bersama dan bekerja sama dalam melakukan kegiatan projek.'),(43,2,3017156000118,'Saat pelaksanaan kegiatan projek, Dina mampu mengenali kebutuhan bersama dan bekerja sama dalam melakukan kegiatan projek.'),(44,2,3017156000119,'Saat pelaksanaan kegiatan projek, Dina mampu mengenali kebutuhan bersama dan bekerja sama dalam melakukan kegiatan projek.'),(45,2,3017156000120,'Saat pelaksanaan kegiatan projek, Dina mampu mengenali kebutuhan bersama dan bekerja sama dalam melakukan kegiatan projek.'),(46,2,3017156000121,'Saat pelaksanaan kegiatan projek, Dina mampu mengenali kebutuhan bersama dan bekerja sama dalam melakukan kegiatan projek.'),(47,2,3017156000122,'Saat pelaksanaan kegiatan projek, Dina mampu mengenali kebutuhan bersama dan bekerja sama dalam melakukan kegiatan projek.'),(48,2,3017156000123,'Saat pelaksanaan kegiatan projek, Dina mampu mengenali kebutuhan bersama dan bekerja sama dalam melakukan kegiatan projek.'),(49,2,3017156000124,'Saat pelaksanaan kegiatan projek, Dina mampu mengenali kebutuhan bersama dan bekerja sama dalam melakukan kegiatan projek.'),(50,2,3017156000125,'Saat pelaksanaan kegiatan projek, Dina mampu mengenali kebutuhan bersama dan bekerja sama dalam melakukan kegiatan projek.'),(51,2,3017156000126,'Saat pelaksanaan kegiatan projek, Dina mampu mengenali kebutuhan bersama dan bekerja sama dalam melakukan kegiatan projek.'),(52,2,3017156000127,'Saat pelaksanaan kegiatan projek, Dina mampu mengenali kebutuhan bersama dan bekerja sama dalam melakukan kegiatan projek.'),(53,4,3017156000103,'Beriman dan Bertakwa kepada Tuhan YME:\nMenunjukkan rasa syukur atas anugerah tanah air sebagai bentuk iman.'),(54,4,3017156000105,'Gotong Royong:\nBekerja sama dalam kegiatan yang mendukung persatuan dan kebersamaan.'),(55,4,3017156000106,'Gotong Royong:\nBekerja sama dalam kegiatan yang mendukung persatuan dan kebersamaan.'),(56,4,3017156000107,'Beriman dan Bertakwa kepada Tuhan YME:\nMenunjukkan rasa syukur atas anugerah tanah air sebagai bentuk iman.'),(57,4,3017156000108,'Berkebinekaan Global:\nMenghargai perbedaan suku, budaya, dan agama sebagai kekayaan bangsa.'),(58,4,3017156000109,'Gotong Royong:\nBekerja sama dalam kegiatan yang mendukung persatuan dan kebersamaan.'),(59,4,3017156000110,'Mandiri:\nMenunjukkan tanggung jawab dalam menjaga lingkungan dan identitas bangsa.'),(60,4,3017156000128,'Mandiri:\nMenunjukkan tanggung jawab dalam menjaga lingkungan dan identitas bangsa.'),(61,4,3017156000111,'Berkebinekaan Global:\nMenghargai perbedaan suku, budaya, dan agama sebagai kekayaan bangsa.'),(62,4,3017156000112,'Beriman dan Bertakwa kepada Tuhan YME:\nMenunjukkan rasa syukur atas anugerah tanah air sebagai bentuk iman.'),(63,4,3017156000113,'Mandiri:\nMenunjukkan tanggung jawab dalam menjaga lingkungan dan identitas bangsa.'),(64,4,3017156000114,'Mandiri:\nMenunjukkan tanggung jawab dalam menjaga lingkungan dan identitas bangsa.'),(65,4,3017156000115,'Berkebinekaan Global:\nMenghargai perbedaan suku, budaya, dan agama sebagai kekayaan bangsa.'),(66,4,3017156000116,'Kreatif:\nMenyampaikan ide cinta tanah air melalui media kreatif seperti poster, video, atau puisi'),(67,4,3017156000117,'Kreatif:\nMenyampaikan ide cinta tanah air melalui media kreatif seperti poster, video, atau puisi'),(68,4,3017156000118,'Kreatif:\nMenyampaikan ide cinta tanah air melalui media kreatif seperti poster, video, atau puisi'),(69,4,3017156000119,'Berkebinekaan Global:\nMenghargai perbedaan suku, budaya, dan agama sebagai kekayaan bangsa.'),(70,4,3017156000120,'Kreatif:\nMenyampaikan ide cinta tanah air melalui media kreatif seperti poster, video, atau puisi'),(71,4,3017156000121,'Kreatif:\nMenyampaikan ide cinta tanah air melalui media kreatif seperti poster, video, atau puisi'),(72,4,3017156000122,'Bernalar Kritis:\nMenganalisis peran pelajar dalam menjaga keutuhan bangsa dan nilai-nilai Pancasila.'),(73,4,3017156000123,'Bernalar Kritis:\nMenganalisis peran pelajar dalam menjaga keutuhan bangsa dan nilai-nilai Pancasila.'),(74,4,3017156000124,'Berkebinekaan Global:\nMenghargai perbedaan suku, budaya, dan agama sebagai kekayaan bangsa.'),(75,4,3017156000125,'Bernalar Kritis:\nMenganalisis peran pelajar dalam menjaga keutuhan bangsa dan nilai-nilai Pancasila.'),(76,4,3017156000126,'Bernalar Kritis:\nMenganalisis peran pelajar dalam menjaga keutuhan bangsa dan nilai-nilai Pancasila.'),(77,4,3017156000127,'Bernalar Kritis:\nMenganalisis peran pelajar dalam menjaga keutuhan bangsa dan nilai-nilai Pancasila.'),(78,5,3017156000103,'Beriman dan Bertakwa kepada Tuhan YME:\nMenunjukkan sikap jujur, amanah, dan bertanggung jawab dalam kegiatan usaha.'),(79,5,3017156000104,'Mandiri:\nMemiliki inisiatif, percaya diri, dan tanggung jawab dalam merancang dan menjalankan usaha sederhana.'),(80,5,3017156000105,'Kreatif:\nMengembangkan ide produk atau jasa yang unik, bermanfaat, dan bernilai jual.'),(81,5,3017156000106,'Beriman dan Bertakwa kepada Tuhan YME:\nMenunjukkan sikap jujur, amanah, dan bertanggung jawab dalam kegiatan usaha.'),(82,5,3017156000107,'Kreatif:\nMengembangkan ide produk atau jasa yang unik, bermanfaat, dan bernilai jual.'),(83,5,3017156000108,'Mandiri:\nMemiliki inisiatif, percaya diri, dan tanggung jawab dalam merancang dan menjalankan usaha sederhana.'),(84,5,3017156000109,'Kreatif:\nMengembangkan ide produk atau jasa yang unik, bermanfaat, dan bernilai jual.'),(85,5,3017156000110,'Beriman dan Bertakwa kepada Tuhan YME:\nMenunjukkan sikap jujur, amanah, dan bertanggung jawab dalam kegiatan usaha.'),(86,5,3017156000128,'Kreatif:\nMengembangkan ide produk atau jasa yang unik, bermanfaat, dan bernilai jual.'),(87,5,3017156000111,'Mandiri:\nMemiliki inisiatif, percaya diri, dan tanggung jawab dalam merancang dan menjalankan usaha sederhana.'),(88,5,3017156000112,'Beriman dan Bertakwa kepada Tuhan YME:\nMenunjukkan sikap jujur, amanah, dan bertanggung jawab dalam kegiatan usaha.'),(89,5,3017156000113,'Kreatif:\nMengembangkan ide produk atau jasa yang unik, bermanfaat, dan bernilai jual.'),(90,5,3017156000114,'Bernalar Kritis:\nMenganalisis kebutuhan pasar dan merencanakan strategi usaha secara sederhana.'),(91,5,3017156000115,'Bernalar Kritis:\nMenganalisis kebutuhan pasar dan merencanakan strategi usaha secara sederhana.'),(92,5,3017156000116,'Mandiri:\nMemiliki inisiatif, percaya diri, dan tanggung jawab dalam merancang dan menjalankan usaha sederhana.'),(93,5,3017156000117,'Beriman dan Bertakwa kepada Tuhan YME:\nMenunjukkan sikap jujur, amanah, dan bertanggung jawab dalam kegiatan usaha.'),(94,5,3017156000118,'Bernalar Kritis:\nMenganalisis kebutuhan pasar dan merencanakan strategi usaha secara sederhana.'),(95,5,3017156000119,'Mandiri:\nMemiliki inisiatif, percaya diri, dan tanggung jawab dalam merancang dan menjalankan usaha sederhana.'),(96,5,3017156000120,'Bernalar Kritis:\nMenganalisis kebutuhan pasar dan merencanakan strategi usaha secara sederhana.'),(97,5,3017156000121,'Bernalar Kritis:\nMenganalisis kebutuhan pasar dan merencanakan strategi usaha secara sederhana.'),(98,5,3017156000122,'Beriman dan Bertakwa kepada Tuhan YME:\nMenunjukkan sikap jujur, amanah, dan bertanggung jawab dalam kegiatan usaha.'),(99,5,3017156000123,'Mandiri:\nMemiliki inisiatif, percaya diri, dan tanggung jawab dalam merancang dan menjalankan usaha sederhana.'),(100,5,3017156000124,'Bernalar Kritis:\nMenganalisis kebutuhan pasar dan merencanakan strategi usaha secara sederhana.'),(101,5,3017156000125,'Bernalar Kritis:\nMenganalisis kebutuhan pasar dan merencanakan strategi usaha secara sederhana.'),(102,5,3017156000126,'Mandiri:\nMemiliki inisiatif, percaya diri, dan tanggung jawab dalam merancang dan menjalankan usaha sederhana.'),(103,5,3017156000127,'Beriman dan Bertakwa kepada Tuhan YME:\nMenunjukkan sikap jujur, amanah, dan bertanggung jawab dalam kegiatan usaha.');

--
-- Table structure for table `p_dimensi`
--

CREATE TABLE `p_dimensi` (
  `dimensi_id` int(11) NOT NULL AUTO_INCREMENT,
  `dimensi_nama` varchar(255) DEFAULT NULL,
  PRIMARY KEY (`dimensi_id`)
) ENGINE=InnoDB AUTO_INCREMENT=7 DEFAULT CHARSET=utf8mb4 COLLATE=utf8mb4_general_ci;

--
-- Dumping data for table `p_dimensi`
--

INSERT INTO `p_dimensi` VALUES (1,'Beriman, Bertakwa Kepada Tuhan Yang Maha Esa, dan Berakhlak Mulia'),(2,'Berkebinekaan Global'),(3,'Gotong Royong'),(4,'Mandiri'),(5,'Bernalar Kritis'),(6,'Kreatif');

--
-- Table structure for table `p_elemen`
--

CREATE TABLE `p_elemen` (
  `elemen_id` int(11) NOT NULL AUTO_INCREMENT,
  `dimensi_id` int(11) NOT NULL,
  `elemen_nama` text DEFAULT NULL,
  PRIMARY KEY (`elemen_id`),
  KEY `dimensi_id` (`dimensi_id`)
) ENGINE=InnoDB AUTO_INCREMENT=25 DEFAULT CHARSET=utf8mb4 COLLATE=utf8mb4_general_ci;

--
-- Dumping data for table `p_elemen`
--

INSERT INTO `p_elemen` VALUES (1,1,'Akhlak Beragama'),(2,1,'Akhlak Pribadi'),(3,1,'Akhlak Kepada Manusia'),(4,1,'Akhlak Kepada Alam'),(5,1,'Akhlak Bernegara'),(6,2,'Mengenal dan menghargai budaya'),(7,2,'Komunikasi dan interaksi antar budaya'),(8,2,'Refleksi dan bertanggung jawab terhadap pengalaman kebinekaan'),(9,2,'Berkeadilan Sosial'),(10,3,'Kolaborasi'),(11,3,'Kepedulian'),(12,3,'Berbagi'),(13,4,'Pemahaman diri dan situasi yang dihadapi'),(14,4,'Regulasi Diri'),(15,5,'Memperoleh dan memproses informasi dan gagasan'),(16,5,'Menganalisis dan mengevaluasi penalaran dan prosedurnya'),(17,5,'Refleksi pemikiran dan proses berpikir'),(18,6,'Menghasilkan gagasan yang orisinal'),(19,6,'Menghasilkan karya dan tindakan yang orisinal'),(20,6,'Memiliki keluwesan berpikir dalam mencari alternatif solusi permasalahan'),(21,1,'Komunikasi Dan Interaksi Antar Budaya'),(23,1,'Refleksi Dan Bertanggung Jawab Terhadap Pengalaman Kebinekaan'),(24,1,'Berkeadilan Sosial');

--
-- Table structure for table `p_nilai`
--

CREATE TABLE `p_nilai` (
  `nilai_id` int(11) NOT NULL AUTO_INCREMENT,
  `target_id` int(11) NOT NULL,
  `siswa_id` bigint(13) DEFAULT NULL,
  `nilai_data` int(11) DEFAULT NULL,
  PRIMARY KEY (`nilai_id`),
  UNIQUE KEY `target_id` (`target_id`,`siswa_id`),
  KEY `target_id_2` (`target_id`)
) ENGINE=InnoDB AUTO_INCREMENT=157 DEFAULT CHARSET=utf8mb4 COLLATE=utf8mb4_general_ci;

--
-- Dumping data for table `p_nilai`
--

INSERT INTO `p_nilai` VALUES (1,2,3017156000103,1),(2,2,3017156000104,2),(3,2,3017156000105,2),(4,2,3017156000106,1),(5,2,3017156000107,2),(6,2,3017156000108,2),(7,2,3017156000109,2),(8,2,3017156000110,2),(9,2,3017156000128,1),(10,2,3017156000111,2),(11,2,3017156000112,1),(12,2,3017156000113,1),(13,2,3017156000114,2),(14,2,3017156000115,1),(15,2,3017156000116,1),(16,2,3017156000117,1),(17,2,3017156000118,1),(18,2,3017156000119,2),(19,2,3017156000120,1),(20,2,3017156000121,1),(21,2,3017156000122,1),(22,2,3017156000123,2),(23,2,3017156000124,1),(24,2,3017156000125,1),(25,2,3017156000126,2),(26,2,3017156000127,2),(27,3,3017156000103,2),(28,3,3017156000104,3),(29,3,3017156000105,3),(30,3,3017156000106,2),(31,3,3017156000107,2),(32,3,3017156000108,2),(33,3,3017156000109,2),(34,3,3017156000110,2),(35,3,3017156000128,2),(36,3,3017156000111,2),(37,3,3017156000112,1),(38,3,3017156000113,2),(39,3,3017156000114,1),(40,3,3017156000115,1),(41,3,3017156000116,1),(42,3,3017156000117,2),(43,3,3017156000118,2),(44,3,3017156000119,2),(45,3,3017156000120,2),(46,3,3017156000121,1),(47,3,3017156000122,1),(48,3,3017156000123,2),(49,3,3017156000124,1),(50,3,3017156000125,1),(51,3,3017156000126,2),(52,3,3017156000127,2),(53,1,3017156000103,2),(54,1,3017156000104,2),(55,1,3017156000105,2),(56,1,3017156000106,2),(57,1,3017156000107,2),(58,1,3017156000108,2),(59,1,3017156000109,2),(60,1,3017156000110,2),(61,1,3017156000128,1),(62,1,3017156000111,1),(63,1,3017156000112,1),(64,1,3017156000113,1),(65,1,3017156000114,2),(66,1,3017156000115,2),(67,1,3017156000116,2),(68,1,3017156000117,2),(69,1,3017156000118,2),(70,1,3017156000119,2),(71,1,3017156000120,1),(72,1,3017156000121,1),(73,1,3017156000122,2),(74,1,3017156000123,2),(75,1,3017156000124,2),(76,1,3017156000125,1),(77,1,3017156000126,2),(78,1,3017156000127,2),(79,5,3017156000103,1),(80,5,3017156000104,1),(81,5,3017156000105,1),(82,5,3017156000106,1),(83,5,3017156000107,1),(84,5,3017156000108,1),(85,5,3017156000109,1),(86,5,3017156000110,1),(87,5,3017156000128,1),(88,5,3017156000111,1),(89,5,3017156000112,1),(90,5,3017156000113,1),(91,5,3017156000114,1),(92,5,3017156000115,1),(93,5,3017156000116,1),(94,5,3017156000117,1),(95,5,3017156000118,1),(96,5,3017156000119,1),(97,5,3017156000120,1),(98,5,3017156000121,1),(99,5,3017156000122,1),(100,5,3017156000123,1),(101,5,3017156000124,1),(102,5,3017156000125,1),(103,5,3017156000126,1),(104,5,3017156000127,1),(105,6,3017156000103,1),(106,6,3017156000104,1),(107,6,3017156000105,1),(108,6,3017156000106,1),(109,6,3017156000107,1),(110,6,3017156000108,1),(111,6,3017156000109,1),(112,6,3017156000110,1),(113,6,3017156000128,1),(114,6,3017156000111,1),(115,6,3017156000112,1),(116,6,3017156000113,1),(117,6,3017156000114,1),(118,6,3017156000115,1),(119,6,3017156000116,1),(120,6,3017156000117,1),(121,6,3017156000118,1),(122,6,3017156000119,1),(123,6,3017156000120,1),(124,6,3017156000121,1),(125,6,3017156000122,1),(126,6,3017156000123,1),(127,6,3017156000124,1),(128,6,3017156000125,1),(129,6,3017156000126,1),(130,6,3017156000127,1),(131,7,3017156000103,1),(132,7,3017156000104,2),(133,7,3017156000105,2),(134,7,3017156000106,1),(135,7,3017156000107,1),(136,7,3017156000108,1),(137,7,3017156000109,1),(138,7,3017156000110,1),(139,7,3017156000128,1),(140,7,3017156000111,1),(141,7,3017156000112,1),(142,7,3017156000113,1),(143,7,3017156000114,1),(144,7,3017156000115,1),(145,7,3017156000116,1),(146,7,3017156000117,1),(147,7,3017156000118,1),(148,7,3017156000119,2),(149,7,3017156000120,1),(150,7,3017156000121,1),(151,7,3017156000122,1),(152,7,3017156000123,1),(153,7,3017156000124,1),(154,7,3017156000125,1),(155,7,3017156000126,1),(156,7,3017156000127,1);

--
-- Table structure for table `p_pembina`
--

CREATE TABLE `p_pembina` (
  `pembina_id` int(11) NOT NULL AUTO_INCREMENT,
  `lembaga_id` varchar(100) DEFAULT NULL,
  `tahunajaran_id` int(11) DEFAULT NULL,
  `semester_id` int(11) DEFAULT NULL,
  `guru_id` bigint(20) DEFAULT NULL,
  `kelas_id` bigint(20) DEFAULT NULL,
  PRIMARY KEY (`pembina_id`)
) ENGINE=InnoDB AUTO_INCREMENT=2 DEFAULT CHARSET=utf8mb4 COLLATE=utf8mb4_general_ci;

--
-- Dumping data for table `p_pembina`
--

INSERT INTO `p_pembina` VALUES (1,'WFRpeFVlRXcyTU9kSDM2VEVmdUpidz09OmJUUmtjalJ6TkdoaU1YTTBaREJ1T1E9PQ',2024,NULL,3017156000005,2024100000000000001);

--
-- Table structure for table `p_proyek`
--

CREATE TABLE `p_proyek` (
  `proyek_id` int(11) NOT NULL AUTO_INCREMENT,
  `tema_id` int(11) DEFAULT NULL,
  `proyek_nama` varchar(100) DEFAULT NULL,
  `proyek_judul` varchar(250) DEFAULT NULL,
  `proyek_deskripsi` text DEFAULT NULL,
  `pembina_id` int(11) DEFAULT NULL,
  `proyek_send` int(1) DEFAULT NULL,
  `kelas_id` bigint(20) DEFAULT NULL,
  PRIMARY KEY (`proyek_id`)
) ENGINE=InnoDB AUTO_INCREMENT=6 DEFAULT CHARSET=utf8mb4 COLLATE=utf8mb4_general_ci;

--
-- Dumping data for table `p_proyek`
--

INSERT INTO `p_proyek` VALUES (1,1,'1','Lingkunganku, Tanggung Jawabku','Taman Kreasi Siswa  \n Taman kreasi siswa memiliki manfaat untuk meningkatkan kreativitas siswa sekaligus mengajarkan gaya hidup berkelanjutan. Siswa bisa membuat taman dengan menerapkan prinsip gaya hidup berkelanjutan.  Pihak sekolah juga bisa memberi kebebasan kepada siswa untuk membuat tempat sampah organik dan non organik.',1,1,NULL),(2,2,'2','Ku tanam Sayurannku','Desa sukatenang merupakan  desa pertanian udaranya sangat segar,  dan sejuk banyak lahan-lahan yang tersedia termasuk lahan yang ada di sekitar lingkungan sekolah sehingga perlu di perkenalkan dengan peserta didik,tentang keunggulan pertanian dan pemanfaatan lahan yang ada.',1,1,NULL),(4,11,'3','Cinta tanah air bagian dari Iman','Menumbuhkan rasa cinta tanah air sebagai bagian dari iman melalui kegiatan kebangsaan, kepedulian lingkungan, dan penghargaan terhadap keberagaman.',1,2,NULL),(5,7,'4','Muda Berkarya, Mandiri Berwirausaha&quot;','Peserta didik dikenalkan pada dasar-dasar kewirausahaan melalui observasi, perencanaan, dan praktik usaha sederhana guna menumbuhkan jiwa mandiri, kreatif, dan bertanggung jawab sejak dini',1,2,NULL);

--
-- Table structure for table `p_subelemen`
--

CREATE TABLE `p_subelemen` (
  `subelemen_id` int(11) NOT NULL AUTO_INCREMENT,
  `elemen_id` int(11) NOT NULL,
  `subelemen_nama` text DEFAULT NULL,
  PRIMARY KEY (`subelemen_id`),
  KEY `elemen_id` (`elemen_id`)
) ENGINE=InnoDB AUTO_INCREMENT=46 DEFAULT CHARSET=utf8mb4 COLLATE=utf8mb4_general_ci;

--
-- Dumping data for table `p_subelemen`
--

INSERT INTO `p_subelemen` VALUES (1,1,'Mengenal dan Mencintai Tuhan Yang Maha Esa'),(2,1,'Pemahaman Agama/Kepercayaan'),(3,1,'Pelaksanaan Ritual Ibadah'),(4,2,'Integritas'),(5,2,'Merawat Diri secara Fisik, Mental dan Spiritual'),(6,3,'Mengutamakan persamaan dengan orang lain dan menghargai perbedaan'),(7,3,'Berempati kepada orang lain'),(8,4,'Memahami Keterhubungan Ekosistem Bumi'),(9,4,'Menjaga Lingkungan Alam Sekitar'),(10,5,'Melaksanakan Hak dan Kewajiban sebagai Warga Negara Indonesia'),(11,6,'Mendalami budaya dan identitas budaya'),(12,6,'Mengeksplorasi dan membandingkan pengetahuan budaya, kepercayaan, serta praktiknya'),(13,6,'Menumbuhkan rasa menghormati terhadap keanekaraga man budaya. [Tasāmuh]'),(14,7,'Berkomunikasi antar budaya'),(15,7,'Mempertimbangkan dan menumbuhkan berbagai perspektif'),(16,8,'Refleksi terhadap pengalaman kebinekaan'),(17,8,'Menghilangkan stereotip dan prasangka'),(18,8,'Menyelaraskan perbedaan budaya'),(19,9,'Aktif membangun masyarakat yang inklusif, adil, dan berkelanjutan'),(20,9,'Berpartisipasi dalam proses pengambilan keputusan bersama'),(21,1,'Pemahaman dan pengamalan beragama yang moderat tidak berlebih-lebihan (ifrāṭ / ekstrem kanan) dan juga tidak abai (tafrīṭ / ekstrem kiri). [Tawassuṭ]'),(22,1,'Pemahaman dan pengamalan agama secara seimbang yang meliputi semua aspek kehidupan, baik dunia maupun akhirat [Tawāzun].'),(23,2,'Menjadi pelopor kebaikan dalam menjalankan fungsi khalifah di bumi [Qudwah]'),(24,3,'Menjunjung tinggi akhlak mulia dalam kehidupan dan peradaban manusia [Ta’addub]'),(25,9,'Memahami peran individu dalam demokrasi'),(26,10,'Kerja sama'),(27,10,'Komunikasi untuk mencapai tujuan bersama'),(29,10,'Saling-ketergantungan positif'),(30,10,'Koordinasi Sosial'),(31,10,'Bersaudara atas dasar agama, kemanusiaan, dan sesama warga negara. (Ukhuwah diniyyah, basyariah, waṭaniyah) [Tasāmuh].'),(32,11,'Tanggap terhadap lingkungan Sosial'),(33,11,'Persepsi sosial'),(34,13,'Mengenali kualitas dan minat diri serta tantangan yang dihadapi'),(35,13,'Mengembangkan refleksi diri'),(36,14,'Regulasi emosi'),(37,14,'Penetapan tujuan belajar, prestasi, dan pengemba ngan diri serta rencana strategis untuk mencapain ya'),(38,14,'Menunjukkan inisiatif dan bekerja secara mandiri [Qudwah]'),(39,14,'Mengembangkan pengendalian dan disiplin diri [Qudwah]'),(40,14,'Percaya diri, tangguh (resilient), dan adaptif [Qudwah]'),(41,15,'Mengajukan pertanyaan'),(42,15,'Mengidentifikasi, mengklarifikasi, dan mengolah informasi dan gagasan'),(44,19,'Inovatif menciptakan hal baru untuk kemaslahatan dan kemajuan umat manusia [Tathawwur wa Ibtikâr]'),(45,20,'Dinamis melakukan perubahan sesuai dengan perkembangan zaman [Tathawwur wa Ibtikâr]');

--
-- Table structure for table `p_target`
--

CREATE TABLE `p_target` (
  `target_id` int(11) NOT NULL AUTO_INCREMENT,
  `proyek_id` int(11) DEFAULT NULL,
  `targetelemen_id` int(11) DEFAULT NULL,
  PRIMARY KEY (`target_id`)
) ENGINE=InnoDB AUTO_INCREMENT=8 DEFAULT CHARSET=utf8mb4 COLLATE=utf8mb4_general_ci;

--
-- Dumping data for table `p_target`
--

INSERT INTO `p_target` VALUES (1,1,232),(2,2,247),(3,2,245),(5,4,212),(6,5,232),(7,5,245);

--
-- Table structure for table `p_targetelemen`
--

CREATE TABLE `p_targetelemen` (
  `targetelemen_id` int(11) NOT NULL AUTO_INCREMENT,
  `elemen_id` int(11) NOT NULL,
  `subelemen_id` int(11) DEFAULT NULL,
  `jenjang_id` int(11) DEFAULT NULL,
  `fase` varchar(1) DEFAULT NULL,
  `targetelemen_detail` text DEFAULT NULL,
  PRIMARY KEY (`targetelemen_id`),
  KEY `elemen_id` (`elemen_id`),
  KEY `subelemen_id` (`subelemen_id`)
) ENGINE=InnoDB AUTO_INCREMENT=251 DEFAULT CHARSET=utf8mb4 COLLATE=utf8mb4_general_ci;

--
-- Dumping data for table `p_targetelemen`
--

INSERT INTO `p_targetelemen` VALUES (201,1,1,3,'','Memahami berbagai kualitas atau sifat-sifat Tuhan Yang Maha Esa yang diutarakan dalam kitab suci agama masing-masing dan menghubungkan kualitas-kualitas positif Tuhan dengan sikap pribadinya, serta meyakini firman Tuhan sebagai kebenaran.'),(202,1,2,3,'','Memahami unsur-unsur utama agama/kepercayaan, dan mengenali peran agama/kepercayaan dalam kehidupan serta memahami ajaran moral agama.'),(203,1,3,3,'','Melaksanakan ibadah secara rutin sesuai dengan tuntunan agama/kepercaya annya, berdoa mandiri, merayakan, dan memahami makna hari-hari besar.'),(204,1,21,3,'','Memahami perilaku beragama dan kelompok/golongannya konteks lokal dan mengamalkan perilaku tawassuṭ/moderat dalam beragama'),(205,1,22,3,'','Menerapkan  pengamalan keagamaan secara seimbang meliputi semua aspek kehidupan, baik dunia maupun akhirat dengan kapasitasnya sebagai pribadi dan masyarakat berlandaskan ajaran Islam.'),(206,2,4,3,'','Berani dan konsisten menyampaikan kebenaran atau fakta serta memahami konsekuensi- konsekuensinya untuk diri sendiri.'),(207,2,5,3,'','Memperhatikan kesehatan jasmani, mental, dan rohani dengan melakukan aktivitas fisik, sosial, dan ibadah.'),(208,2,23,3,'','Menjadi teladan dalam berbagai kegiatan, baik di lingkungan madrasah maupun di luar lingkungan madrasah'),(209,3,6,3,'','Mengidentifikasi kesamaan dengan orang lain sebagai perekat hubungan sosial dan mewujudkannya dalam aktivitas kelompok. Mulai mengenal berbagai kemungkinan interpretasi dan cara pandang yang berbeda ketika dihadapkan dengan dilema.'),(210,3,7,3,'','Mulai memandang sesuatu dari perspektif orang lain serta mengidentifikasi kebaikan dan kelebihan orang sekitarnya.'),(211,3,24,3,'','Menunjukkan pribadi yang saleh individual dan sosial, santun, dan berbudi pekerti mulia di lingkungan keluarga dan madrasah.'),(212,4,8,3,'','Memahami konsep harmoni dan mengidentifikasi adanya saling kebergantungan antara berbagai ciptaan Tuhan.'),(213,4,9,3,'','Mewujudkan rasa syukur dengan terbiasa berperilaku ramah lingkungan dan memahami akibat perbuatan tidak ramah lingkungan dalam lingkup kecil maupun besar.'),(214,5,0,3,'','Mengidentifikasi dan memahami peran, hak, dan kewajiban dasar sebagai warga negara serta kaitannya dengan keimanan kepada Tuhan Yang Maha Esa dan secara sadar mempraktikkannya dalam kehidupan sehari- hari.'),(215,5,10,3,'','Memahami sikap nasionalisme, patriotisme, berkomitmen 4 pilar kebangsaan (Pancasila, Bhinneka Tunggal Ika, NKRI, UUD 1945), dan akomodatif terhadap budaya lokal.'),(216,6,11,3,'','Mengidentifikasi dan mendeskripsikan keragaman budaya di sekitarnya; serta menjelaskan peran budaya dan bahasa dalam membentuk identitas dirinya.'),(217,6,12,3,'','Mendeskripsikan dan membandingkan pengetahuan dan praktik dari berbagai kelompok budaya.'),(218,6,13,3,'','Mengidentifikasi peluang dan tantangan yang muncul dari keragaman budaya di Indonesia.'),(219,7,14,3,'','Memahami persamaan dan perbedaan cara berkomunikasi baik di dalam maupun antarkelompok budaya.'),(220,7,15,3,'','Membandingkan beragam perspektif untuk memahami permasalahan sehari-hari. Memperkirakan dan mendeskripsikan situasi komunitas yang berbeda dengan dirinya ke dalam situasi dirinya dalam konteks lokal dan regional.'),(221,8,16,3,'','Menjelaskan apa yang telah dipelajari dari interaksi dan pengalaman dirinya dalam lingkungan yang beragam.'),(222,8,17,3,'','Mengonfirmasi dan mengklarifikasi stereotip dan prasangka yang dimilikinya tentang orang atau kelompok di sekitarnya untuk mendapatkan pemahaman yang lebih baik serta mengidentifikasi pengaruhnya terhadap individu dan kelompok di lingkungan sekitarnya.'),(223,8,18,3,'','Menyelaraskan nilai budaya yang beragam untuk menyelesaikan permasalahan bersama.'),(224,9,19,3,'','Membandingkan beberapa tindakan dan praktik perbaikan lingkungan sekolah yang inklusif, adil, dan berkelanjutan, dengan mempertimbangkan dampaknya secara jangka panjang terhadap manusia, alam, dan masyarakat.'),(225,9,20,3,'','Berpartisipasi dalam menentukan kriteria yang disepakati bersama untuk menentukan pilihan dan keputusan untuk kepentingan bersama.'),(226,9,25,3,'','Memahami konsep hak dan kewajiban, serta implikasinya terhadap perilakunya. Menggunakan konsep ini untuk menjelaskan perilaku diri dan orang sekitarnya.'),(227,10,26,3,'','Menunjukkan ekspektasi (harapan) positif kepada orang lain dalam rangka mencapai tujuan kelompok di lingkungan sekitar (sekolah dan rumah).'),(228,10,27,3,'','Memahami informasi dari berbagai sumber dan menyampaikan pesan menggunakan berbagai simbol dan media secara efektif kepada orang lain untuk mencapai tujuan bersama.'),(229,10,29,3,'','Menyadari bahwa meskipun setiap orang memiliki otonominya masing-masing, setiap orang membutuhkan orang lain dalam memenuhi kebutuhannya.'),(230,10,30,3,'','Menyelaraskan tindakannya sesuai dengan perannya dan mempertimbangkan peran orang lain untuk mencapai tujuan bersama.'),(231,10,31,3,'','Menerima dan menghormati temannya yang berbeda mazhab atau agama, suku, dan ras'),(232,11,32,3,'','Tanggap terhadap lingkungan sosial sesuai dengan tuntutan peran sosialnya dan menjaga keselarasan dalam berelasi dengan orang lain.'),(233,11,33,3,'','Menerapkan pengetahuan mengenai berbagai reaksi orang lain dan penyebabnya dalam konteks keluarga, sekolah, serta pertemanan dengan sebaya.'),(234,12,0,3,'','Memberi dan menerima hal yang dianggap penting dan berharga kepada/dari orang-orang di lingkungan luas/masyarakat baik yang dikenal maupun tidak dikenal.'),(235,13,34,3,'','Menggambarkan pengaruh kualitas dirinya terhadap pelaksanaan dan hasil belajar; serta mengidentifikasi kemampuan yang ingin dikembangkan dengan mempertimbangkan tantangan yang dihadapinya dan umpan balik dari orang dewasa.'),(236,13,35,3,'','Melakukan refleksi untuk mengidentifikasi faktor-faktor di dalam maupun di luar dirinya yang dapat mendukung/menghambatnya dalam belajar dan mengembangkan diri; serta mengidentifikasi cara-cara untuk mengatasi kekurangannya.'),(237,14,36,3,'','Memahami perbedaan emosi yang dirasakan dan dampaknya terhadap proses belajar dan interaksinya dengan orang lain; serta mencoba cara-cara yang sesuai untuk mengelola emosi agar dapat menunjang aktivitas belajar dan interaksinya dengan orang lain.'),(238,14,37,3,'','Menilai faktor- faktor (kekuatan dan kelemahan) yang ada pada dirinya dalam upaya mencapai tujuan belajar, prestasi, dan pengembangan dirinya serta mencoba berbagai strategi untuk mencapainya.'),(239,14,38,3,'','Memahami arti penting bekerja secara mandiri serta inisiatif untuk melakukannya dalam menunjang pembelajaran dan pengembangan dirinya.'),(240,14,39,3,'','Mengidentifikasi faktor-faktor yang dapat mempengaruhi kemampuan dalam mengelola diri dalam pelaksanaan aktivitas belajar dan pengembangan dirinya.'),(241,14,40,3,'','Menyusun, menyesuaikan, dan mengujicobakan berbagai strategi dan cara kerjanya untuk membantu dirinya dalam penyelesaian tugas yang menantang.'),(242,15,41,3,'','Mengajukan pertanyaan untuk membandingkan berbagai informasi dan untuk menambah pengetahuan.'),(243,15,42,3,'','Mengumpulkan, mengklasifikasikan, membandingkan , dan memilih informasi dari berbagai sumber, serta memperjelas informasi.'),(244,16,0,3,'','Menjelaskan alasan yang relevan dan akurat dalam penyelesaian masalah dan pengambilan keputusan.'),(245,17,0,3,'','Memberikan alasan dari hal yang dipikirkan, serta menyadari kemungkinan adanya bias pada pemikirannya sendiri.'),(246,18,0,3,'','Mengembangkan gagasan yang ia miliki untuk membuat kombinasi hal yang baru dan imajinatif untuk mengekspresikan pikiran dan/atau perasaannya.'),(247,19,0,3,'','Mengeksplorasi dan mengekspresikan pikiran dan/atau perasaannya sesuai dengan minat dan kesukaannya dalam bentuk karya dan/atau tindakan serta mengapresiasi dan mengkritisi karya dan tindakan yang dihasilkan.'),(248,19,44,3,'','Mengekspresikan gagasan/ide baru dalam bentuk lisan, tulisan, atau karya.'),(249,20,0,3,'','Mengidentifikasi alternatif solusi saat pendekatan yang diambil tidak berhasil berdasarkan identifikasi terhadap situasi.'),(250,20,45,3,'','Menganalisis berbagai gagasan/ide dalam bentuk lisan, tulisan, atau karya dan umpan balik untuk menghadapi situasi dan permasalahan');

--
-- Table structure for table `p_tema`
--

CREATE TABLE `p_tema` (
  `tema_id` int(11) NOT NULL AUTO_INCREMENT,
  `tema_nama` varchar(255) DEFAULT NULL,
  PRIMARY KEY (`tema_id`)
) ENGINE=InnoDB AUTO_INCREMENT=13 DEFAULT CHARSET=utf8mb4 COLLATE=utf8mb4_general_ci;

--
-- Dumping data for table `p_tema`
--

INSERT INTO `p_tema` VALUES (1,'Hidup Berkelanjutan'),(2,'Kearifan Lokal'),(3,'Bhineka	Tunggal Ika'),(4,'Bangunlah Jiwa dan Raganya'),(5,'Demokrasi Pancasila'),(6,'Berekayasa dan Berteknologi untuk membangun NKRI'),(7,'Kewirausahaan'),(8,'Kebekerjaan'),(9,'Keberagamaan dalam keragaman'),(10,'Damai dalam persaudaraan'),(11,'Cinta tanah air bagian dari keimanan'),(12,'Lestari adat istiadat negeri');

--
-- Dumping events for database 'mtsattaq_rdm'
--

--
-- Dumping routines for database 'mtsattaq_rdm'
--


