(2025200000000000534,'WFRpeFVlRXcyTU9kSDM2VEVmdUpidz09OmJUUmtjalJ6TkdoaU1YTTBaREJ1T1E9PQ',2025,2,11,2025200000000000003,3017156000091,2025200000000000064,3017156000018,2,3017156000086,80,'C','Cukup terampil terutama dalam Biantara (Pidato)',''),(2025200000000000535,'WFRpeFVlRXcyTU9kSDM2VEVmdUpidz09OmJUUmtjalJ6TkdoaU1YTTBaREJ1T1E9PQ',2025,2,11,2025200000000000003,3017156000091,2025200000000000064,3017156000018,2,3017156000087,80,'C','Cukup terampil terutama dalam Biantara (Pidato)',''),(2025200000000000536,'WFRpeFVlRXcyTU9kSDM2VEVmdUpidz09OmJUUmtjalJ6TkdoaU1YTTBaREJ1T1E9PQ',2025,2,11,2025200000000000003,3017156000091,2025200000000000064,3017156000018,2,3017156000088,80,'C','Cukup terampil terutama dalam Biantara (Pidato)',''),(2025200000000000537,'WFRpeFVlRXcyTU9kSDM2VEVmdUpidz09OmJUUmtjalJ6TkdoaU1YTTBaREJ1T1E9PQ',2025,2,11,2025200000000000003,3017156000091,2025200000000000064,3017156000018,2,3017156000089,80,'C','Cukup terampil terutama dalam Biantara (Pidato)',''),(2025200000000000538,'WFRpeFVlRXcyTU9kSDM2VEVmdUpidz09OmJUUmtjalJ6TkdoaU1YTTBaREJ1T1E9PQ',2025,2,11,2025200000000000003,3017156000091,2025200000000000064,3017156000018,2,3017156000092,80,'C','Cukup terampil terutama dalam Biantara (Pidato)',''),(2025200000000000539,'WFRpeFVlRXcyTU9kSDM2VEVmdUpidz09OmJUUmtjalJ6TkdoaU1YTTBaREJ1T1E9PQ',2025,2,11,2025200000000000003,3017156000091,2025200000000000064,3017156000018,2,3017156000094,80,'C','Cukup terampil terutama dalam Biantara (Pidato)',''),(2025200000000000540,'WFRpeFVlRXcyTU9kSDM2VEVmdUpidz09OmJUUmtjalJ6TkdoaU1YTTBaREJ1T1E9PQ',2025,2,11,2025200000000000003,3017156000091,2025200000000000064,3017156000018,2,3017156000153,80,'C','Cukup terampil terutama dalam Biantara (Pidato)',''),(2025200000000000541,'WFRpeFVlRXcyTU9kSDM2VEVmdUpidz09OmJUUmtjalJ6TkdoaU1YTTBaREJ1T1E9PQ',2025,2,11,2025200000000000003,3017156000091,2025200000000000064,3017156000018,2,3017156000097,80,'C','Cukup terampil terutama dalam Biantara (Pidato)',''),(2025200000000000542,'WFRpeFVlRXcyTU9kSDM2VEVmdUpidz09OmJUUmtjalJ6TkdoaU1YTTBaREJ1T1E9PQ',2025,2,11,2025200000000000003,3017156000091,2025200000000000064,3017156000018,2,3017156000098,80,'C','Cukup terampil terutama dalam Biantara (Pidato)',''),(2025200000000000543,'WFRpeFVlRXcyTU9kSDM2VEVmdUpidz09OmJUUmtjalJ6TkdoaU1YTTBaREJ1T1E9PQ',2025,2,11,2025200000000000003,3017156000091,2025200000000000064,3017156000018,2,3017156000099,80,'C','Cukup terampil terutama dalam Biantara (Pidato)',''),(2025200000000000544,'WFRpeFVlRXcyTU9kSDM2VEVmdUpidz09OmJUUmtjalJ6TkdoaU1YTTBaREJ1T1E9PQ',2025,2,11,2025200000000000003,3017156000091,2025200000000000064,3017156000018,2,3017156000101,80,'C','Cukup terampil terutama dalam Biantara (Pidato)',''),(2025200000000000545,'WFRpeFVlRXcyTU9kSDM2VEVmdUpidz09OmJUUmtjalJ6TkdoaU1YTTBaREJ1T1E9PQ',2025,2,11,2025200000000000003,41,2025200000000000060,3017156000008,2,3017156000080,80,'C','Cukup terampil terutama dalam Agreement and Disagreement: Menyatakan setuju atau tidak setuju.',''),(2025200000000000546,'WFRpeFVlRXcyTU9kSDM2VEVmdUpidz09OmJUUmtjalJ6TkdoaU1YTTBaREJ1T1E9PQ',2025,2,11,2025200000000000003,41,2025200000000000060,3017156000008,2,3017156000081,80,'C','Cukup terampil terutama dalam Agreement and Disagreement: Menyatakan setuju atau tidak setuju.',''),(2025200000000000547,'WFRpeFVlRXcyTU9kSDM2VEVmdUpidz09OmJUUmtjalJ6TkdoaU1YTTBaREJ1T1E9PQ',2025,2,11,2025200000000000003,41,2025200000000000060,3017156000008,2,3017156000130,80,'C','Cukup terampil terutama dalam Agreement and Disagreement: Menyatakan setuju atau tidak setuju.',''),(2025200000000000548,'WFRpeFVlRXcyTU9kSDM2VEVmdUpidz09OmJUUmtjalJ6TkdoaU1YTTBaREJ1T1E9PQ',2025,2,11,2025200000000000003,41,2025200000000000060,3017156000008,2,3017156000082,80,'C','Cukup terampil terutama dalam Agreement and Disagreement: Menyatakan setuju atau tidak setuju.',''),(2025200000000000549,'WFRpeFVlRXcyTU9kSDM2VEVmdUpidz09OmJUUmtjalJ6TkdoaU1YTTBaREJ1T1E9PQ',2025,2,11,2025200000000000003,41,2025200000000000060,3017156000008,2,3017156000083,80,'C','Cukup terampil terutama dalam Agreement and Disagreement: Menyatakan setuju atau tidak setuju.',''),(2025200000000000550,'WFRpeFVlRXcyTU9kSDM2VEVmdUpidz09OmJUUmtjalJ6TkdoaU1YTTBaREJ1T1E9PQ',2025,2,11,2025200000000000003,41,2025200000000000060,3017156000008,2,3017156000084,85,'B','Terampil terutama dalam Agreement and Disagreement: Menyatakan setuju atau tidak setuju.',''),(2025200000000000551,'WFRpeFVlRXcyTU9kSDM2VEVmdUpidz09OmJUUmtjalJ6TkdoaU1YTTBaREJ1T1E9PQ',2025,2,11,2025200000000000003,41,2025200000000000060,3017156000008,2,3017156000085,80,'C','Cukup terampil terutama dalam Agreement and Disagreement: Menyatakan setuju atau tidak setuju.',''),(2025200000000000552,'WFRpeFVlRXcyTU9kSDM2VEVmdUpidz09OmJUUmtjalJ6TkdoaU1YTTBaREJ1T1E9PQ',2025,2,11,2025200000000000003,41,2025200000000000060,3017156000008,2,3017156000086,80,'C','Cukup terampil terutama dalam Agreement and Disagreement: Menyatakan setuju atau tidak setuju.',''),(2025200000000000553,'WFRpeFVlRXcyTU9kSDM2VEVmdUpidz09OmJUUmtjalJ6TkdoaU1YTTBaREJ1T1E9PQ',2025,2,11,2025200000000000003,41,2025200000000000060,3017156000008,2,3017156000087,85,'B','Terampil terutama dalam Agreement and Disagreement: Menyatakan setuju atau tidak setuju.',''),(2025200000000000554,'WFRpeFVlRXcyTU9kSDM2VEVmdUpidz09OmJUUmtjalJ6TkdoaU1YTTBaREJ1T1E9PQ',2025,2,11,2025200000000000003,41,2025200000000000060,3017156000008,2,3017156000088,85,'B','Terampil terutama dalam Agreement and Disagreement: Menyatakan setuju atau tidak setuju.',''),(2025200000000000555,'WFRpeFVlRXcyTU9kSDM2VEVmdUpidz09OmJUUmtjalJ6TkdoaU1YTTBaREJ1T1E9PQ',2025,2,11,2025200000000000003,41,2025200000000000060,3017156000008,2,3017156000089,80,'C','Cukup terampil terutama dalam Agreement and Disagreement: Menyatakan setuju atau tidak setuju.',''),(2025200000000000556,'WFRpeFVlRXcyTU9kSDM2VEVmdUpidz09OmJUUmtjalJ6TkdoaU1YTTBaREJ1T1E9PQ',2025,2,11,2025200000000000003,41,2025200000000000060,3017156000008,2,3017156000092,80,'C','Cukup terampil terutama dalam Agreement and Disagreement: Menyatakan setuju atau tidak setuju.',''),(2025200000000000557,'WFRpeFVlRXcyTU9kSDM2VEVmdUpidz09OmJUUmtjalJ6TkdoaU1YTTBaREJ1T1E9PQ',2025,2,11,2025200000000000003,41,2025200000000000060,3017156000008,2,3017156000094,80,'C','Cukup terampil terutama dalam Agreement and Disagreement: Menyatakan setuju atau tidak setuju.',''),(2025200000000000558,'WFRpeFVlRXcyTU9kSDM2VEVmdUpidz09OmJUUmtjalJ6TkdoaU1YTTBaREJ1T1E9PQ',2025,2,11,2025200000000000003,41,2025200000000000060,3017156000008,2,3017156000153,80,'C','Cukup terampil terutama dalam Agreement and Disagreement: Menyatakan setuju atau tidak setuju.',''),(2025200000000000559,'WFRpeFVlRXcyTU9kSDM2VEVmdUpidz09OmJUUmtjalJ6TkdoaU1YTTBaREJ1T1E9PQ',2025,2,11,2025200000000000003,41,2025200000000000060,3017156000008,2,3017156000097,88,'B','Terampil terutama dalam Agreement and Disagreement: Menyatakan setuju atau tidak setuju.',''),(2025200000000000560,'WFRpeFVlRXcyTU9kSDM2VEVmdUpidz09OmJUUmtjalJ6TkdoaU1YTTBaREJ1T1E9PQ',2025,2,11,2025200000000000003,41,2025200000000000060,3017156000008,2,3017156000098,90,'B','Terampil terutama dalam Agreement and Disagreement: Menyatakan setuju atau tidak setuju.',''),(2025200000000000561,'WFRpeFVlRXcyTU9kSDM2VEVmdUpidz09OmJUUmtjalJ6TkdoaU1YTTBaREJ1T1E9PQ',2025,2,11,2025200000000000003,41,2025200000000000060,3017156000008,2,3017156000099,80,'C','Cukup terampil terutama dalam Agreement and Disagreement: Menyatakan setuju atau tidak setuju.',''),(2025200000000000562,'WFRpeFVlRXcyTU9kSDM2VEVmdUpidz09OmJUUmtjalJ6TkdoaU1YTTBaREJ1T1E9PQ',2025,2,11,2025200000000000003,41,2025200000000000060,3017156000008,2,3017156000101,90,'B','Terampil terutama dalam Agreement and Disagreement: Menyatakan setuju atau tidak setuju.',''),(2025200000000000563,'WFRpeFVlRXcyTU9kSDM2VEVmdUpidz09OmJUUmtjalJ6TkdoaU1YTTBaREJ1T1E9PQ',2025,2,11,2025200000000000003,41,2025200000000000060,3017156000008,1,3017156000080,80,'C','Memiliki kemampuan cukup baik terutama kemampuan dalam Agreement and Disagreement: Menyatakan setuju atau tidak setuju.',NULL),(2025200000000000564,'WFRpeFVlRXcyTU9kSDM2VEVmdUpidz09OmJUUmtjalJ6TkdoaU1YTTBaREJ1T1E9PQ',2025,2,11,2025200000000000003,41,2025200000000000060,3017156000008,1,3017156000081,80,'C','Memiliki kemampuan cukup baik terutama kemampuan dalam Agreement and Disagreement: Menyatakan setuju atau tidak setuju.',NULL),(2025200000000000565,'WFRpeFVlRXcyTU9kSDM2VEVmdUpidz09OmJUUmtjalJ6TkdoaU1YTTBaREJ1T1E9PQ',2025,2,11,2025200000000000003,41,2025200000000000060,3017156000008,1,3017156000130,80,'C','Memiliki kemampuan cukup baik terutama kemampuan dalam Agreement and Disagreement: Menyatakan setuju atau tidak setuju.',NULL),(2025200000000000566,'WFRpeFVlRXcyTU9kSDM2VEVmdUpidz09OmJUUmtjalJ6TkdoaU1YTTBaREJ1T1E9PQ',2025,2,11,2025200000000000003,41,2025200000000000060,3017156000008,1,3017156000082,80,'C','Memiliki kemampuan cukup baik terutama kemampuan dalam Agreement and Disagreement: Menyatakan setuju atau tidak setuju.',NULL),(2025200000000000567,'WFRpeFVlRXcyTU9kSDM2VEVmdUpidz09OmJUUmtjalJ6TkdoaU1YTTBaREJ1T1E9PQ',2025,2,11,2025200000000000003,41,2025200000000000060,3017156000008,1,3017156000083,80,'C','Memiliki kemampuan cukup baik terutama kemampuan dalam Agreement and Disagreement: Menyatakan setuju atau tidak setuju.',NULL),(2025200000000000568,'WFRpeFVlRXcyTU9kSDM2VEVmdUpidz09OmJUUmtjalJ6TkdoaU1YTTBaREJ1T1E9PQ',2025,2,11,2025200000000000003,41,2025200000000000060,3017156000008,1,3017156000084,85,'B','Memiliki kemampuan baik terutama kemampuan dalam Agreement and Disagreement: Menyatakan setuju atau tidak setuju.',NULL),(2025200000000000569,'WFRpeFVlRXcyTU9kSDM2VEVmdUpidz09OmJUUmtjalJ6TkdoaU1YTTBaREJ1T1E9PQ',2025,2,11,2025200000000000003,41,2025200000000000060,3017156000008,1,3017156000085,80,'C','Memiliki kemampuan cukup baik terutama kemampuan dalam Agreement and Disagreement: Menyatakan setuju atau tidak setuju.',NULL),(2025200000000000570,'WFRpeFVlRXcyTU9kSDM2VEVmdUpidz09OmJUUmtjalJ6TkdoaU1YTTBaREJ1T1E9PQ',2025,2,11,2025200000000000003,41,2025200000000000060,3017156000008,1,3017156000086,80,'C','Memiliki kemampuan cukup baik terutama kemampuan dalam Agreement and Disagreement: Menyatakan setuju atau tidak setuju.',NULL),(2025200000000000571,'WFRpeFVlRXcyTU9kSDM2VEVmdUpidz09OmJUUmtjalJ6TkdoaU1YTTBaREJ1T1E9PQ',2025,2,11,2025200000000000003,41,2025200000000000060,3017156000008,1,3017156000087,80,'C','Memiliki kemampuan cukup baik terutama kemampuan dalam Agreement and Disagreement: Menyatakan setuju atau tidak setuju.',NULL),(2025200000000000572,'WFRpeFVlRXcyTU9kSDM2VEVmdUpidz09OmJUUmtjalJ6TkdoaU1YTTBaREJ1T1E9PQ',2025,2,11,2025200000000000003,41,2025200000000000060,3017156000008,1,3017156000088,85,'B','Memiliki kemampuan baik terutama kemampuan dalam Agreement and Disagreement: Menyatakan setuju atau tidak setuju.',NULL),(2025200000000000573,'WFRpeFVlRXcyTU9kSDM2VEVmdUpidz09OmJUUmtjalJ6TkdoaU1YTTBaREJ1T1E9PQ',2025,2,11,2025200000000000003,41,2025200000000000060,3017156000008,1,3017156000089,80,'C','Memiliki kemampuan cukup baik terutama kemampuan dalam Agreement and Disagreement: Menyatakan setuju atau tidak setuju.',NULL),(2025200000000000574,'WFRpeFVlRXcyTU9kSDM2VEVmdUpidz09OmJUUmtjalJ6TkdoaU1YTTBaREJ1T1E9PQ',2025,2,11,2025200000000000003,41,2025200000000000060,3017156000008,1,3017156000092,80,'C','Memiliki kemampuan cukup baik terutama kemampuan dalam Agreement and Disagreement: Menyatakan setuju atau tidak setuju.',NULL),(2025200000000000575,'WFRpeFVlRXcyTU9kSDM2VEVmdUpidz09OmJUUmtjalJ6TkdoaU1YTTBaREJ1T1E9PQ',2025,2,11,2025200000000000003,41,2025200000000000060,3017156000008,1,3017156000094,80,'C','Memiliki kemampuan cukup baik terutama kemampuan dalam Agreement and Disagreement: Menyatakan setuju atau tidak setuju.',NULL),(2025200000000000576,'WFRpeFVlRXcyTU9kSDM2VEVmdUpidz09OmJUUmtjalJ6TkdoaU1YTTBaREJ1T1E9PQ',2025,2,11,2025200000000000003,41,2025200000000000060,3017156000008,1,3017156000153,80,'C','Memiliki kemampuan cukup baik terutama kemampuan dalam Agreement and Disagreement: Menyatakan setuju atau tidak setuju.',NULL),(2025200000000000577,'WFRpeFVlRXcyTU9kSDM2VEVmdUpidz09OmJUUmtjalJ6TkdoaU1YTTBaREJ1T1E9PQ',2025,2,11,2025200000000000003,41,2025200000000000060,3017156000008,1,3017156000097,85,'B','Memiliki kemampuan baik terutama kemampuan dalam Agreement and Disagreement: Menyatakan setuju atau tidak setuju.',NULL),(2025200000000000578,'WFRpeFVlRXcyTU9kSDM2VEVmdUpidz09OmJUUmtjalJ6TkdoaU1YTTBaREJ1T1E9PQ',2025,2,11,2025200000000000003,41,2025200000000000060,3017156000008,1,3017156000098,85,'B','Memiliki kemampuan baik terutama kemampuan dalam Agreement and Disagreement: Menyatakan setuju atau tidak setuju.',NULL),(2025200000000000579,'WFRpeFVlRXcyTU9kSDM2VEVmdUpidz09OmJUUmtjalJ6TkdoaU1YTTBaREJ1T1E9PQ',2025,2,11,2025200000000000003,41,2025200000000000060,3017156000008,1,3017156000099,80,'C','Memiliki kemampuan cukup baik terutama kemampuan dalam Agreement and Disagreement: Menyatakan setuju atau tidak setuju.',NULL),(2025200000000000580,'WFRpeFVlRXcyTU9kSDM2VEVmdUpidz09OmJUUmtjalJ6TkdoaU1YTTBaREJ1T1E9PQ',2025,2,11,2025200000000000003,41,2025200000000000060,3017156000008,1,3017156000101,85,'B','Memiliki kemampuan baik terutama kemampuan dalam Agreement and Disagreement: Menyatakan setuju atau tidak setuju.',NULL),(2025200000000000581,'WFRpeFVlRXcyTU9kSDM2VEVmdUpidz09OmJUUmtjalJ6TkdoaU1YTTBaREJ1T1E9PQ',2025,2,11,2025200000000000003,3017156000089,2025200000000000054,3017156000007,1,3017156000080,80,'C','Memiliki kemampuan cukup baik terutama kemampuan dalam Menganal dan mehami bacaan mad',NULL),(2025200000000000582,'WFRpeFVlRXcyTU9kSDM2VEVmdUpidz09OmJUUmtjalJ6TkdoaU1YTTBaREJ1T1E9PQ',2025,2,11,2025200000000000003,3017156000089,2025200000000000054,3017156000007,1,3017156000081,80,'C','Memiliki kemampuan cukup baik terutama kemampuan dalam Menganal dan mehami bacaan mad',NULL),(2025200000000000583,'WFRpeFVlRXcyTU9kSDM2VEVmdUpidz09OmJUUmtjalJ6TkdoaU1YTTBaREJ1T1E9PQ',2025,2,11,2025200000000000003,3017156000089,2025200000000000054,3017156000007,1,3017156000130,82,'C','Memiliki kemampuan cukup baik terutama kemampuan dalam Menganal dan mehami bacaan mad',NULL),(2025200000000000584,'WFRpeFVlRXcyTU9kSDM2VEVmdUpidz09OmJUUmtjalJ6TkdoaU1YTTBaREJ1T1E9PQ',2025,2,11,2025200000000000003,3017156000089,2025200000000000054,3017156000007,1,3017156000082,82,'C','Memiliki kemampuan cukup baik terutama kemampuan dalam Menganal dan mehami bacaan mad',NULL),(2025200000000000585,'WFRpeFVlRXcyTU9kSDM2VEVmdUpidz09OmJUUmtjalJ6TkdoaU1YTTBaREJ1T1E9PQ',2025,2,11,2025200000000000003,3017156000089,2025200000000000054,3017156000007,1,3017156000083,82,'C','Memiliki kemampuan cukup baik terutama kemampuan dalam Menganal dan mehami bacaan mad',NULL),(2025200000000000586,'WFRpeFVlRXcyTU9kSDM2VEVmdUpidz09OmJUUmtjalJ6TkdoaU1YTTBaREJ1T1E9PQ',2025,2,11,2025200000000000003,3017156000089,2025200000000000054,3017156000007,1,3017156000084,88,'B','Memiliki kemampuan baik terutama kemampuan dalam Menganal dan mehami bacaan mad',NULL),(2025200000000000587,'WFRpeFVlRXcyTU9kSDM2VEVmdUpidz09OmJUUmtjalJ6TkdoaU1YTTBaREJ1T1E9PQ',2025,2,11,2025200000000000003,3017156000089,2025200000000000054,3017156000007,1,3017156000085,84,'C','Memiliki kemampuan cukup baik terutama kemampuan dalam Menganal dan mehami bacaan mad',NULL),(2025200000000000588,'WFRpeFVlRXcyTU9kSDM2VEVmdUpidz09OmJUUmtjalJ6TkdoaU1YTTBaREJ1T1E9PQ',2025,2,11,2025200000000000003,3017156000089,2025200000000000054,3017156000007,1,3017156000086,83,'C','Memiliki kemampuan cukup baik terutama kemampuan dalam Menganal dan mehami bacaan mad',NULL),(2025200000000000589,'WFRpeFVlRXcyTU9kSDM2VEVmdUpidz09OmJUUmtjalJ6TkdoaU1YTTBaREJ1T1E9PQ',2025,2,11,2025200000000000003,3017156000089,2025200000000000054,3017156000007,1,3017156000087,82,'C','Memiliki kemampuan cukup baik terutama kemampuan dalam Menganal dan mehami bacaan mad',NULL),(2025200000000000590,'WFRpeFVlRXcyTU9kSDM2VEVmdUpidz09OmJUUmtjalJ6TkdoaU1YTTBaREJ1T1E9PQ',2025,2,11,2025200000000000003,3017156000089,2025200000000000054,3017156000007,1,3017156000088,83,'C','Memiliki kemampuan cukup baik terutama kemampuan dalam Menganal dan mehami bacaan mad',NULL),(2025200000000000591,'WFRpeFVlRXcyTU9kSDM2VEVmdUpidz09OmJUUmtjalJ6TkdoaU1YTTBaREJ1T1E9PQ',2025,2,11,2025200000000000003,3017156000089,2025200000000000054,3017156000007,1,3017156000089,80,'C','Memiliki kemampuan cukup baik terutama kemampuan dalam Menganal dan mehami bacaan mad',NULL),(2025200000000000592,'WFRpeFVlRXcyTU9kSDM2VEVmdUpidz09OmJUUmtjalJ6TkdoaU1YTTBaREJ1T1E9PQ',2025,2,11,2025200000000000003,3017156000089,2025200000000000054,3017156000007,1,3017156000092,85,'B','Memiliki kemampuan baik terutama kemampuan dalam Menganal dan mehami bacaan mad',NULL),(2025200000000000593,'WFRpeFVlRXcyTU9kSDM2VEVmdUpidz09OmJUUmtjalJ6TkdoaU1YTTBaREJ1T1E9PQ',2025,2,11,2025200000000000003,3017156000089,2025200000000000054,3017156000007,1,3017156000094,82,'C','Memiliki kemampuan cukup baik terutama kemampuan dalam Menganal dan mehami bacaan mad',NULL),(2025200000000000594,'WFRpeFVlRXcyTU9kSDM2VEVmdUpidz09OmJUUmtjalJ6TkdoaU1YTTBaREJ1T1E9PQ',2025,2,11,2025200000000000003,3017156000089,2025200000000000054,3017156000007,1,3017156000153,80,'C','Memiliki kemampuan cukup baik terutama kemampuan dalam Menganal dan mehami bacaan mad',NULL),(2025200000000000595,'WFRpeFVlRXcyTU9kSDM2VEVmdUpidz09OmJUUmtjalJ6TkdoaU1YTTBaREJ1T1E9PQ',2025,2,11,2025200000000000003,3017156000089,2025200000000000054,3017156000007,1,3017156000097,87,'B','Memiliki kemampuan baik terutama kemampuan dalam Menganal dan mehami bacaan mad',NULL),(2025200000000000596,'WFRpeFVlRXcyTU9kSDM2VEVmdUpidz09OmJUUmtjalJ6TkdoaU1YTTBaREJ1T1E9PQ',2025,2,11,2025200000000000003,3017156000089,2025200000000000054,3017156000007,1,3017156000098,82,'C','Memiliki kemampuan cukup baik terutama kemampuan dalam Menganal dan mehami bacaan mad',NULL),(2025200000000000597,'WFRpeFVlRXcyTU9kSDM2VEVmdUpidz09OmJUUmtjalJ6TkdoaU1YTTBaREJ1T1E9PQ',2025,2,11,2025200000000000003,3017156000089,2025200000000000054,3017156000007,1,3017156000099,82,'C','Memiliki kemampuan cukup baik terutama kemampuan dalam Menganal dan mehami bacaan mad',NULL),(2025200000000000598,'WFRpeFVlRXcyTU9kSDM2VEVmdUpidz09OmJUUmtjalJ6TkdoaU1YTTBaREJ1T1E9PQ',2025,2,11,2025200000000000003,3017156000089,2025200000000000054,3017156000007,1,3017156000101,80,'C','Memiliki kemampuan cukup baik terutama kemampuan dalam Menganal dan mehami bacaan mad',NULL),(2025200000000000599,'WFRpeFVlRXcyTU9kSDM2VEVmdUpidz09OmJUUmtjalJ6TkdoaU1YTTBaREJ1T1E9PQ',2025,2,11,2025200000000000003,3017156000089,2025200000000000054,3017156000007,2,3017156000080,82,'C','Cukup terampil terutama dalam Mengenal dan memahami bacaan mad.',''),(2025200000000000600,'WFRpeFVlRXcyTU9kSDM2VEVmdUpidz09OmJUUmtjalJ6TkdoaU1YTTBaREJ1T1E9PQ',2025,2,11,2025200000000000003,3017156000089,2025200000000000054,3017156000007,2,3017156000081,80,'C','Cukup terampil terutama dalam Mengenal dan memahami bacaan mad.',''),(2025200000000000601,'WFRpeFVlRXcyTU9kSDM2VEVmdUpidz09OmJUUmtjalJ6TkdoaU1YTTBaREJ1T1E9PQ',2025,2,11,2025200000000000003,3017156000089,2025200000000000054,3017156000007,2,3017156000130,84,'C','Cukup terampil terutama dalam Mengenal dan memahami bacaan mad.',''),(2025200000000000602,'WFRpeFVlRXcyTU9kSDM2VEVmdUpidz09OmJUUmtjalJ6TkdoaU1YTTBaREJ1T1E9PQ',2025,2,11,2025200000000000003,3017156000089,2025200000000000054,3017156000007,2,3017156000082,82,'C','Cukup terampil terutama dalam Mengenal dan memahami bacaan mad.',''),(2025200000000000603,'WFRpeFVlRXcyTU9kSDM2VEVmdUpidz09OmJUUmtjalJ6TkdoaU1YTTBaREJ1T1E9PQ',2025,2,11,2025200000000000003,3017156000089,2025200000000000054,3017156000007,2,3017156000083,83,'C','Cukup terampil terutama dalam Mengenal dan memahami bacaan mad.',''),(2025200000000000604,'WFRpeFVlRXcyTU9kSDM2VEVmdUpidz09OmJUUmtjalJ6TkdoaU1YTTBaREJ1T1E9PQ',2025,2,11,2025200000000000003,3017156000089,2025200000000000054,3017156000007,2,3017156000084,87,'B','Terampil terutama dalam Mengenal dan memahami bacaan mad.',''),(2025200000000000605,'WFRpeFVlRXcyTU9kSDM2VEVmdUpidz09OmJUUmtjalJ6TkdoaU1YTTBaREJ1T1E9PQ',2025,2,11,2025200000000000003,3017156000089,2025200000000000054,3017156000007,2,3017156000085,83,'C','Cukup terampil terutama dalam Mengenal dan memahami bacaan mad.',''),(2025200000000000606,'WFRpeFVlRXcyTU9kSDM2VEVmdUpidz09OmJUUmtjalJ6TkdoaU1YTTBaREJ1T1E9PQ',2025,2,11,2025200000000000003,3017156000089,2025200000000000054,3017156000007,2,3017156000086,85,'B','Terampil terutama dalam Mengenal dan memahami bacaan mad.',''),(2025200000000000607,'WFRpeFVlRXcyTU9kSDM2VEVmdUpidz09OmJUUmtjalJ6TkdoaU1YTTBaREJ1T1E9PQ',2025,2,11,2025200000000000003,3017156000089,2025200000000000054,3017156000007,2,3017156000087,82,'C','Cukup terampil terutama dalam Mengenal dan memahami bacaan mad.',''),(2025200000000000608,'WFRpeFVlRXcyTU9kSDM2VEVmdUpidz09OmJUUmtjalJ6TkdoaU1YTTBaREJ1T1E9PQ',2025,2,11,2025200000000000003,3017156000089,2025200000000000054,3017156000007,2,3017156000088,80,'C','Cukup terampil terutama dalam Mengenal dan memahami bacaan mad.',''),(2025200000000000609,'WFRpeFVlRXcyTU9kSDM2VEVmdUpidz09OmJUUmtjalJ6TkdoaU1YTTBaREJ1T1E9PQ',2025,2,11,2025200000000000003,3017156000089,2025200000000000054,3017156000007,2,3017156000089,80,'C','Cukup terampil terutama dalam Mengenal dan memahami bacaan mad.',''),(2025200000000000610,'WFRpeFVlRXcyTU9kSDM2VEVmdUpidz09OmJUUmtjalJ6TkdoaU1YTTBaREJ1T1E9PQ',2025,2,11,2025200000000000003,3017156000089,2025200000000000054,3017156000007,2,3017156000092,85,'B','Terampil terutama dalam Mengenal dan memahami bacaan mad.',''),(2025200000000000611,'WFRpeFVlRXcyTU9kSDM2VEVmdUpidz09OmJUUmtjalJ6TkdoaU1YTTBaREJ1T1E9PQ',2025,2,11,2025200000000000003,3017156000089,2025200000000000054,3017156000007,2,3017156000094,84,'C','Cukup terampil terutama dalam Mengenal dan memahami bacaan mad.',''),(2025200000000000612,'WFRpeFVlRXcyTU9kSDM2VEVmdUpidz09OmJUUmtjalJ6TkdoaU1YTTBaREJ1T1E9PQ',2025,2,11,2025200000000000003,3017156000089,2025200000000000054,3017156000007,2,3017156000153,82,'C','Cukup terampil terutama dalam Mengenal dan memahami bacaan mad.',''),(2025200000000000613,'WFRpeFVlRXcyTU9kSDM2VEVmdUpidz09OmJUUmtjalJ6TkdoaU1YTTBaREJ1T1E9PQ',2025,2,11,2025200000000000003,3017156000089,2025200000000000054,3017156000007,2,3017156000097,86,'B','Terampil terutama dalam Mengenal dan memahami bacaan mad.',''),(2025200000000000614,'WFRpeFVlRXcyTU9kSDM2VEVmdUpidz09OmJUUmtjalJ6TkdoaU1YTTBaREJ1T1E9PQ',2025,2,11,2025200000000000003,3017156000089,2025200000000000054,3017156000007,2,3017156000098,85,'B','Terampil terutama dalam Mengenal dan memahami bacaan mad.',''),(2025200000000000615,'WFRpeFVlRXcyTU9kSDM2VEVmdUpidz09OmJUUmtjalJ6TkdoaU1YTTBaREJ1T1E9PQ',2025,2,11,2025200000000000003,3017156000089,2025200000000000054,3017156000007,2,3017156000099,83,'C','Cukup terampil terutama dalam Mengenal dan memahami bacaan mad.',''),(2025200000000000616,'WFRpeFVlRXcyTU9kSDM2VEVmdUpidz09OmJUUmtjalJ6TkdoaU1YTTBaREJ1T1E9PQ',2025,2,11,2025200000000000003,3017156000089,2025200000000000054,3017156000007,2,3017156000101,81,'C','Cukup terampil terutama dalam Mengenal dan memahami bacaan mad.',''),(2025200000000000617,'WFRpeFVlRXcyTU9kSDM2VEVmdUpidz09OmJUUmtjalJ6TkdoaU1YTTBaREJ1T1E9PQ',2025,2,11,2025200000000000003,84,2025200000000000066,3017156000011,2,3017156000080,78,'C','Cukup terampil terutama dalam Pembangunan orde baru',''),(2025200000000000618,'WFRpeFVlRXcyTU9kSDM2VEVmdUpidz09OmJUUmtjalJ6TkdoaU1YTTBaREJ1T1E9PQ',2025,2,11,2025200000000000003,84,2025200000000000066,3017156000011,2,3017156000081,79,'C','Cukup terampil terutama dalam Pembangunan orde baru',''),(2025200000000000619,'WFRpeFVlRXcyTU9kSDM2VEVmdUpidz09OmJUUmtjalJ6TkdoaU1YTTBaREJ1T1E9PQ',2025,2,11,2025200000000000003,84,2025200000000000066,3017156000011,2,3017156000130,80,'C','Cukup terampil terutama dalam Pembangunan orde baru',''),(2025200000000000620,'WFRpeFVlRXcyTU9kSDM2VEVmdUpidz09OmJUUmtjalJ6TkdoaU1YTTBaREJ1T1E9PQ',2025,2,11,2025200000000000003,84,2025200000000000066,3017156000011,2,3017156000082,81,'C','Cukup terampil terutama dalam Pembangunan orde baru',''),(2025200000000000621,'WFRpeFVlRXcyTU9kSDM2VEVmdUpidz09OmJUUmtjalJ6TkdoaU1YTTBaREJ1T1E9PQ',2025,2,11,2025200000000000003,84,2025200000000000066,3017156000011,2,3017156000083,79,'C','Cukup terampil terutama dalam Pembangunan orde baru',''),(2025200000000000622,'WFRpeFVlRXcyTU9kSDM2VEVmdUpidz09OmJUUmtjalJ6TkdoaU1YTTBaREJ1T1E9PQ',2025,2,11,2025200000000000003,84,2025200000000000066,3017156000011,2,3017156000084,78,'C','Cukup terampil terutama dalam Pembangunan orde baru',''),(2025200000000000623,'WFRpeFVlRXcyTU9kSDM2VEVmdUpidz09OmJUUmtjalJ6TkdoaU1YTTBaREJ1T1E9PQ',2025,2,11,2025200000000000003,84,2025200000000000066,3017156000011,2,3017156000085,78,'C','Cukup terampil terutama dalam Pembangunan orde baru',''),(2025200000000000624,'WFRpeFVlRXcyTU9kSDM2VEVmdUpidz09OmJUUmtjalJ6TkdoaU1YTTBaREJ1T1E9PQ',2025,2,11,2025200000000000003,84,2025200000000000066,3017156000011,2,3017156000086,79,'C','Cukup terampil terutama dalam Pembangunan orde baru',''),(2025200000000000625,'WFRpeFVlRXcyTU9kSDM2VEVmdUpidz09OmJUUmtjalJ6TkdoaU1YTTBaREJ1T1E9PQ',2025,2,11,2025200000000000003,84,2025200000000000066,3017156000011,2,3017156000087,78,'C','Cukup terampil terutama dalam Pembangunan orde baru',''),(2025200000000000626,'WFRpeFVlRXcyTU9kSDM2VEVmdUpidz09OmJUUmtjalJ6TkdoaU1YTTBaREJ1T1E9PQ',2025,2,11,2025200000000000003,84,2025200000000000066,3017156000011,2,3017156000088,79,'C','Cukup terampil terutama dalam Pembangunan orde baru',''),(2025200000000000627,'WFRpeFVlRXcyTU9kSDM2VEVmdUpidz09OmJUUmtjalJ6TkdoaU1YTTBaREJ1T1E9PQ',2025,2,11,2025200000000000003,84,2025200000000000066,3017156000011,2,3017156000089,80,'C','Cukup terampil terutama dalam Pembangunan orde baru',''),(2025200000000000628,'WFRpeFVlRXcyTU9kSDM2VEVmdUpidz09OmJUUmtjalJ6TkdoaU1YTTBaREJ1T1E9PQ',2025,2,11,2025200000000000003,84,2025200000000000066,3017156000011,2,3017156000092,82,'C','Cukup terampil terutama dalam Pembangunan orde baru',''),(2025200000000000629,'WFRpeFVlRXcyTU9kSDM2VEVmdUpidz09OmJUUmtjalJ6TkdoaU1YTTBaREJ1T1E9PQ',2025,2,11,2025200000000000003,84,2025200000000000066,3017156000011,2,3017156000094,79,'C','Cukup terampil terutama dalam Pembangunan orde baru',''),(2025200000000000630,'WFRpeFVlRXcyTU9kSDM2VEVmdUpidz09OmJUUmtjalJ6TkdoaU1YTTBaREJ1T1E9PQ',2025,2,11,2025200000000000003,84,2025200000000000066,3017156000011,2,3017156000153,78,'C','Cukup terampil terutama dalam Pembangunan orde baru',''),(2025200000000000631,'WFRpeFVlRXcyTU9kSDM2VEVmdUpidz09OmJUUmtjalJ6TkdoaU1YTTBaREJ1T1E9PQ',2025,2,11,2025200000000000003,84,2025200000000000066,3017156000011,2,3017156000097,80,'C','Cukup terampil terutama dalam Pembangunan orde baru',''),(2025200000000000632,'WFRpeFVlRXcyTU9kSDM2VEVmdUpidz09OmJUUmtjalJ6TkdoaU1YTTBaREJ1T1E9PQ',2025,2,11,2025200000000000003,84,2025200000000000066,3017156000011,2,3017156000098,78,'C','Cukup terampil terutama dalam Pembangunan orde baru',''),(2025200000000000633,'WFRpeFVlRXcyTU9kSDM2VEVmdUpidz09OmJUUmtjalJ6TkdoaU1YTTBaREJ1T1E9PQ',2025,2,11,2025200000000000003,84,2025200000000000066,3017156000011,2,3017156000099,78,'C','Cukup terampil terutama dalam Pembangunan orde baru',''),(2025200000000000634,'WFRpeFVlRXcyTU9kSDM2VEVmdUpidz09OmJUUmtjalJ6TkdoaU1YTTBaREJ1T1E9PQ',2025,2,11,2025200000000000003,84,2025200000000000066,3017156000011,2,3017156000101,79,'C','Cukup terampil terutama dalam Pembangunan orde baru',''),(2025200000000000635,'WFRpeFVlRXcyTU9kSDM2VEVmdUpidz09OmJUUmtjalJ6TkdoaU1YTTBaREJ1T1E9PQ',2025,2,11,2025200000000000003,84,2025200000000000066,3017156000011,1,3017156000080,78,'C','Memiliki kemampuan cukup baik terutama kemampuan dalam Pembangunan masa orde baru',NULL),(2025200000000000636,'WFRpeFVlRXcyTU9kSDM2VEVmdUpidz09OmJUUmtjalJ6TkdoaU1YTTBaREJ1T1E9PQ',2025,2,11,2025200000000000003,84,2025200000000000066,3017156000011,1,3017156000081,78,'C','Memiliki kemampuan cukup baik terutama kemampuan dalam Pembangunan masa orde baru',NULL),(2025200000000000637,'WFRpeFVlRXcyTU9kSDM2VEVmdUpidz09OmJUUmtjalJ6TkdoaU1YTTBaREJ1T1E9PQ',2025,2,11,2025200000000000003,84,2025200000000000066,3017156000011,1,3017156000130,80,'C','Memiliki kemampuan cukup baik terutama kemampuan dalam Pembangunan masa orde baru',NULL),(2025200000000000638,'WFRpeFVlRXcyTU9kSDM2VEVmdUpidz09OmJUUmtjalJ6TkdoaU1YTTBaREJ1T1E9PQ',2025,2,11,2025200000000000003,84,2025200000000000066,3017156000011,1,3017156000082,81,'C','Memiliki kemampuan cukup baik terutama kemampuan dalam Pembangunan masa orde baru',NULL),(2025200000000000639,'WFRpeFVlRXcyTU9kSDM2VEVmdUpidz09OmJUUmtjalJ6TkdoaU1YTTBaREJ1T1E9PQ',2025,2,11,2025200000000000003,84,2025200000000000066,3017156000011,1,3017156000083,79,'C','Memiliki kemampuan cukup baik terutama kemampuan dalam Pembangunan masa orde baru',NULL),(2025200000000000640,'WFRpeFVlRXcyTU9kSDM2VEVmdUpidz09OmJUUmtjalJ6TkdoaU1YTTBaREJ1T1E9PQ',2025,2,11,2025200000000000003,84,2025200000000000066,3017156000011,1,3017156000084,79,'C','Memiliki kemampuan cukup baik terutama kemampuan dalam Pembangunan masa orde baru',NULL),(2025200000000000641,'WFRpeFVlRXcyTU9kSDM2VEVmdUpidz09OmJUUmtjalJ6TkdoaU1YTTBaREJ1T1E9PQ',2025,2,11,2025200000000000003,84,2025200000000000066,3017156000011,1,3017156000085,79,'C','Memiliki kemampuan cukup baik terutama kemampuan dalam Pembangunan masa orde baru',NULL),(2025200000000000642,'WFRpeFVlRXcyTU9kSDM2VEVmdUpidz09OmJUUmtjalJ6TkdoaU1YTTBaREJ1T1E9PQ',2025,2,11,2025200000000000003,84,2025200000000000066,3017156000011,1,3017156000086,79,'C','Memiliki kemampuan cukup baik terutama kemampuan dalam Pembangunan masa orde baru',NULL),(2025200000000000643,'WFRpeFVlRXcyTU9kSDM2VEVmdUpidz09OmJUUmtjalJ6TkdoaU1YTTBaREJ1T1E9PQ',2025,2,11,2025200000000000003,84,2025200000000000066,3017156000011,1,3017156000087,79,'C','Memiliki kemampuan cukup baik terutama kemampuan dalam Pembangunan masa orde baru',NULL),(2025200000000000644,'WFRpeFVlRXcyTU9kSDM2VEVmdUpidz09OmJUUmtjalJ6TkdoaU1YTTBaREJ1T1E9PQ',2025,2,11,2025200000000000003,84,2025200000000000066,3017156000011,1,3017156000088,78,'C','Memiliki kemampuan cukup baik terutama kemampuan dalam Pembangunan masa orde baru',NULL),(2025200000000000645,'WFRpeFVlRXcyTU9kSDM2VEVmdUpidz09OmJUUmtjalJ6TkdoaU1YTTBaREJ1T1E9PQ',2025,2,11,2025200000000000003,84,2025200000000000066,3017156000011,1,3017156000089,80,'C','Memiliki kemampuan cukup baik terutama kemampuan dalam Pembangunan masa orde baru',NULL),(2025200000000000646,'WFRpeFVlRXcyTU9kSDM2VEVmdUpidz09OmJUUmtjalJ6TkdoaU1YTTBaREJ1T1E9PQ',2025,2,11,2025200000000000003,84,2025200000000000066,3017156000011,1,3017156000092,81,'C','Memiliki kemampuan cukup baik terutama kemampuan dalam Pembangunan masa orde baru',NULL),(2025200000000000647,'WFRpeFVlRXcyTU9kSDM2VEVmdUpidz09OmJUUmtjalJ6TkdoaU1YTTBaREJ1T1E9PQ',2025,2,11,2025200000000000003,84,2025200000000000066,3017156000011,1,3017156000094,79,'C','Memiliki kemampuan cukup baik terutama kemampuan dalam Pembangunan masa orde baru',NULL),(2025200000000000648,'WFRpeFVlRXcyTU9kSDM2VEVmdUpidz09OmJUUmtjalJ6TkdoaU1YTTBaREJ1T1E9PQ',2025,2,11,2025200000000000003,84,2025200000000000066,3017156000011,1,3017156000153,79,'C','Memiliki kemampuan cukup baik terutama kemampuan dalam Pembangunan masa orde baru',NULL),(2025200000000000649,'WFRpeFVlRXcyTU9kSDM2VEVmdUpidz09OmJUUmtjalJ6TkdoaU1YTTBaREJ1T1E9PQ',2025,2,11,2025200000000000003,84,2025200000000000066,3017156000011,1,3017156000097,81,'C','Memiliki kemampuan cukup baik terutama kemampuan dalam Pembangunan masa orde baru',NULL),(2025200000000000650,'WFRpeFVlRXcyTU9kSDM2VEVmdUpidz09OmJUUmtjalJ6TkdoaU1YTTBaREJ1T1E9PQ',2025,2,11,2025200000000000003,84,2025200000000000066,3017156000011,1,3017156000098,79,'C','Memiliki kemampuan cukup baik terutama kemampuan dalam Pembangunan masa orde baru',NULL),(2025200000000000651,'WFRpeFVlRXcyTU9kSDM2VEVmdUpidz09OmJUUmtjalJ6TkdoaU1YTTBaREJ1T1E9PQ',2025,2,11,2025200000000000003,84,2025200000000000066,3017156000011,1,3017156000099,78,'C','Memiliki kemampuan cukup baik terutama kemampuan dalam Pembangunan masa orde baru',NULL),(2025200000000000652,'WFRpeFVlRXcyTU9kSDM2VEVmdUpidz09OmJUUmtjalJ6TkdoaU1YTTBaREJ1T1E9PQ',2025,2,11,2025200000000000003,84,2025200000000000066,3017156000011,1,3017156000101,78,'C','Memiliki kemampuan cukup baik terutama kemampuan dalam Pembangunan masa orde baru',NULL),(2025200000000000653,'WFRpeFVlRXcyTU9kSDM2VEVmdUpidz09OmJUUmtjalJ6TkdoaU1YTTBaREJ1T1E9PQ',2025,2,11,2025200000000000003,3017156000090,2025200000000000055,3017156000012,1,3017156000080,89,'B','Memiliki kemampuan baik terutama kemampuan dalam مبتدا',NULL),(2025200000000000654,'WFRpeFVlRXcyTU9kSDM2VEVmdUpidz09OmJUUmtjalJ6TkdoaU1YTTBaREJ1T1E9PQ',2025,2,11,2025200000000000003,3017156000090,2025200000000000055,3017156000012,1,3017156000081,86,'B','Memiliki kemampuan baik terutama kemampuan dalam مبتدا',NULL),(2025200000000000655,'WFRpeFVlRXcyTU9kSDM2VEVmdUpidz09OmJUUmtjalJ6TkdoaU1YTTBaREJ1T1E9PQ',2025,2,11,2025200000000000003,3017156000090,2025200000000000055,3017156000012,1,3017156000130,85,'B','Memiliki kemampuan baik terutama kemampuan dalam مبتدا',NULL),(2025200000000000656,'WFRpeFVlRXcyTU9kSDM2VEVmdUpidz09OmJUUmtjalJ6TkdoaU1YTTBaREJ1T1E9PQ',2025,2,11,2025200000000000003,3017156000090,2025200000000000055,3017156000012,1,3017156000082,85,'B','Memiliki kemampuan baik terutama kemampuan dalam مبتدا',NULL),(2025200000000000657,'WFRpeFVlRXcyTU9kSDM2VEVmdUpidz09OmJUUmtjalJ6TkdoaU1YTTBaREJ1T1E9PQ',2025,2,11,2025200000000000003,3017156000090,2025200000000000055,3017156000012,1,3017156000083,85,'B','Memiliki kemampuan baik terutama kemampuan dalam مبتدا',NULL),(2025200000000000658,'WFRpeFVlRXcyTU9kSDM2VEVmdUpidz09OmJUUmtjalJ6TkdoaU1YTTBaREJ1T1E9PQ',2025,2,11,2025200000000000003,3017156000090,2025200000000000055,3017156000012,1,3017156000084,87,'B','Memiliki kemampuan baik terutama kemampuan dalam مبتدا',NULL),(2025200000000000659,'WFRpeFVlRXcyTU9kSDM2VEVmdUpidz09OmJUUmtjalJ6TkdoaU1YTTBaREJ1T1E9PQ',2025,2,11,2025200000000000003,3017156000090,2025200000000000055,3017156000012,1,3017156000085,83,'C','Memiliki kemampuan cukup baik terutama kemampuan dalam مبتدا',NULL),(2025200000000000660,'WFRpeFVlRXcyTU9kSDM2VEVmdUpidz09OmJUUmtjalJ6TkdoaU1YTTBaREJ1T1E9PQ',2025,2,11,2025200000000000003,3017156000090,2025200000000000055,3017156000012,1,3017156000086,87,'B','Memiliki kemampuan baik terutama kemampuan dalam مبتدا',NULL),(2025200000000000661,'WFRpeFVlRXcyTU9kSDM2VEVmdUpidz09OmJUUmtjalJ6TkdoaU1YTTBaREJ1T1E9PQ',2025,2,11,2025200000000000003,3017156000090,2025200000000000055,3017156000012,1,3017156000087,84,'C','Memiliki kemampuan cukup baik terutama kemampuan dalam مبتدا',NULL),(2025200000000000662,'WFRpeFVlRXcyTU9kSDM2VEVmdUpidz09OmJUUmtjalJ6TkdoaU1YTTBaREJ1T1E9PQ',2025,2,11,2025200000000000003,3017156000090,2025200000000000055,3017156000012,1,3017156000088,84,'C','Memiliki kemampuan cukup baik terutama kemampuan dalam مبتدا',NULL),(2025200000000000663,'WFRpeFVlRXcyTU9kSDM2VEVmdUpidz09OmJUUmtjalJ6TkdoaU1YTTBaREJ1T1E9PQ',2025,2,11,2025200000000000003,3017156000090,2025200000000000055,3017156000012,1,3017156000089,86,'B','Memiliki kemampuan baik terutama kemampuan dalam مبتدا',NULL),(2025200000000000664,'WFRpeFVlRXcyTU9kSDM2VEVmdUpidz09OmJUUmtjalJ6TkdoaU1YTTBaREJ1T1E9PQ',2025,2,11,2025200000000000003,3017156000090,2025200000000000055,3017156000012,1,3017156000092,87,'B','Memiliki kemampuan baik terutama kemampuan dalam مبتدا',NULL),(2025200000000000665,'WFRpeFVlRXcyTU9kSDM2VEVmdUpidz09OmJUUmtjalJ6TkdoaU1YTTBaREJ1T1E9PQ',2025,2,11,2025200000000000003,3017156000090,2025200000000000055,3017156000012,1,3017156000094,85,'B','Memiliki kemampuan baik terutama kemampuan dalam مبتدا',NULL),(2025200000000000666,'WFRpeFVlRXcyTU9kSDM2VEVmdUpidz09OmJUUmtjalJ6TkdoaU1YTTBaREJ1T1E9PQ',2025,2,11,2025200000000000003,3017156000090,2025200000000000055,3017156000012,1,3017156000153,84,'C','Memiliki kemampuan cukup baik terutama kemampuan dalam مبتدا',NULL),(2025200000000000667,'WFRpeFVlRXcyTU9kSDM2VEVmdUpidz09OmJUUmtjalJ6TkdoaU1YTTBaREJ1T1E9PQ',2025,2,11,2025200000000000003,3017156000090,2025200000000000055,3017156000012,1,3017156000097,91,'B','Memiliki kemampuan baik terutama kemampuan dalam مبتدا',NULL),(2025200000000000668,'WFRpeFVlRXcyTU9kSDM2VEVmdUpidz09OmJUUmtjalJ6TkdoaU1YTTBaREJ1T1E9PQ',2025,2,11,2025200000000000003,3017156000090,2025200000000000055,3017156000012,1,3017156000098,83,'C','Memiliki kemampuan cukup baik terutama kemampuan dalam مبتدا',NULL),(2025200000000000669,'WFRpeFVlRXcyTU9kSDM2VEVmdUpidz09OmJUUmtjalJ6TkdoaU1YTTBaREJ1T1E9PQ',2025,2,11,2025200000000000003,3017156000090,2025200000000000055,3017156000012,1,3017156000099,83,'C','Memiliki kemampuan cukup baik terutama kemampuan dalam مبتدا',NULL),(2025200000000000670,'WFRpeFVlRXcyTU9kSDM2VEVmdUpidz09OmJUUmtjalJ6TkdoaU1YTTBaREJ1T1E9PQ',2025,2,11,2025200000000000003,3017156000090,2025200000000000055,3017156000012,1,3017156000101,84,'C','Memiliki kemampuan cukup baik terutama kemampuan dalam مبتدا',NULL),(2025200000000000671,'WFRpeFVlRXcyTU9kSDM2VEVmdUpidz09OmJUUmtjalJ6TkdoaU1YTTBaREJ1T1E9PQ',2025,2,11,2025200000000000003,3017156000090,2025200000000000055,3017156000012,2,3017156000080,89,'B','Terampil terutama dalam Contoh \nمبتدا',''),(2025200000000000672,'WFRpeFVlRXcyTU9kSDM2VEVmdUpidz09OmJUUmtjalJ6TkdoaU1YTTBaREJ1T1E9PQ',2025,2,11,2025200000000000003,3017156000090,2025200000000000055,3017156000012,2,3017156000081,86,'B','Terampil terutama dalam Contoh \nمبتدا',''),(2025200000000000673,'WFRpeFVlRXcyTU9kSDM2VEVmdUpidz09OmJUUmtjalJ6TkdoaU1YTTBaREJ1T1E9PQ',2025,2,11,2025200000000000003,3017156000090,2025200000000000055,3017156000012,2,3017156000130,86,'B','Terampil terutama dalam Contoh \nمبتدا',''),(2025200000000000674,'WFRpeFVlRXcyTU9kSDM2VEVmdUpidz09OmJUUmtjalJ6TkdoaU1YTTBaREJ1T1E9PQ',2025,2,11,2025200000000000003,3017156000090,2025200000000000055,3017156000012,2,3017156000082,85,'B','Terampil terutama dalam Contoh \nمبتدا',''),(2025200000000000675,'WFRpeFVlRXcyTU9kSDM2VEVmdUpidz09OmJUUmtjalJ6TkdoaU1YTTBaREJ1T1E9PQ',2025,2,11,2025200000000000003,3017156000090,2025200000000000055,3017156000012,2,3017156000083,86,'B','Terampil terutama dalam Contoh \nمبتدا',''),(2025200000000000676,'WFRpeFVlRXcyTU9kSDM2VEVmdUpidz09OmJUUmtjalJ6TkdoaU1YTTBaREJ1T1E9PQ',2025,2,11,2025200000000000003,3017156000090,2025200000000000055,3017156000012,2,3017156000084,87,'B','Terampil terutama dalam Contoh \nمبتدا',''),(2025200000000000677,'WFRpeFVlRXcyTU9kSDM2VEVmdUpidz09OmJUUmtjalJ6TkdoaU1YTTBaREJ1T1E9PQ',2025,2,11,2025200000000000003,3017156000090,2025200000000000055,3017156000012,2,3017156000085,83,'C','Cukup terampil terutama dalam Contoh \nمبتدا',''),(2025200000000000678,'WFRpeFVlRXcyTU9kSDM2VEVmdUpidz09OmJUUmtjalJ6TkdoaU1YTTBaREJ1T1E9PQ',2025,2,11,2025200000000000003,3017156000090,2025200000000000055,3017156000012,2,3017156000086,85,'B','Terampil terutama dalam Contoh \nمبتدا',''),(2025200000000000679,'WFRpeFVlRXcyTU9kSDM2VEVmdUpidz09OmJUUmtjalJ6TkdoaU1YTTBaREJ1T1E9PQ',2025,2,11,2025200000000000003,3017156000090,2025200000000000055,3017156000012,2,3017156000087,83,'C','Cukup terampil terutama dalam Contoh \nمبتدا',''),(2025200000000000680,'WFRpeFVlRXcyTU9kSDM2VEVmdUpidz09OmJUUmtjalJ6TkdoaU1YTTBaREJ1T1E9PQ',2025,2,11,2025200000000000003,3017156000090,2025200000000000055,3017156000012,2,3017156000088,83,'C','Cukup terampil terutama dalam Contoh \nمبتدا',''),(2025200000000000681,'WFRpeFVlRXcyTU9kSDM2VEVmdUpidz09OmJUUmtjalJ6TkdoaU1YTTBaREJ1T1E9PQ',2025,2,11,2025200000000000003,3017156000090,2025200000000000055,3017156000012,2,3017156000089,85,'B','Terampil terutama dalam Contoh \nمبتدا',''),(2025200000000000682,'WFRpeFVlRXcyTU9kSDM2VEVmdUpidz09OmJUUmtjalJ6TkdoaU1YTTBaREJ1T1E9PQ',2025,2,11,2025200000000000003,3017156000090,2025200000000000055,3017156000012,2,3017156000092,86,'B','Terampil terutama dalam Contoh \nمبتدا',''),(2025200000000000683,'WFRpeFVlRXcyTU9kSDM2VEVmdUpidz09OmJUUmtjalJ6TkdoaU1YTTBaREJ1T1E9PQ',2025,2,11,2025200000000000003,3017156000090,2025200000000000055,3017156000012,2,3017156000094,83,'C','Cukup terampil terutama dalam Contoh \nمبتدا',''),(2025200000000000684,'WFRpeFVlRXcyTU9kSDM2VEVmdUpidz09OmJUUmtjalJ6TkdoaU1YTTBaREJ1T1E9PQ',2025,2,11,2025200000000000003,3017156000090,2025200000000000055,3017156000012,2,3017156000153,81,'C','Cukup terampil terutama dalam Contoh \nمبتدا',''),(2025200000000000685,'WFRpeFVlRXcyTU9kSDM2VEVmdUpidz09OmJUUmtjalJ6TkdoaU1YTTBaREJ1T1E9PQ',2025,2,11,2025200000000000003,3017156000090,2025200000000000055,3017156000012,2,3017156000097,89,'B','Terampil terutama dalam Contoh \nمبتدا',''),(2025200000000000686,'WFRpeFVlRXcyTU9kSDM2VEVmdUpidz09OmJUUmtjalJ6TkdoaU1YTTBaREJ1T1E9PQ',2025,2,11,2025200000000000003,3017156000090,2025200000000000055,3017156000012,2,3017156000098,83,'C','Cukup terampil terutama dalam Contoh \nمبتدا',''),(2025200000000000687,'WFRpeFVlRXcyTU9kSDM2VEVmdUpidz09OmJUUmtjalJ6TkdoaU1YTTBaREJ1T1E9PQ',2025,2,11,2025200000000000003,3017156000090,2025200000000000055,3017156000012,2,3017156000099,83,'C','Cukup terampil terutama dalam Contoh \nمبتدا',''),(2025200000000000688,'WFRpeFVlRXcyTU9kSDM2VEVmdUpidz09OmJUUmtjalJ6TkdoaU1YTTBaREJ1T1E9PQ',2025,2,11,2025200000000000003,3017156000090,2025200000000000055,3017156000012,2,3017156000101,84,'C','Cukup terampil terutama dalam Contoh \nمبتدا',''),(2025200000000000689,'WFRpeFVlRXcyTU9kSDM2VEVmdUpidz09OmJUUmtjalJ6TkdoaU1YTTBaREJ1T1E9PQ',2025,2,11,2025200000000000003,85,2025200000000000061,3017156000014,1,3017156000080,88,'B','Memiliki kemampuan baik terutama kemampuan dalam Mengidentifikasi dan memahami berbagai unsur pendukung dalam tari',NULL),(2025200000000000690,'WFRpeFVlRXcyTU9kSDM2VEVmdUpidz09OmJUUmtjalJ6TkdoaU1YTTBaREJ1T1E9PQ',2025,2,11,2025200000000000003,85,2025200000000000061,3017156000014,1,3017156000081,83,'C','Memiliki kemampuan cukup baik terutama kemampuan dalam Mengidentifikasi dan memahami berbagai unsur pendukung dalam tari',NULL),(2025200000000000691,'WFRpeFVlRXcyTU9kSDM2VEVmdUpidz09OmJUUmtjalJ6TkdoaU1YTTBaREJ1T1E9PQ',2025,2,11,2025200000000000003,85,2025200000000000061,3017156000014,1,3017156000130,81,'C','Memiliki kemampuan cukup baik terutama kemampuan dalam Mengidentifikasi dan memahami berbagai unsur pendukung dalam tari',NULL),(2025200000000000692,'WFRpeFVlRXcyTU9kSDM2VEVmdUpidz09OmJUUmtjalJ6TkdoaU1YTTBaREJ1T1E9PQ',2025,2,11,2025200000000000003,85,2025200000000000061,3017156000014,1,3017156000082,80,'C','Memiliki kemampuan cukup baik terutama kemampuan dalam Mengidentifikasi dan memahami berbagai unsur pendukung dalam tari',NULL),(2025200000000000693,'WFRpeFVlRXcyTU9kSDM2VEVmdUpidz09OmJUUmtjalJ6TkdoaU1YTTBaREJ1T1E9PQ',2025,2,11,2025200000000000003,85,2025200000000000061,3017156000014,1,3017156000083,83,'C','Memiliki kemampuan cukup baik terutama kemampuan dalam Mengidentifikasi dan memahami berbagai unsur pendukung dalam tari',NULL),(2025200000000000694,'WFRpeFVlRXcyTU9kSDM2VEVmdUpidz09OmJUUmtjalJ6TkdoaU1YTTBaREJ1T1E9PQ',2025,2,11,2025200000000000003,85,2025200000000000061,3017156000014,1,3017156000084,85,'B','Memiliki kemampuan baik terutama kemampuan dalam Mengidentifikasi dan memahami berbagai unsur pendukung dalam tari',NULL),(2025200000000000695,'WFRpeFVlRXcyTU9kSDM2VEVmdUpidz09OmJUUmtjalJ6TkdoaU1YTTBaREJ1T1E9PQ',2025,2,11,2025200000000000003,85,2025200000000000061,3017156000014,1,3017156000085,80,'C','Memiliki kemampuan cukup baik terutama kemampuan dalam Mengidentifikasi dan memahami berbagai unsur pendukung dalam tari',NULL),(2025200000000000696,'WFRpeFVlRXcyTU9kSDM2VEVmdUpidz09OmJUUmtjalJ6TkdoaU1YTTBaREJ1T1E9PQ',2025,2,11,2025200000000000003,85,2025200000000000061,3017156000014,1,3017156000086,86,'B','Memiliki kemampuan baik terutama kemampuan dalam Mengidentifikasi dan memahami berbagai unsur pendukung dalam tari',NULL),(2025200000000000697,'WFRpeFVlRXcyTU9kSDM2VEVmdUpidz09OmJUUmtjalJ6TkdoaU1YTTBaREJ1T1E9PQ',2025,2,11,2025200000000000003,85,2025200000000000061,3017156000014,1,3017156000087,93,'A','Memiliki kemampuan sangat baik terutama kemampuan dalam Mengidentifikasi dan memahami berbagai unsur pendukung dalam tari',NULL),(2025200000000000698,'WFRpeFVlRXcyTU9kSDM2VEVmdUpidz09OmJUUmtjalJ6TkdoaU1YTTBaREJ1T1E9PQ',2025,2,11,2025200000000000003,85,2025200000000000061,3017156000014,1,3017156000088,95,'A','Memiliki kemampuan sangat baik terutama kemampuan dalam Mengidentifikasi dan memahami berbagai unsur pendukung dalam tari',NULL),(2025200000000000699,'WFRpeFVlRXcyTU9kSDM2VEVmdUpidz09OmJUUmtjalJ6TkdoaU1YTTBaREJ1T1E9PQ',2025,2,11,2025200000000000003,85,2025200000000000061,3017156000014,1,3017156000089,81,'C','Memiliki kemampuan cukup baik terutama kemampuan dalam Mengidentifikasi dan memahami berbagai unsur pendukung dalam tari',NULL),(2025200000000000700,'WFRpeFVlRXcyTU9kSDM2VEVmdUpidz09OmJUUmtjalJ6TkdoaU1YTTBaREJ1T1E9PQ',2025,2,11,2025200000000000003,85,2025200000000000061,3017156000014,1,3017156000092,87,'B','Memiliki kemampuan baik terutama kemampuan dalam Mengidentifikasi dan memahami berbagai unsur pendukung dalam tari',NULL),(2025200000000000701,'WFRpeFVlRXcyTU9kSDM2VEVmdUpidz09OmJUUmtjalJ6TkdoaU1YTTBaREJ1T1E9PQ',2025,2,11,2025200000000000003,85,2025200000000000061,3017156000014,1,3017156000094,80,'C','Memiliki kemampuan cukup baik terutama kemampuan dalam Mengidentifikasi dan memahami berbagai unsur pendukung dalam tari',NULL),(2025200000000000702,'WFRpeFVlRXcyTU9kSDM2VEVmdUpidz09OmJUUmtjalJ6TkdoaU1YTTBaREJ1T1E9PQ',2025,2,11,2025200000000000003,85,2025200000000000061,3017156000014,1,3017156000153,80,'C','Memiliki kemampuan cukup baik terutama kemampuan dalam Mengidentifikasi dan memahami berbagai unsur pendukung dalam tari',NULL),(2025200000000000703,'WFRpeFVlRXcyTU9kSDM2VEVmdUpidz09OmJUUmtjalJ6TkdoaU1YTTBaREJ1T1E9PQ',2025,2,11,2025200000000000003,85,2025200000000000061,3017156000014,1,3017156000097,91,'B','Memiliki kemampuan baik terutama kemampuan dalam Mengidentifikasi dan memahami berbagai unsur pendukung dalam tari',NULL),(2025200000000000704,'WFRpeFVlRXcyTU9kSDM2VEVmdUpidz09OmJUUmtjalJ6TkdoaU1YTTBaREJ1T1E9PQ',2025,2,11,2025200000000000003,85,2025200000000000061,3017156000014,1,3017156000098,95,'A','Memiliki kemampuan sangat baik terutama kemampuan dalam Mengidentifikasi dan memahami berbagai unsur pendukung dalam tari',NULL),(2025200000000000705,'WFRpeFVlRXcyTU9kSDM2VEVmdUpidz09OmJUUmtjalJ6TkdoaU1YTTBaREJ1T1E9PQ',2025,2,11,2025200000000000003,85,2025200000000000061,3017156000014,1,3017156000099,80,'C','Memiliki kemampuan cukup baik terutama kemampuan dalam Mengidentifikasi dan memahami berbagai unsur pendukung dalam tari',NULL),(2025200000000000706,'WFRpeFVlRXcyTU9kSDM2VEVmdUpidz09OmJUUmtjalJ6TkdoaU1YTTBaREJ1T1E9PQ',2025,2,11,2025200000000000003,85,2025200000000000061,3017156000014,1,3017156000101,90,'B','Memiliki kemampuan baik terutama kemampuan dalam Mengidentifikasi dan memahami berbagai unsur pendukung dalam tari',NULL),(2025200000000000707,'WFRpeFVlRXcyTU9kSDM2VEVmdUpidz09OmJUUmtjalJ6TkdoaU1YTTBaREJ1T1E9PQ',2025,2,11,2025200000000000003,85,2025200000000000061,3017156000014,2,3017156000080,88,'B','Terampil terutama dalam Mengembangkan dan menyajikan sebuah pertunjukan dari kreasi',''),(2025200000000000708,'WFRpeFVlRXcyTU9kSDM2VEVmdUpidz09OmJUUmtjalJ6TkdoaU1YTTBaREJ1T1E9PQ',2025,2,11,2025200000000000003,85,2025200000000000061,3017156000014,2,3017156000081,83,'C','Cukup terampil terutama dalam Mengembangkan dan menyajikan sebuah pertunjukan dari kreasi',''),(2025200000000000709,'WFRpeFVlRXcyTU9kSDM2VEVmdUpidz09OmJUUmtjalJ6TkdoaU1YTTBaREJ1T1E9PQ',2025,2,11,2025200000000000003,85,2025200000000000061,3017156000014,2,3017156000130,81,'C','Cukup terampil terutama dalam Mengembangkan dan menyajikan sebuah pertunjukan dari kreasi',''),(2025200000000000710,'WFRpeFVlRXcyTU9kSDM2VEVmdUpidz09OmJUUmtjalJ6TkdoaU1YTTBaREJ1T1E9PQ',2025,2,11,2025200000000000003,85,2025200000000000061,3017156000014,2,3017156000082,80,'C','Cukup terampil terutama dalam Mengembangkan dan menyajikan sebuah pertunjukan dari kreasi',''),(2025200000000000711,'WFRpeFVlRXcyTU9kSDM2VEVmdUpidz09OmJUUmtjalJ6TkdoaU1YTTBaREJ1T1E9PQ',2025,2,11,2025200000000000003,85,2025200000000000061,3017156000014,2,3017156000083,83,'C','Cukup terampil terutama dalam Mengembangkan dan menyajikan sebuah pertunjukan dari kreasi',''),(2025200000000000712,'WFRpeFVlRXcyTU9kSDM2VEVmdUpidz09OmJUUmtjalJ6TkdoaU1YTTBaREJ1T1E9PQ',2025,2,11,2025200000000000003,85,2025200000000000061,3017156000014,2,3017156000084,85,'B','Terampil terutama dalam Mengembangkan dan menyajikan sebuah pertunjukan dari kreasi',''),(2025200000000000713,'WFRpeFVlRXcyTU9kSDM2VEVmdUpidz09OmJUUmtjalJ6TkdoaU1YTTBaREJ1T1E9PQ',2025,2,11,2025200000000000003,85,2025200000000000061,3017156000014,2,3017156000085,80,'C','Cukup terampil terutama dalam Mengembangkan dan menyajikan sebuah pertunjukan dari kreasi',''),(2025200000000000714,'WFRpeFVlRXcyTU9kSDM2VEVmdUpidz09OmJUUmtjalJ6TkdoaU1YTTBaREJ1T1E9PQ',2025,2,11,2025200000000000003,85,2025200000000000061,3017156000014,2,3017156000086,86,'B','Terampil terutama dalam Mengembangkan dan menyajikan sebuah pertunjukan dari kreasi',''),(2025200000000000715,'WFRpeFVlRXcyTU9kSDM2VEVmdUpidz09OmJUUmtjalJ6TkdoaU1YTTBaREJ1T1E9PQ',2025,2,11,2025200000000000003,85,2025200000000000061,3017156000014,2,3017156000087,93,'A','Sangat terampil terutama dalam Mengembangkan dan menyajikan sebuah pertunjukan dari kreasi',''),(2025200000000000716,'WFRpeFVlRXcyTU9kSDM2VEVmdUpidz09OmJUUmtjalJ6TkdoaU1YTTBaREJ1T1E9PQ',2025,2,11,2025200000000000003,85,2025200000000000061,3017156000014,2,3017156000088,95,'A','Sangat terampil terutama dalam Mengembangkan dan menyajikan sebuah pertunjukan dari kreasi',''),(2025200000000000717,'WFRpeFVlRXcyTU9kSDM2VEVmdUpidz09OmJUUmtjalJ6TkdoaU1YTTBaREJ1T1E9PQ',2025,2,11,2025200000000000003,85,2025200000000000061,3017156000014,2,3017156000089,81,'C','Cukup terampil terutama dalam Mengembangkan dan menyajikan sebuah pertunjukan dari kreasi',''),(2025200000000000718,'WFRpeFVlRXcyTU9kSDM2VEVmdUpidz09OmJUUmtjalJ6TkdoaU1YTTBaREJ1T1E9PQ',2025,2,11,2025200000000000003,85,2025200000000000061,3017156000014,2,3017156000092,87,'B','Terampil terutama dalam Mengembangkan dan menyajikan sebuah pertunjukan dari kreasi',''),(2025200000000000719,'WFRpeFVlRXcyTU9kSDM2VEVmdUpidz09OmJUUmtjalJ6TkdoaU1YTTBaREJ1T1E9PQ',2025,2,11,2025200000000000003,85,2025200000000000061,3017156000014,2,3017156000094,80,'C','Cukup terampil terutama dalam Mengembangkan dan menyajikan sebuah pertunjukan dari kreasi',''),(2025200000000000720,'WFRpeFVlRXcyTU9kSDM2VEVmdUpidz09OmJUUmtjalJ6TkdoaU1YTTBaREJ1T1E9PQ',2025,2,11,2025200000000000003,85,2025200000000000061,3017156000014,2,3017156000153,80,'C','Cukup terampil terutama dalam Mengembangkan dan menyajikan sebuah pertunjukan dari kreasi',''),(2025200000000000721,'WFRpeFVlRXcyTU9kSDM2VEVmdUpidz09OmJUUmtjalJ6TkdoaU1YTTBaREJ1T1E9PQ',2025,2,11,2025200000000000003,85,2025200000000000061,3017156000014,2,3017156000097,91,'B','Terampil terutama dalam Mengembangkan dan menyajikan sebuah pertunjukan dari kreasi',''),(2025200000000000722,'WFRpeFVlRXcyTU9kSDM2VEVmdUpidz09OmJUUmtjalJ6TkdoaU1YTTBaREJ1T1E9PQ',2025,2,11,2025200000000000003,85,2025200000000000061,3017156000014,2,3017156000098,95,'A','Sangat terampil terutama dalam Mengembangkan dan menyajikan sebuah pertunjukan dari kreasi',''),(2025200000000000723,'WFRpeFVlRXcyTU9kSDM2VEVmdUpidz09OmJUUmtjalJ6TkdoaU1YTTBaREJ1T1E9PQ',2025,2,11,2025200000000000003,85,2025200000000000061,3017156000014,2,3017156000099,80,'C','Cukup terampil terutama dalam Mengembangkan dan menyajikan sebuah pertunjukan dari kreasi',''),(2025200000000000724,'WFRpeFVlRXcyTU9kSDM2VEVmdUpidz09OmJUUmtjalJ6TkdoaU1YTTBaREJ1T1E9PQ',2025,2,11,2025200000000000003,85,2025200000000000061,3017156000014,2,3017156000101,90,'B','Terampil terutama dalam Mengembangkan dan menyajikan sebuah pertunjukan dari kreasi',''),(2025200000000000725,'WFRpeFVlRXcyTU9kSDM2VEVmdUpidz09OmJUUmtjalJ6TkdoaU1YTTBaREJ1T1E9PQ',2025,2,11,2025200000000000003,11,2025200000000000057,3017156000015,1,3017156000080,88,'B','Memiliki kemampuan baik terutama kemampuan dalam Teks tanggapan dengan struktur teks tanggapan',NULL),(2025200000000000726,'WFRpeFVlRXcyTU9kSDM2VEVmdUpidz09OmJUUmtjalJ6TkdoaU1YTTBaREJ1T1E9PQ',2025,2,11,2025200000000000003,11,2025200000000000057,3017156000015,1,3017156000081,83,'C','Memiliki kemampuan cukup baik terutama kemampuan dalam Teks tanggapan dengan struktur teks tanggapan',NULL),(2025200000000000727,'WFRpeFVlRXcyTU9kSDM2VEVmdUpidz09OmJUUmtjalJ6TkdoaU1YTTBaREJ1T1E9PQ',2025,2,11,2025200000000000003,11,2025200000000000057,3017156000015,1,3017156000130,81,'C','Memiliki kemampuan cukup baik terutama kemampuan dalam Teks tanggapan dengan struktur teks tanggapan',NULL),(2025200000000000728,'WFRpeFVlRXcyTU9kSDM2VEVmdUpidz09OmJUUmtjalJ6TkdoaU1YTTBaREJ1T1E9PQ',2025,2,11,2025200000000000003,11,2025200000000000057,3017156000015,1,3017156000082,80,'C','Memiliki kemampuan cukup baik terutama kemampuan dalam Teks tanggapan dengan struktur teks tanggapan',NULL),(2025200000000000729,'WFRpeFVlRXcyTU9kSDM2VEVmdUpidz09OmJUUmtjalJ6TkdoaU1YTTBaREJ1T1E9PQ',2025,2,11,2025200000000000003,11,2025200000000000057,3017156000015,1,3017156000083,83,'C','Memiliki kemampuan cukup baik terutama kemampuan dalam Teks tanggapan dengan struktur teks tanggapan',NULL),(2025200000000000730,'WFRpeFVlRXcyTU9kSDM2VEVmdUpidz09OmJUUmtjalJ6TkdoaU1YTTBaREJ1T1E9PQ',2025,2,11,2025200000000000003,11,2025200000000000057,3017156000015,1,3017156000084,85,'B','Memiliki kemampuan baik terutama kemampuan dalam Teks tanggapan dengan struktur teks tanggapan',NULL),(2025200000000000731,'WFRpeFVlRXcyTU9kSDM2VEVmdUpidz09OmJUUmtjalJ6TkdoaU1YTTBaREJ1T1E9PQ',2025,2,11,2025200000000000003,11,2025200000000000057,3017156000015,1,3017156000085,80,'C','Memiliki kemampuan cukup baik terutama kemampuan dalam Teks tanggapan dengan struktur teks tanggapan',NULL),(2025200000000000732,'WFRpeFVlRXcyTU9kSDM2VEVmdUpidz09OmJUUmtjalJ6TkdoaU1YTTBaREJ1T1E9PQ',2025,2,11,2025200000000000003,11,2025200000000000057,3017156000015,1,3017156000086,86,'B','Memiliki kemampuan baik terutama kemampuan dalam Teks tanggapan dengan struktur teks tanggapan',NULL),(2025200000000000733,'WFRpeFVlRXcyTU9kSDM2VEVmdUpidz09OmJUUmtjalJ6TkdoaU1YTTBaREJ1T1E9PQ',2025,2,11,2025200000000000003,11,2025200000000000057,3017156000015,1,3017156000087,93,'A','Memiliki kemampuan sangat baik terutama kemampuan dalam Teks tanggapan dengan struktur teks tanggapan',NULL),(2025200000000000734,'WFRpeFVlRXcyTU9kSDM2VEVmdUpidz09OmJUUmtjalJ6TkdoaU1YTTBaREJ1T1E9PQ',2025,2,11,2025200000000000003,11,2025200000000000057,3017156000015,1,3017156000088,95,'A','Memiliki kemampuan sangat baik terutama kemampuan dalam Teks tanggapan dengan struktur teks tanggapan',NULL),(2025200000000000735,'WFRpeFVlRXcyTU9kSDM2VEVmdUpidz09OmJUUmtjalJ6TkdoaU1YTTBaREJ1T1E9PQ',2025,2,11,2025200000000000003,11,2025200000000000057,3017156000015,1,3017156000089,81,'C','Memiliki kemampuan cukup baik terutama kemampuan dalam Teks tanggapan dengan struktur teks tanggapan',NULL),(2025200000000000736,'WFRpeFVlRXcyTU9kSDM2VEVmdUpidz09OmJUUmtjalJ6TkdoaU1YTTBaREJ1T1E9PQ',2025,2,11,2025200000000000003,11,2025200000000000057,3017156000015,1,3017156000092,87,'B','Memiliki kemampuan baik terutama kemampuan dalam Teks tanggapan dengan struktur teks tanggapan',NULL),(2025200000000000737,'WFRpeFVlRXcyTU9kSDM2VEVmdUpidz09OmJUUmtjalJ6TkdoaU1YTTBaREJ1T1E9PQ',2025,2,11,2025200000000000003,11,2025200000000000057,3017156000015,1,3017156000094,80,'C','Memiliki kemampuan cukup baik terutama kemampuan dalam Teks tanggapan dengan struktur teks tanggapan',NULL),(2025200000000000738,'WFRpeFVlRXcyTU9kSDM2VEVmdUpidz09OmJUUmtjalJ6TkdoaU1YTTBaREJ1T1E9PQ',2025,2,11,2025200000000000003,11,2025200000000000057,3017156000015,1,3017156000153,80,'C','Memiliki kemampuan cukup baik terutama kemampuan dalam Teks tanggapan dengan struktur teks tanggapan',NULL),(2025200000000000739,'WFRpeFVlRXcyTU9kSDM2VEVmdUpidz09OmJUUmtjalJ6TkdoaU1YTTBaREJ1T1E9PQ',2025,2,11,2025200000000000003,11,2025200000000000057,3017156000015,1,3017156000097,91,'B','Memiliki kemampuan baik terutama kemampuan dalam Teks tanggapan dengan struktur teks tanggapan',NULL),(2025200000000000740,'WFRpeFVlRXcyTU9kSDM2VEVmdUpidz09OmJUUmtjalJ6TkdoaU1YTTBaREJ1T1E9PQ',2025,2,11,2025200000000000003,11,2025200000000000057,3017156000015,1,3017156000098,95,'A','Memiliki kemampuan sangat baik terutama kemampuan dalam Teks tanggapan dengan struktur teks tanggapan',NULL),(2025200000000000741,'WFRpeFVlRXcyTU9kSDM2VEVmdUpidz09OmJUUmtjalJ6TkdoaU1YTTBaREJ1T1E9PQ',2025,2,11,2025200000000000003,11,2025200000000000057,3017156000015,1,3017156000099,80,'C','Memiliki kemampuan cukup baik terutama kemampuan dalam Teks tanggapan dengan struktur teks tanggapan',NULL),(2025200000000000742,'WFRpeFVlRXcyTU9kSDM2VEVmdUpidz09OmJUUmtjalJ6TkdoaU1YTTBaREJ1T1E9PQ',2025,2,11,2025200000000000003,11,2025200000000000057,3017156000015,1,3017156000101,90,'B','Memiliki kemampuan baik terutama kemampuan dalam Teks tanggapan dengan struktur teks tanggapan',NULL),(2025200000000000743,'WFRpeFVlRXcyTU9kSDM2VEVmdUpidz09OmJUUmtjalJ6TkdoaU1YTTBaREJ1T1E9PQ',2025,2,11,2025200000000000003,11,2025200000000000057,3017156000015,2,3017156000080,86,'B','Terampil terutama dalam Berdiskusi dengan teman sebaya',''),(2025200000000000744,'WFRpeFVlRXcyTU9kSDM2VEVmdUpidz09OmJUUmtjalJ6TkdoaU1YTTBaREJ1T1E9PQ',2025,2,11,2025200000000000003,11,2025200000000000057,3017156000015,2,3017156000081,82,'C','Cukup terampil terutama dalam Berdiskusi dengan teman sebaya',''),(2025200000000000745,'WFRpeFVlRXcyTU9kSDM2VEVmdUpidz09OmJUUmtjalJ6TkdoaU1YTTBaREJ1T1E9PQ',2025,2,11,2025200000000000003,11,2025200000000000057,3017156000015,2,3017156000130,81,'C','Cukup terampil terutama dalam Berdiskusi dengan teman sebaya',''),(2025200000000000746,'WFRpeFVlRXcyTU9kSDM2VEVmdUpidz09OmJUUmtjalJ6TkdoaU1YTTBaREJ1T1E9PQ',2025,2,11,2025200000000000003,11,2025200000000000057,3017156000015,2,3017156000082,80,'C','Cukup terampil terutama dalam Berdiskusi dengan teman sebaya',''),(2025200000000000747,'WFRpeFVlRXcyTU9kSDM2VEVmdUpidz09OmJUUmtjalJ6TkdoaU1YTTBaREJ1T1E9PQ',2025,2,11,2025200000000000003,11,2025200000000000057,3017156000015,2,3017156000083,82,'C','Cukup terampil terutama dalam Berdiskusi dengan teman sebaya',''),(2025200000000000748,'WFRpeFVlRXcyTU9kSDM2VEVmdUpidz09OmJUUmtjalJ6TkdoaU1YTTBaREJ1T1E9PQ',2025,2,11,2025200000000000003,11,2025200000000000057,3017156000015,2,3017156000084,86,'B','Terampil terutama dalam Membuat teks tanggapan',''),(2025200000000000749,'WFRpeFVlRXcyTU9kSDM2VEVmdUpidz09OmJUUmtjalJ6TkdoaU1YTTBaREJ1T1E9PQ',2025,2,11,2025200000000000003,11,2025200000000000057,3017156000015,2,3017156000085,80,'C','Cukup terampil terutama dalam Membuat teks tanggapan',''),(2025200000000000750,'WFRpeFVlRXcyTU9kSDM2VEVmdUpidz09OmJUUmtjalJ6TkdoaU1YTTBaREJ1T1E9PQ',2025,2,11,2025200000000000003,11,2025200000000000057,3017156000015,2,3017156000086,85,'B','Terampil terutama dalam Berdiskusi dengan teman sebaya',''),(2025200000000000751,'WFRpeFVlRXcyTU9kSDM2VEVmdUpidz09OmJUUmtjalJ6TkdoaU1YTTBaREJ1T1E9PQ',2025,2,11,2025200000000000003,11,2025200000000000057,3017156000015,2,3017156000087,92,'B','Terampil terutama dalam Berdiskusi dengan teman sebaya',''),(2025200000000000752,'WFRpeFVlRXcyTU9kSDM2VEVmdUpidz09OmJUUmtjalJ6TkdoaU1YTTBaREJ1T1E9PQ',2025,2,11,2025200000000000003,11,2025200000000000057,3017156000015,2,3017156000088,93,'A','Sangat terampil terutama dalam Berdiskusi dengan teman sebaya',''),(2025200000000000753,'WFRpeFVlRXcyTU9kSDM2VEVmdUpidz09OmJUUmtjalJ6TkdoaU1YTTBaREJ1T1E9PQ',2025,2,11,2025200000000000003,11,2025200000000000057,3017156000015,2,3017156000089,81,'C','Cukup terampil terutama dalam Berdiskusi dengan teman sebaya',''),(2025200000000000754,'WFRpeFVlRXcyTU9kSDM2VEVmdUpidz09OmJUUmtjalJ6TkdoaU1YTTBaREJ1T1E9PQ',2025,2,11,2025200000000000003,11,2025200000000000057,3017156000015,2,3017156000092,86,'B','Terampil terutama dalam Berdiskusi dengan teman sebaya',''),(2025200000000000755,'WFRpeFVlRXcyTU9kSDM2VEVmdUpidz09OmJUUmtjalJ6TkdoaU1YTTBaREJ1T1E9PQ',2025,2,11,2025200000000000003,11,2025200000000000057,3017156000015,2,3017156000094,80,'C','Cukup terampil terutama dalam Berdiskusi dengan teman sebaya',''),(2025200000000000756,'WFRpeFVlRXcyTU9kSDM2VEVmdUpidz09OmJUUmtjalJ6TkdoaU1YTTBaREJ1T1E9PQ',2025,2,11,2025200000000000003,11,2025200000000000057,3017156000015,2,3017156000153,80,'C','Cukup terampil terutama dalam Berdiskusi dengan teman sebaya',''),(2025200000000000757,'WFRpeFVlRXcyTU9kSDM2VEVmdUpidz09OmJUUmtjalJ6TkdoaU1YTTBaREJ1T1E9PQ',2025,2,11,2025200000000000003,11,2025200000000000057,3017156000015,2,3017156000097,90,'B','Terampil terutama dalam Berdiskusi dengan teman sebaya',''),(2025200000000000758,'WFRpeFVlRXcyTU9kSDM2VEVmdUpidz09OmJUUmtjalJ6TkdoaU1YTTBaREJ1T1E9PQ',2025,2,11,2025200000000000003,11,2025200000000000057,3017156000015,2,3017156000098,94,'A','Sangat terampil terutama dalam Berdiskusi dengan teman sebaya',''),(2025200000000000759,'WFRpeFVlRXcyTU9kSDM2VEVmdUpidz09OmJUUmtjalJ6TkdoaU1YTTBaREJ1T1E9PQ',2025,2,11,2025200000000000003,11,2025200000000000057,3017156000015,2,3017156000099,80,'C','Cukup terampil terutama dalam Berdiskusi dengan teman sebaya',''),(2025200000000000760,'WFRpeFVlRXcyTU9kSDM2VEVmdUpidz09OmJUUmtjalJ6TkdoaU1YTTBaREJ1T1E9PQ',2025,2,11,2025200000000000003,11,2025200000000000057,3017156000015,2,3017156000101,89,'B','Terampil terutama dalam Berdiskusi dengan teman sebaya','');

--
-- Table structure for table `e_riwayatsiswa`
--

CREATE TABLE `e_riwayatsiswa` (
  `riwayat_id` bigint(20) NOT NULL AUTO_INCREMENT,
  `siswa_id` bigint(13) DEFAULT NULL,
  `tahunajaran_id` int(11) DEFAULT NULL,
  `kelas_id` bigint(20) DEFAULT NULL,
  `lembaga_id` varchar(100) DEFAULT NULL,
  `semester_id` int(11) DEFAULT NULL,
  PRIMARY KEY (`riwayat_id`),
  UNIQUE KEY `siswa_id` (`siswa_id`,`tahunajaran_id`,`semester_id`) USING BTREE
) ENGINE=InnoDB AUTO_INCREMENT=2023200000000000130 DEFAULT CHARSET=latin1 COLLATE=latin1_swedish_ci;

--
-- Dumping data for table `e_riwayatsiswa`
--

INSERT INTO `e_riwayatsiswa` VALUES (1,3017156000001,2021,2021100000000000001,'',NULL),(2,3017156000002,2021,2021100000000000001,'',NULL),(3,3017156000003,2021,2021100000000000001,'',NULL),(4,3017156000004,2021,2021100000000000001,'',NULL),(5,3017156000005,2021,2021100000000000001,'',NULL),(6,3017156000006,2021,2021100000000000001,'',NULL),(7,3017156000007,2021,2021100000000000001,'',NULL),(8,3017156000008,2021,2021100000000000001,'',NULL),(9,3017156000009,2021,2021100000000000001,'',NULL),(10,3017156000010,2021,2021100000000000001,'',NULL),(11,3017156000011,2021,2021100000000000001,'',NULL),(12,3017156000012,2021,2021100000000000001,'',NULL),(13,3017156000013,2021,2021100000000000001,'',NULL),(14,3017156000014,2021,2021100000000000001,'',NULL),(15,3017156000015,2021,2021100000000000001,'',NULL),(16,3017156000016,2021,2021100000000000001,'',NULL),(17,3017156000017,2021,2021100000000000001,'',NULL),(18,3017156000018,2021,2021100000000000002,NULL,NULL),(19,3017156000019,2021,2021100000000000002,NULL,NULL),(20,3017156000020,2021,2021100000000000002,NULL,NULL),(21,3017156000021,2021,2021100000000000002,NULL,NULL),(22,3017156000022,2021,2021100000000000002,NULL,NULL),(23,3017156000023,2021,2021100000000000002,NULL,NULL),(24,3017156000024,2021,2021100000000000002,NULL,NULL),(25,3017156000025,2021,2021100000000000002,NULL,NULL),(26,3017156000026,2021,2021100000000000002,NULL,NULL),(27,3017156000027,2021,2021100000000000002,NULL,NULL),(28,3017156000028,2021,2021100000000000002,NULL,NULL),(29,3017156000029,2021,2021100000000000002,NULL,NULL),(30,3017156000030,2021,2021100000000000002,NULL,NULL),(31,3017156000031,2021,2021100000000000002,NULL,NULL),(32,3017156000032,2021,2021100000000000002,NULL,NULL),(33,3017156000033,2021,2021100000000000002,NULL,NULL),(34,3017156000034,2021,2021100000000000002,NULL,NULL),(35,3017156000035,2021,2021100000000000002,NULL,NULL),(36,3017156000036,2021,2021100000000000003,NULL,NULL),(37,3017156000037,2021,2021100000000000003,NULL,NULL),(38,3017156000038,2021,2021100000000000003,NULL,NULL),(39,3017156000039,2021,2021100000000000003,NULL,NULL),(40,3017156000040,2021,2021100000000000003,NULL,NULL),(41,3017156000041,2021,2021100000000000003,NULL,NULL),(42,3017156000042,2021,2021100000000000003,NULL,NULL),(43,3017156000043,2021,2021100000000000003,NULL,NULL),(44,3017156000044,2021,2021100000000000003,NULL,NULL),(45,3017156000045,2021,2021100000000000003,NULL,NULL),(46,3017156000046,2021,2021100000000000003,NULL,NULL),(47,3017156000047,2021,2021100000000000003,NULL,NULL),(48,3017156000048,2021,2021100000000000003,NULL,NULL),(49,3017156000049,2021,2021100000000000003,NULL,NULL),(50,3017156000050,2021,2021100000000000003,NULL,NULL),(51,3017156000051,2021,2021100000000000003,NULL,NULL),(52,3017156000052,2021,2021100000000000003,NULL,NULL),(53,3017156000053,2021,2021100000000000003,NULL,NULL),(2021200000000000001,3017156000018,2022,2022200000000000001,NULL,NULL),(2021200000000000002,3017156000019,2022,2022200000000000001,NULL,NULL),(2021200000000000003,3017156000020,2022,2022200000000000001,NULL,NULL),(2021200000000000004,3017156000021,2022,2022200000000000001,NULL,NULL),(2021200000000000005,3017156000022,2022,2022200000000000001,NULL,NULL),(2021200000000000006,3017156000023,2022,2022200000000000001,NULL,NULL),(2021200000000000007,3017156000024,2022,2022200000000000001,NULL,NULL),(2021200000000000008,3017156000025,2022,2022200000000000001,NULL,NULL),(2021200000000000009,3017156000026,2022,2022200000000000001,NULL,NULL),(2021200000000000010,3017156000027,2022,2022200000000000001,NULL,NULL),(2021200000000000011,3017156000028,2022,2022200000000000001,NULL,NULL),(2021200000000000012,3017156000029,2022,2022200000000000001,NULL,NULL),(2021200000000000013,3017156000030,2022,2022200000000000001,NULL,NULL),(2021200000000000014,3017156000031,2022,2022200000000000001,NULL,NULL),(2021200000000000015,3017156000032,2022,2022200000000000001,NULL,NULL),(2021200000000000016,3017156000033,2022,2022200000000000001,NULL,NULL),(2021200000000000017,3017156000034,2022,2022200000000000001,NULL,NULL),(2021200000000000018,3017156000035,2022,2022200000000000001,NULL,NULL),(2021200000000000019,3017156000005,2022,2022200000000000002,NULL,NULL),(2021200000000000020,3017156000003,2022,2022200000000000002,NULL,NULL),(2021200000000000021,3017156000017,2022,2022200000000000002,NULL,NULL),(2021200000000000022,3017156000016,2022,2022200000000000002,NULL,NULL),(2021200000000000023,3017156000004,2022,2022200000000000002,NULL,NULL),(2021200000000000024,3017156000010,2022,2022200000000000002,NULL,NULL),(2021200000000000025,3017156000015,2022,2022200000000000002,NULL,NULL),(2021200000000000026,3017156000014,2022,2022200000000000002,NULL,NULL),(2021200000000000027,3017156000006,2022,2022200000000000002,NULL,NULL),(2021200000000000028,3017156000001,2022,2022200000000000002,NULL,NULL),(2021200000000000029,3017156000002,2022,2022200000000000002,NULL,NULL),(2021200000000000030,3017156000013,2022,2022200000000000002,NULL,NULL),(2021200000000000031,3017156000008,2022,2022200000000000002,NULL,NULL),(2021200000000000032,3017156000012,2022,2022200000000000002,NULL,NULL),(2021200000000000033,3017156000011,2022,2022200000000000002,NULL,NULL),(2021200000000000034,3017156000009,2022,2022200000000000002,NULL,NULL),(2021200000000000035,3017156000007,2022,2022200000000000002,NULL,NULL),(2021200000000000036,3017156000036,2022,-1,NULL,NULL),(2021200000000000037,3017156000037,2022,-1,NULL,NULL),(2021200000000000038,3017156000038,2022,-1,NULL,NULL),(2021200000000000039,3017156000039,2022,-1,NULL,NULL),(2021200000000000040,3017156000040,2022,-1,NULL,NULL),(2021200000000000041,3017156000041,2022,-1,NULL,NULL),(2021200000000000042,3017156000042,2022,-1,NULL,NULL),(2021200000000000043,3017156000043,2022,-1,NULL,NULL),(2021200000000000044,3017156000044,2022,-1,NULL,NULL),(2021200000000000045,3017156000045,2022,-1,NULL,NULL),(2021200000000000046,3017156000046,2022,-1,NULL,NULL),(2021200000000000047,3017156000047,2022,-1,NULL,NULL),(2021200000000000048,3017156000048,2022,-1,NULL,NULL),(2021200000000000049,3017156000049,2022,-1,NULL,NULL),(2021200000000000050,3017156000050,2022,-1,NULL,NULL),(2021200000000000051,3017156000051,2022,-1,NULL,NULL),(2021200000000000052,3017156000052,2022,-1,NULL,NULL),(2021200000000000053,3017156000053,2022,-1,NULL,NULL),(2021200000000000054,3017156000054,2022,2022100000000000001,NULL,NULL),(2021200000000000055,3017156000055,2022,2022100000000000001,NULL,NULL),(2021200000000000056,3017156000056,2022,2022100000000000001,NULL,NULL),(2021200000000000057,3017156000057,2022,2022100000000000001,NULL,NULL),(2021200000000000058,3017156000058,2022,2022100000000000001,NULL,NULL),(2021200000000000059,3017156000059,2022,2022100000000000001,NULL,NULL),(2021200000000000060,3017156000060,2022,2022100000000000001,NULL,NULL),(2021200000000000061,3017156000061,2022,2022100000000000001,NULL,NULL),(2021200000000000062,3017156000062,2022,2022100000000000001,NULL,NULL),(2021200000000000063,3017156000063,2022,2022100000000000001,NULL,NULL),(2021200000000000064,3017156000064,2022,2022100000000000001,NULL,NULL),(2021200000000000065,3017156000065,2022,2022100000000000001,NULL,NULL),(2021200000000000066,3017156000066,2022,2022100000000000001,NULL,NULL),(2021200000000000067,3017156000067,2022,2022100000000000001,NULL,NULL),(2021200000000000068,3017156000068,2022,2022100000000000001,NULL,NULL),(2021200000000000069,3017156000069,2022,2022100000000000001,NULL,NULL),(2021200000000000070,3017156000070,2022,2022100000000000001,NULL,NULL),(2021200000000000071,3017156000071,2022,2022200000000000002,NULL,NULL),(2021200000000000072,3017156000072,2022,2022200000000000002,NULL,NULL),(2021200000000000073,3017156000073,2022,2022200000000000002,NULL,NULL),(2021200000000000074,3017156000074,2022,2022200000000000002,NULL,NULL),(2021200000000000075,3017156000075,2022,2022200000000000002,NULL,NULL),(2021200000000000076,3017156000076,2022,2022200000000000002,NULL,NULL),(2021200000000000077,3017156000077,2022,2022200000000000002,NULL,NULL),(2021200000000000078,3017156000078,2022,2022200000000000001,NULL,NULL),(2021200000000000079,3017156000079,2022,2022100000000000001,NULL,NULL),(2021200000000000080,3017156000080,2023,2023100000000000001,NULL,NULL),(2021200000000000081,3017156000081,2023,2023100000000000001,NULL,NULL),(2021200000000000082,3017156000082,2023,2023100000000000001,NULL,NULL),(2021200000000000083,3017156000083,2023,2023100000000000001,NULL,NULL),(2021200000000000084,3017156000055,2023,2023100000000000001,NULL,NULL),(2021200000000000085,3017156000084,2023,2023100000000000001,NULL,NULL),(2021200000000000086,3017156000085,2023,2023100000000000001,NULL,NULL),(2021200000000000087,3017156000086,2023,2023100000000000001,NULL,NULL),(2021200000000000088,3017156000087,2023,2023100000000000001,NULL,NULL),(2021200000000000089,3017156000079,2023,2023100000000000002,NULL,NULL),(2021200000000000090,3017156000088,2023,2023100000000000001,NULL,NULL),(2021200000000000091,3017156000089,2023,2023100000000000001,NULL,NULL),(2021200000000000092,3017156000090,2023,2023100000000000001,NULL,NULL),(2021200000000000093,3017156000091,2023,2023100000000000001,NULL,NULL),(2021200000000000094,3017156000092,2023,2023100000000000001,NULL,NULL),(2021200000000000095,3017156000093,2023,2023100000000000001,NULL,NULL),(2021200000000000096,3017156000094,2023,2023100000000000001,NULL,NULL),(2021200000000000097,3017156000095,2023,2023100000000000001,NULL,NULL),(2021200000000000098,3017156000096,2023,2023100000000000002,NULL,NULL),(2021200000000000099,3017156000097,2023,2023100000000000001,NULL,NULL),(2021200000000000100,3017156000067,2023,2023100000000000001,NULL,NULL),(2021200000000000101,3017156000098,2023,2023100000000000001,NULL,NULL),(2021200000000000102,3017156000099,2023,2023100000000000001,NULL,NULL),(2021200000000000103,3017156000069,2023,2023100000000000001,NULL,NULL),(2021200000000000104,3017156000100,2023,2023100000000000001,NULL,NULL),(2021200000000000105,3017156000101,2023,2023100000000000001,NULL,NULL),(2021200000000000106,3017156000054,2023,2023100000000000002,NULL,NULL),(2021200000000000107,3017156000058,2023,2023100000000000002,NULL,NULL),(2021200000000000108,3017156000059,2023,2023100000000000002,NULL,NULL),(2021200000000000109,3017156000060,2023,2023100000000000002,NULL,NULL),(2021200000000000110,3017156000061,2023,2023100000000000002,NULL,NULL),(2021200000000000111,3017156000062,2023,2023100000000000002,NULL,NULL),(2021200000000000112,3017156000064,2023,2023100000000000002,NULL,NULL),(2021200000000000113,3017156000065,2023,2023100000000000002,NULL,NULL),(2021200000000000114,3017156000066,2023,2023100000000000002,NULL,NULL),(2021200000000000115,3017156000068,2023,2023100000000000002,NULL,NULL),(2021200000000000116,3017156000070,2023,2023100000000000002,NULL,NULL),(2021200000000000117,3017156000018,2023,2023100000000000003,NULL,NULL),(2021200000000000118,3017156000020,2023,2023100000000000003,NULL,NULL),(2021200000000000119,3017156000021,2023,2023100000000000003,NULL,NULL),(2021200000000000120,3017156000022,2023,2023100000000000003,NULL,NULL),(2021200000000000121,3017156000023,2023,2023100000000000003,NULL,NULL),(2021200000000000122,3017156000024,2023,2023100000000000003,NULL,NULL),(2021200000000000123,3017156000026,2023,2023100000000000003,NULL,NULL),(2021200000000000124,3017156000027,2023,2023100000000000003,NULL,NULL),(2021200000000000125,3017156000028,2023,2023100000000000003,NULL,NULL),(2021200000000000126,3017156000029,2023,2023100000000000003,NULL,NULL),(2021200000000000127,3017156000019,2023,2023100000000000003,NULL,NULL),(2021200000000000128,3017156000032,2023,2023100000000000003,NULL,NULL),(2021200000000000129,3017156000033,2023,2023100000000000003,NULL,NULL),(2021200000000000130,3017156000034,2023,2023100000000000003,NULL,NULL),(2021200000000000131,3017156000035,2023,2023100000000000003,NULL,NULL),(2021200000000000132,3017156000102,2023,2023100000000000002,NULL,NULL),(2022200000000000001,3017156000078,2023,2023100000000000003,NULL,NULL),(2022200000000000002,3017156000030,2023,2023100000000000003,NULL,NULL),(2023200000000000001,3017156000080,2024,2024200000000000001,NULL,NULL),(2023200000000000002,3017156000081,2024,2024200000000000001,NULL,NULL),(2023200000000000003,3017156000082,2024,2024200000000000001,NULL,NULL),(2023200000000000004,3017156000083,2024,2024200000000000001,NULL,NULL),(2023200000000000005,3017156000084,2024,2024200000000000001,NULL,NULL),(2023200000000000006,3017156000085,2024,2024200000000000001,NULL,NULL),(2023200000000000007,3017156000086,2024,2024200000000000001,NULL,NULL),(2023200000000000008,3017156000087,2024,2024200000000000001,NULL,NULL),(2023200000000000009,3017156000088,2024,2024200000000000001,NULL,NULL),(2023200000000000010,3017156000089,2024,2024200000000000001,NULL,NULL),(2023200000000000011,3017156000090,2024,2024200000000000001,NULL,NULL),(2023200000000000012,3017156000091,2024,2024200000000000001,NULL,NULL),(2023200000000000013,3017156000092,2024,2024200000000000001,NULL,NULL),(2023200000000000014,3017156000093,2024,2024200000000000001,NULL,NULL),(2023200000000000015,3017156000094,2024,2024200000000000001,NULL,NULL),(2023200000000000016,3017156000097,2024,2024200000000000001,NULL,NULL),(2023200000000000017,3017156000098,2024,2024200000000000001,NULL,NULL),(2023200000000000018,3017156000099,2024,2024200000000000001,NULL,NULL),(2023200000000000019,3017156000101,2024,2024200000000000001,NULL,NULL),(2023200000000000020,3017156000054,2024,2024200000000000002,NULL,NULL),(2023200000000000021,3017156000102,2024,2024200000000000002,NULL,NULL),(2023200000000000022,3017156000058,2024,2024200000000000002,NULL,NULL),(2023200000000000023,3017156000059,2024,2024200000000000002,NULL,NULL),(2023200000000000024,3017156000060,2024,2024200000000000002,NULL,NULL),(2023200000000000025,3017156000061,2024,2024200000000000002,NULL,NULL),(2023200000000000026,3017156000079,2024,2024200000000000002,NULL,NULL),(2023200000000000027,3017156000062,2024,2024200000000000002,NULL,NULL),(2023200000000000028,3017156000064,2024,2024200000000000002,NULL,NULL),(2023200000000000029,3017156000065,2024,2024200000000000002,NULL,NULL),(2023200000000000030,3017156000066,2024,2024200000000000002,NULL,NULL),(2023200000000000031,3017156000096,2024,2024200000000000002,NULL,NULL),(2023200000000000032,3017156000070,2024,2024200000000000002,NULL,NULL),(2023200000000000033,3017156000103,2024,2024100000000000001,NULL,NULL),(2023200000000000034,3017156000104,2024,2024100000000000001,NULL,NULL),(2023200000000000035,3017156000105,2024,2024100000000000001,NULL,NULL),(2023200000000000036,3017156000106,2024,2024100000000000001,NULL,NULL),(2023200000000000037,3017156000107,2024,2024100000000000001,NULL,NULL),(2023200000000000038,3017156000055,2024,2024100000000000001,NULL,NULL),(2023200000000000039,3017156000108,2024,2024100000000000001,NULL,NULL),(2023200000000000040,3017156000109,2024,2024100000000000001,NULL,NULL),(2023200000000000041,3017156000110,2024,2024100000000000001,NULL,NULL),(2023200000000000042,3017156000111,2024,2024100000000000001,NULL,NULL),(2023200000000000043,3017156000112,2024,2024100000000000001,NULL,NULL),(2023200000000000044,3017156000113,2024,2024100000000000001,NULL,NULL),(2023200000000000045,3017156000114,2024,2024100000000000001,NULL,NULL),(2023200000000000046,3017156000115,2024,2024100000000000001,NULL,NULL),(2023200000000000047,3017156000116,2024,2024100000000000001,NULL,NULL),(2023200000000000048,3017156000117,2024,2024100000000000001,NULL,NULL),(2023200000000000049,3017156000118,2024,2024100000000000001,NULL,NULL),(2023200000000000050,3017156000119,2024,2024100000000000001,NULL,NULL),(2023200000000000051,3017156000120,2024,2024100000000000001,NULL,NULL),(2023200000000000052,3017156000121,2024,2024100000000000001,NULL,NULL),(2023200000000000053,3017156000122,2024,2024100000000000001,NULL,NULL),(2023200000000000054,3017156000095,2024,2024100000000000001,NULL,NULL),(2023200000000000055,3017156000123,2024,2024100000000000001,NULL,NULL),(2023200000000000056,3017156000124,2024,2024100000000000001,NULL,NULL),(2023200000000000057,3017156000125,2024,2024100000000000001,NULL,NULL),(2023200000000000058,3017156000126,2024,2024100000000000001,NULL,NULL),(2023200000000000059,3017156000067,2024,2024100000000000001,NULL,NULL),(2023200000000000060,3017156000127,2024,2024100000000000001,NULL,NULL),(2023200000000000061,3017156000069,2024,2024100000000000001,NULL,NULL),(2023200000000000062,3017156000128,2024,2024100000000000001,NULL,NULL),(2023200000000000063,3017156000129,2024,2024200000000000001,NULL,NULL),(2023200000000000064,3017156000130,2024,2024200000000000001,NULL,NULL),(2023200000000000065,3017156000131,2025,2025200000000000001,NULL,NULL),(2023200000000000066,3017156000132,2025,2025200000000000001,NULL,NULL),(2023200000000000067,3017156000133,2025,2025200000000000001,NULL,NULL),(2023200000000000068,3017156000134,2025,2025200000000000001,NULL,NULL),(2023200000000000069,3017156000135,2025,2025200000000000001,NULL,NULL),(2023200000000000070,3017156000136,2025,2025200000000000001,NULL,NULL),(2023200000000000071,3017156000137,2025,2025200000000000001,NULL,NULL),(2023200000000000072,3017156000138,2025,2025200000000000001,NULL,NULL),(2023200000000000073,3017156000139,2025,2025200000000000001,NULL,NULL),(2023200000000000074,3017156000140,2025,2025200000000000001,NULL,NULL),(2023200000000000075,3017156000141,2025,2025200000000000001,NULL,NULL),(2023200000000000076,3017156000142,2025,2025200000000000001,NULL,NULL),(2023200000000000077,3017156000143,2025,2025200000000000001,NULL,NULL),(2023200000000000078,3017156000144,2025,2025200000000000001,NULL,NULL),(2023200000000000079,3017156000145,2025,2025200000000000001,NULL,NULL),(2023200000000000080,3017156000146,2025,2025200000000000001,NULL,NULL),(2023200000000000081,3017156000147,2025,2025200000000000001,NULL,NULL),(2023200000000000082,3017156000148,2025,2025200000000000001,NULL,NULL),(2023200000000000083,3017156000149,2025,2025200000000000001,NULL,NULL),(2023200000000000084,3017156000150,2025,2025200000000000001,NULL,NULL),(2023200000000000085,3017156000151,2025,2025200000000000001,NULL,NULL),(2023200000000000086,3017156000152,2025,2025200000000000001,NULL,NULL),(2023200000000000087,3017156000103,2025,2025200000000000002,NULL,NULL),(2023200000000000088,3017156000104,2025,2025200000000000002,NULL,NULL),(2023200000000000089,3017156000105,2025,2025200000000000002,NULL,NULL),(2023200000000000090,3017156000106,2025,2025200000000000002,NULL,NULL),(2023200000000000091,3017156000107,2025,2025200000000000002,NULL,NULL),(2023200000000000092,3017156000108,2025,2025200000000000002,NULL,NULL),(2023200000000000093,3017156000109,2025,2025200000000000002,NULL,NULL),(2023200000000000094,3017156000110,2025,2025200000000000002,NULL,NULL),(2023200000000000095,3017156000128,2025,2025200000000000002,NULL,NULL),(2023200000000000096,3017156000112,2025,2025200000000000002,NULL,NULL),(2023200000000000097,3017156000113,2025,2025200000000000002,NULL,NULL),(2023200000000000098,3017156000114,2025,2025200000000000002,NULL,NULL),(2023200000000000099,3017156000115,2025,2025200000000000002,NULL,NULL),(2023200000000000100,3017156000116,2025,2025200000000000002,NULL,NULL),(2023200000000000101,3017156000117,2025,2025200000000000002,NULL,NULL),(2023200000000000102,3017156000118,2025,2025200000000000002,NULL,NULL),(2023200000000000103,3017156000119,2025,2025200000000000002,NULL,NULL),(2023200000000000104,3017156000120,2025,2025200000000000002,NULL,NULL),(2023200000000000105,3017156000121,2025,2025200000000000002,NULL,NULL),(2023200000000000106,3017156000122,2025,2025200000000000002,NULL,NULL),(2023200000000000107,3017156000123,2025,2025200000000000002,NULL,NULL),(2023200000000000108,3017156000124,2025,2025200000000000002,NULL,NULL),(2023200000000000109,3017156000125,2025,2025200000000000002,NULL,NULL),(2023200000000000110,3017156000126,2025,2025200000000000002,NULL,NULL),(2023200000000000111,3017156000127,2025,2025200000000000002,NULL,NULL),(2023200000000000112,3017156000080,2025,2025200000000000003,NULL,NULL),(2023200000000000113,3017156000081,2025,2025200000000000003,NULL,NULL),(2023200000000000114,3017156000130,2025,2025200000000000003,NULL,NULL),(2023200000000000115,3017156000082,2025,2025200000000000003,NULL,NULL),(2023200000000000116,3017156000083,2025,2025200000000000003,NULL,NULL),(2023200000000000117,3017156000084,2025,2025200000000000003,NULL,NULL),(2023200000000000118,3017156000085,2025,2025200000000000003,NULL,NULL),(2023200000000000119,3017156000086,2025,2025200000000000003,NULL,NULL),(2023200000000000120,3017156000087,2025,2025200000000000003,NULL,NULL),(2023200000000000121,3017156000088,2025,2025200000000000003,NULL,NULL),(2023200000000000122,3017156000089,2025,2025200000000000003,NULL,NULL),(2023200000000000123,3017156000092,2025,2025200000000000003,NULL,NULL),(2023200000000000124,3017156000094,2025,2025200000000000003,NULL,NULL),(2023200000000000125,3017156000153,2025,2025200000000000003,NULL,NULL),(2023200000000000126,3017156000097,2025,2025200000000000003,NULL,NULL),(2023200000000000127,3017156000099,2025,2025200000000000003,NULL,NULL),(2023200000000000128,3017156000101,2025,2025200000000000003,NULL,NULL),(2023200000000000129,3017156000098,2025,2025200000000000003,NULL,NULL);

--
-- Table structure for table `e_semester`
--

CREATE TABLE `e_semester` (
  `semester_id` int(11) NOT NULL AUTO_INCREMENT,
  `semester_nama` varchar(10) DEFAULT NULL,
  `semester_status` int(1) DEFAULT NULL,
  `keterangan` varchar(50) DEFAULT NULL,
  `semester_jenis` int(1) DEFAULT 1,
  PRIMARY KEY (`semester_id`)
) ENGINE=InnoDB AUTO_INCREMENT=9 DEFAULT CHARSET=latin1 COLLATE=latin1_swedish_ci;

--
-- Dumping data for table `e_semester`
--

INSERT INTO `e_semester` VALUES (1,'Ganjil',0,'',1),(2,'Genap',1,'',1),(3,'I (Satu)',0,'',2),(4,'II (Dua)',0,'',2),(5,'III (Tiga)',0,'',2),(6,'IV (Empat)',0,'',2),(7,'V (Lima)',0,'',2),(8,'VI (Enam)',0,'',2);

--
-- Table structure for table `e_settings`
--

CREATE TABLE `e_settings` (
  `settings_id` int(11) NOT NULL AUTO_INCREMENT,
  `settings_nama` varchar(100) DEFAULT NULL,
  `settings_value` text DEFAULT NULL,
  PRIMARY KEY (`settings_id`)
) ENGINE=InnoDB AUTO_INCREMENT=14 DEFAULT CHARSET=latin1 COLLATE=latin1_swedish_ci;

--
-- Dumping data for table `e_settings`
--

INSERT INTO `e_settings` VALUES (1,'revision','20260505000618'),(2,'updatechektime','2026-05-31'),(3,'newupdate','20260505000618'),(4,'infochektime','2026-05-31 09:00:00'),(5,'info_rdm','<p>Selamat datang di aplikasi Rapor Digital Madrasah (RDM), kami berharap aplikasi ini dapat membantu madrasah dalam mengelola penilaian hasil belajar dan sebagai Database Nilai&nbsp;Rapor Siswa Madrasah secara Nasional .<br>Aplikasi RDM dikembangkan oleh Tim IT/HD Direktorat KSKK Madrasah Ditjen Pendis Kementerian Agama RI.<br><br>RDM versi 3.1 sudah mendukung pembuatan rapor sesuai KMA Nomor 1503 Tahun 2025</p>\r\n<p><i>Salam \"<b>Madrasah Maju, Bermutu, Mendunia\".</b></i><br></p>\r\n<p> <b>Dari HD untuk Madrasah Indonesia</b></p>'),(6,'patch','SezBZ13pA9/OhoScXUICYcpbG59Phfn654I5gcxYXJqvUmNpexOcKN8hwq0VstVK9oB0Eeyn90GBF5RRabTsOt47gcoxr6sQzInktp0dhIY7+SOzDTiW0RJCplYn/O76AzdXP8//tB3eMXAG6iX5ZmQCEx5nzBhrHtzh7uz+vBXZq/d+PU/sXgS9yDLMYwJgYfxKsGS4MMzyVMsNWVhrZ+KQfv5Ytwox6OM4TRl4u6N5M4RyOZuIFSYazaK8dYxRMMtTuuZZCldYaW/dl0B96gKKjJcqGZSlG3P4Vpqs8/x+aa0RsScgQDGYCr5dxkBxDzeqn+jW6OnrOIlDFEqBmSNt0X/2DAiV+0glnUZATw/jYTaunbZKS1LnlamB7pidXqkNTJUxEJgvpmetZ+wxIA==:bTRkcjRzNGhiMXM0ZDBuOQ=='),(7,'public_key','NzZaRkVXVVBpVXhqR0FaSFRwbE8rZWZDNkxXQ0V2UnNrSXVsMnNHbkFzai9Ed0R0eTBaR2lSTGpZd1Y2QVA4STpiVFJrY2pSek5HaGlNWE0wWkRCdU9RPT0'),(8,'private_key','OUhIRWJQWHRVaGlyVE9LblpwOFRvdmZhYnVvdDJDci91d0tVL1ZYdTNHdTF3ejAxZ2k0ZjlxTnU4YjFNZVh5dTpiVFJrY2pSek5HaGlNWE0wWkRCdU9RPT0'),(9,'rechapcha_key',''),(10,'rechapcha_secret',''),(11,'mobile','1'),(12,'rechapcha','0'),(13,'migrate','120');

--
-- Table structure for table `e_siswa`
--

CREATE TABLE `e_siswa` (
  `siswa_id` bigint(13) NOT NULL AUTO_INCREMENT,
  `siswa_nis` varchar(20) DEFAULT NULL,
  `siswa_nisn` text DEFAULT NULL,
  `siswa_nama` text DEFAULT NULL,
  `tingkat_id` char(3) DEFAULT NULL,
  `kelas_id` bigint(20) DEFAULT NULL,
  `siswa_gender` varchar(300) CHARACTER SET latin1 COLLATE latin1_swedish_ci DEFAULT NULL,
  `siswa_tempat` varchar(300) CHARACTER SET latin1 COLLATE latin1_swedish_ci DEFAULT NULL,
  `siswa_tgllahir` date DEFAULT NULL,
  `password` varchar(300) CHARACTER SET latin1 COLLATE latin1_swedish_ci DEFAULT NULL,
  `lembaga_id` varchar(100) DEFAULT NULL,
  `i_entry` varchar(300) DEFAULT NULL,
  `d_entry` datetime DEFAULT NULL,
  `i_update` varchar(300) CHARACTER SET latin1 COLLATE latin1_swedish_ci DEFAULT NULL,
  `d_update` datetime DEFAULT NULL,
  `siswa_foto` varchar(300) CHARACTER SET latin1 COLLATE latin1_swedish_ci DEFAULT NULL,
  `siswa_folder` varchar(300) CHARACTER SET latin1 COLLATE latin1_swedish_ci DEFAULT NULL,
  `siswa_agama` varchar(100) DEFAULT NULL,
  `siswa_pendidikan` varchar(100) DEFAULT NULL,
  `siswa_alamat` text DEFAULT NULL,
  `nama_ayah` varchar(300) DEFAULT NULL,
  `nama_ibu` varchar(300) DEFAULT NULL,
  `pekerjaan_ayah` varchar(4) DEFAULT NULL,
  `pekerjaan_ayah_lain` varchar(50) DEFAULT '',
  `pekerjaan_ibu` varchar(4) DEFAULT NULL,
  `pekerjaan_ibu_lain` varchar(50) DEFAULT '',
  `nik_ayah` int(16) DEFAULT NULL,
  `nik_ibu` int(16) DEFAULT NULL,
  `alamat_ortu` text DEFAULT NULL,
  `desa_id` int(11) DEFAULT NULL,
  `kecamatan_id` int(11) DEFAULT NULL,
  `kabupaten_id` int(11) DEFAULT NULL,
  `provinsi_id` int(11) DEFAULT NULL,
  `nama_wali` varchar(100) DEFAULT NULL,
  `pekerjaan_wali` varchar(4) DEFAULT NULL,
  `pekerjaan_wali_lain` varchar(50) DEFAULT '',
  `alamat_wali` text DEFAULT NULL,
  `tahunajaran_id` char(4) DEFAULT NULL,
  `migrasi` int(1) DEFAULT 0,
  `siswa_statuskel` varchar(20) DEFAULT NULL,
  `siswa_anakke` varchar(3) DEFAULT NULL,
  `sekolah_asal` varchar(100) DEFAULT NULL,
  `siswa_telpon` varchar(20) DEFAULT NULL,
  `telpon_ortu` varchar(20) DEFAULT NULL,
  `telpon_wali` varchar(20) DEFAULT NULL,
  `tanggal_terima` date DEFAULT NULL,
  `siswa_kelasterima` int(11) DEFAULT NULL,
  `siswa_alasan_mutasi` varchar(255) DEFAULT NULL,
  `siswa_tahun_mutasi` int(5) DEFAULT NULL,
  `siswa_semester_mutasi` int(4) DEFAULT NULL,
  `siswa_emis` varchar(250) DEFAULT NULL,
  `peserta_didik_id` varchar(250) DEFAULT NULL,
  PRIMARY KEY (`siswa_id`) USING BTREE,
  UNIQUE KEY `lembaga_id` (`lembaga_id`,`siswa_nis`)
) ENGINE=InnoDB AUTO_INCREMENT=3017156000154 DEFAULT CHARSET=utf8 COLLATE=utf8_general_ci;

--
-- Dumping data for table `e_siswa`
--

INSERT INTO `e_siswa` VALUES (3017156000001,'200001','oCY1+p7Q/B91alUALdkrfw==','L2Gyrq4yBpGnv3bpBntfHQ==','11',2022200000000000002,'L','BEKASI','2007-10-07','AjINLiou6xm2YA/pTkJbJ3/s/UA0WslfVlNiFW/Brzw=:bTRkcjRzNGhiMXM0ZDBuOQ==','WFRpeFVlRXcyTU9kSDM2VEVmdUpidz09OmJUUmtjalJ6TkdoaU1YTTBaREJ1T1E9PQ','',NULL,NULL,NULL,NULL,NULL,'1',NULL,'Kp. Muara Tengah RT. 002/RW. 010 , Kel. SUKATENANG, Kec. SUKAWANGI, JAWA BARAT, 17654','SOHEH','ROFIKOH','','','','',NULL,NULL,'Kp. Muara Tengah RT. 002/RW. 010 , Kel. SUKATENANG, Kec. SUKAWANGI, JAWA BARAT, 17654',NULL,NULL,NULL,NULL,'','','','',NULL,0,'','','13 Juli 2020','0',NULL,NULL,'0000-00-00',0,NULL,NULL,NULL,'L1huNVBycEdwR0g5cmZKR0dyNkY3QT09OmJUUmtjalJ6TkdoaU1YTTBaREJ1T1E9PQ',''),(3017156000002,'200002','3R/DDQJFKN4MgYTOmLWrcw==','6ahj/eOVNsM22JK7oXYA+w==','11',2022200000000000002,'L','BEKASI','2008-03-16','AjINLiou6xm2YA/pTkJbJwypylNl7hIJE7AqDnOJeVM=:bTRkcjRzNGhiMXM0ZDBuOQ==','WFRpeFVlRXcyTU9kSDM2VEVmdUpidz09OmJUUmtjalJ6TkdoaU1YTTBaREJ1T1E9PQ','',NULL,NULL,NULL,NULL,NULL,'1',NULL,'Kp. Muara Tengah RT. 002/RW. 011, Kel. SUKATENANG, Kec. SUKAWANGI, JAWA BARAT, 17654','MARKIM','AYANAH','','','','',NULL,NULL,'Kp. Muara Tengah RT. 002/RW. 011, Kel. SUKATENANG, Kec. SUKAWANGI, JAWA BARAT, 17654',NULL,NULL,NULL,NULL,'','','','',NULL,0,'','','13 Juli 2020','0',NULL,NULL,'0000-00-00',0,NULL,NULL,NULL,'d25TTnY1T0ZrVVcrWFpyZi9lbFdKUT09OmJUUmtjalJ6TkdoaU1YTTBaREJ1T1E9PQ',''),(3017156000003,'200003','zFUQqAxdkyZo3GwkYwXaiw==','URNpFZ5gjEQ/BEqUh7qVmmRD1I6b51p3x49uj7H+Fe8=','11',2022200000000000002,'L','BEKASI','2008-04-20','AjINLiou6xm2YA/pTkJbJ9Tnvkg+I+YAXxQJQzZkWUk=:bTRkcjRzNGhiMXM0ZDBuOQ==','WFRpeFVlRXcyTU9kSDM2VEVmdUpidz09OmJUUmtjalJ6TkdoaU1YTTBaREJ1T1E9PQ','',NULL,NULL,NULL,NULL,NULL,'1',NULL,'Kp. Muara Tengah RT. 002/RW. 009 , Kel. SUKATENANG, Kec. SUKAWANGI, JAWA BARAT, 17654','SYA`RONI','MARNI','13','','1','',NULL,NULL,'Kp. Muara Tengah RT. 002/RW. 009 , Kel. SUKATENANG, Kec. SUKAWANGI, JAWA BARAT, 17654',NULL,NULL,NULL,NULL,'','','','',NULL,0,'','','13 Juli 2020','0',NULL,NULL,'2020-07-15',0,NULL,NULL,NULL,'L1liQlRIYUNSWHc4NG96aFRPOXpTQT09OmJUUmtjalJ6TkdoaU1YTTBaREJ1T1E9PQ','RGE5VURmVlQvT3FicGhNdVoxRWZDQlEyV1ZiL2FHT0xJKzM0cnZPbnJjMTFQNWdkYWphRFZKT3hCS0crMjhxODpiVFJrY2pSek5HaGlNWE0wWkRCdU9RPT0'),(3017156000004,'200004','vQ9v9Iqz6+DAcV6xLtQl+g==','wpqKR66C1OqOXxvi1w+OTw==','11',2022200000000000002,'L','BEKASI','2008-03-21','AjINLiou6xm2YA/pTkJbJwypylNl7hIJE7AqDnOJeVM=:bTRkcjRzNGhiMXM0ZDBuOQ==','WFRpeFVlRXcyTU9kSDM2VEVmdUpidz09OmJUUmtjalJ6TkdoaU1YTTBaREJ1T1E9PQ','',NULL,NULL,NULL,NULL,NULL,'1',NULL,'Kp. Muara Tengah RT. 002/RW. 011 , Kel. SUKATENANG, Kec. SUKAWANGI, JAWA BARAT, 17654','UDIN','WARSIH','','','','',NULL,NULL,'Kp. Muara Tengah RT. 002/RW. 011 , Kel. SUKATENANG, Kec. SUKAWANGI, JAWA BARAT, 17654',NULL,NULL,NULL,NULL,'','','','',NULL,0,'','','13 Juli 2020','0',NULL,NULL,'0000-00-00',0,NULL,NULL,NULL,'SFRkRkNQQ0VuN01VUnJvWTFQN3RVQT09OmJUUmtjalJ6TkdoaU1YTTBaREJ1T1E9PQ',''),(3017156000005,'200005','AWV5lFqPx+gkRACGfyAPkg==','mHFUGvJVuAVoh3NITfU2DA==','11',2022200000000000002,'P','BEKASI','2008-05-27','AjINLiou6xm2YA/pTkJbJ9Tnvkg+I+YAXxQJQzZkWUk=:bTRkcjRzNGhiMXM0ZDBuOQ==','WFRpeFVlRXcyTU9kSDM2VEVmdUpidz09OmJUUmtjalJ6TkdoaU1YTTBaREJ1T1E9PQ','',NULL,NULL,NULL,NULL,NULL,'1',NULL,'Kp. Muara Tengah RT. 002/RW. 009, Kel. SUKATENANG, Kec. SUKAWANGI, JAWA BARAT, 17620','ASEP KUSNADI','JAMILAH','12','','1','',NULL,NULL,'Kp. Muara Tengah RT. 002/RW. 009, Kel. SUKATENANG, Kec. SUKAWANGI, JAWA BARAT, 17620',NULL,NULL,NULL,NULL,'','','','',NULL,0,'','','13 Juli 2020','0',NULL,NULL,'2020-07-15',0,NULL,NULL,NULL,'WmU5V3YvbnljczBBeUpZRkJleWx5UT09OmJUUmtjalJ6TkdoaU1YTTBaREJ1T1E9PQ','SS9PekJ2UFVmMXJiTlE0SXd4NEs4WkFCMnJFazlxWmpaZXExUXhZclhzLzVpY1RCNm90T0tKYTY0NDVuLzRlRzpiVFJrY2pSek5HaGlNWE0wWkRCdU9RPT0'),(3017156000006,'200006','n6r/+mqLAC2iKoD3PKI4Jg==','pmDc9Cvo3YeVdo+CyC8qPg==','11',2022200000000000002,'P','BEKASI','2007-10-01','/w3MNPM8jkYt4IjzZI8wJ8vZrc2y8YAgSClAAj4Dfdc=:bTRkcjRzNGhiMXM0ZDBuOQ==','WFRpeFVlRXcyTU9kSDM2VEVmdUpidz09OmJUUmtjalJ6TkdoaU1YTTBaREJ1T1E9PQ','',NULL,NULL,NULL,NULL,NULL,'1',NULL,'KP. PONDOK SOGA RT. 002/012, Kel. SUKATENANG, Kec. SUKAWANGI, JAWA BARAT, 17654','BANJIR','NIMAH','12','','1','',NULL,NULL,'KP. PONDOK SOGA RT. 002/012, Kel. SUKATENANG, Kec. SUKAWANGI, JAWA BARAT, 17654',NULL,NULL,NULL,NULL,'','','','',NULL,0,'','','13 Juli 2020','0',NULL,NULL,'2020-07-15',0,NULL,NULL,NULL,'VURGRks1YVNBSEpid3kvTG1QTng1QT09OmJUUmtjalJ6TkdoaU1YTTBaREJ1T1E9PQ','THlUZlkwQ3B2RG96c2loT0FQRjh0OGozb3cwSk96RnRCcVFoOUVhQzdYejRLdjJkSnp4eWxYdVlveUtzSGRCYTpiVFJrY2pSek5HaGlNWE0wWkRCdU9RPT0'),(3017156000007,'200007','Dxeefd5H8KEo1Z9GR3b35g==','KGqxhtaR/2e05+kHvcVo8Q==','11',2022200000000000002,'P','BEKASI','2009-06-21','/w3MNPM8jkYt4IjzZI8wJ8vZrc2y8YAgSClAAj4Dfdc=:bTRkcjRzNGhiMXM0ZDBuOQ==','WFRpeFVlRXcyTU9kSDM2VEVmdUpidz09OmJUUmtjalJ6TkdoaU1YTTBaREJ1T1E9PQ','',NULL,NULL,NULL,NULL,NULL,'1',NULL,'KP. MUARA TENGAH RT. 002/010, Kel. SUKATENANG, Kec. SUKAWANGI, JAWA BARAT, 17654','JUHRI','MARLINAH','12','','1','',NULL,NULL,'KP. MUARA TENGAH RT. 002/010, Kel. SUKATENANG, Kec. SUKAWANGI, JAWA BARAT, 17654',NULL,NULL,NULL,NULL,'','','','',NULL,0,'','','13 Juli 2020','0',NULL,NULL,'2020-07-15',0,NULL,NULL,NULL,'MDcraGFyWkpmZkNKQzNDckZGY0JIdz09OmJUUmtjalJ6TkdoaU1YTTBaREJ1T1E9PQ','MHMrNXdITXpENDNNMXIxM3VpaTkxR25FbHpFVEJtSnNIR05Sclg2UnN2YW8xSkU5a2d1WXZuSmROZTB0TkZxcjpiVFJrY2pSek5HaGlNWE0wWkRCdU9RPT0'),(3017156000008,'200008','362C4CB4THuxCP7hHVcdWA==','jIqZ44m6fnKdyrmQ4R74HA==','11',2022200000000000002,'P','BEKASI','2007-12-24','AjINLiou6xm2YA/pTkJbJ3/s/UA0WslfVlNiFW/Brzw=:bTRkcjRzNGhiMXM0ZDBuOQ==','WFRpeFVlRXcyTU9kSDM2VEVmdUpidz09OmJUUmtjalJ6TkdoaU1YTTBaREJ1T1E9PQ','',NULL,NULL,NULL,NULL,NULL,'1',NULL,'Kp. Muara Tengah RT. 002/RW. 010, Kel. SUKATENANG, Kec. SUKAWANGI, JAWA BARAT, 17654','SYAYUTIH','MUHTALIPAH','','','','',NULL,NULL,'Kp. Muara Tengah RT. 002/RW. 010, Kel. SUKATENANG, Kec. SUKAWANGI, JAWA BARAT, 17654',NULL,NULL,NULL,NULL,'','','','',NULL,0,'','','13 Juli 2020','0',NULL,NULL,'0000-00-00',0,NULL,NULL,NULL,'UC9ZdmlQdE40K0EvRllya01oUWZRdz09OmJUUmtjalJ6TkdoaU1YTTBaREJ1T1E9PQ',''),(3017156000009,'200009','pYU40dDeLrMkRHxbrWWKcw==','yYOezNki+O/OQL4dUwP7Eg==','11',2022200000000000002,'P','BEKASI','2008-08-22','AjINLiou6xm2YA/pTkJbJ3/s/UA0WslfVlNiFW/Brzw=:bTRkcjRzNGhiMXM0ZDBuOQ==','WFRpeFVlRXcyTU9kSDM2VEVmdUpidz09OmJUUmtjalJ6TkdoaU1YTTBaREJ1T1E9PQ','',NULL,NULL,NULL,NULL,NULL,'1',NULL,'Kp. Muara Tengah RT. 002/RW. 010 , Kel. SUKATENANG, Kec. SUKAWANGI, JAWA BARAT, 17654','SAM`ANI','KUROTUL UYUN','1','','1','',NULL,NULL,'Kp. Muara Tengah RT. 002/RW. 010 , Kel. SUKATENANG, Kec. SUKAWANGI, JAWA BARAT, 17654',NULL,NULL,NULL,NULL,'','','','',NULL,0,'','','13 Juli 2020','0',NULL,NULL,'2020-07-15',0,NULL,NULL,NULL,'NWFiejlkcHdWNW9IbG84emNxbkkyZz09OmJUUmtjalJ6TkdoaU1YTTBaREJ1T1E9PQ','WURITVUrRkJwWWU4NFMyR05sRzFFTUxyVUdPZDNnR1ZqWEJJRjhmTkRiR1JTYXUxaXExZ01kSzN4aWJla1JJZTpiVFJrY2pSek5HaGlNWE0wWkRCdU9RPT0'),(3017156000010,'200010','KMPFHuxdQo9quwnRHLPfBg==','4ppA7nEj576IP5Z1+Lx7gQ==','11',2022200000000000002,'L','BEKASI','2008-09-10','AjINLiou6xm2YA/pTkJbJwypylNl7hIJE7AqDnOJeVM=:bTRkcjRzNGhiMXM0ZDBuOQ==','WFRpeFVlRXcyTU9kSDM2VEVmdUpidz09OmJUUmtjalJ6TkdoaU1YTTBaREJ1T1E9PQ','',NULL,NULL,NULL,NULL,NULL,'1',NULL,'Kp. Muara Tengah Rt. 002/011, Kel. SUKATENANG, Kec. SUKAWANGI, JAWA BARAT, 17654','LINTAI','BUNAH','','','','',NULL,NULL,'Kp. Muara Tengah Rt. 002/011, Kel. SUKATENANG, Kec. SUKAWANGI, JAWA BARAT, 17654',NULL,NULL,NULL,NULL,'','','','',NULL,0,'','','13 Juli 2020','0',NULL,NULL,'0000-00-00',0,NULL,NULL,NULL,'cnAwZCtrSVQ5dkl1Tmt6RjZoeGFtdz09OmJUUmtjalJ6TkdoaU1YTTBaREJ1T1E9PQ',''),(3017156000011,'200011','MJVlvqMrLoo/FJUOaQ6OUA==','NfBbZXSJypnUSjUwTtkuIQ==','11',2022200000000000002,'L','BEKASI','2006-04-18','AjINLiou6xm2YA/pTkJbJwypylNl7hIJE7AqDnOJeVM=:bTRkcjRzNGhiMXM0ZDBuOQ==','WFRpeFVlRXcyTU9kSDM2VEVmdUpidz09OmJUUmtjalJ6TkdoaU1YTTBaREJ1T1E9PQ','',NULL,NULL,NULL,NULL,NULL,'1',NULL,'KP. MUARA TENGAH RT. 002/011, Kel. SUKATENANG, Kec. SUKAWANGI, JAWA BARAT, 17654','JAYA','ROHAYA','','','','',NULL,NULL,'KP. MUARA TENGAH RT. 002/011, Kel. SUKATENANG, Kec. SUKAWANGI, JAWA BARAT, 17654',NULL,NULL,NULL,NULL,'','','','',NULL,0,'','','13 Juli 2020','0',NULL,NULL,'0000-00-00',0,NULL,NULL,NULL,'enoxZHhDNDVnTkhDbXhPOG4rNFY0Zz09OmJUUmtjalJ6TkdoaU1YTTBaREJ1T1E9PQ',''),(3017156000012,'200012','P+ubDvk2QVe36qkzUTbZUQ==','sFVGu2zm/jnsGXpU9EhWVA==','11',2022200000000000002,'L','BEKASI','2008-08-20','/w3MNPM8jkYt4IjzZI8wJ7A+4c7wXP64plc3fQ8TyMg=:bTRkcjRzNGhiMXM0ZDBuOQ==','WFRpeFVlRXcyTU9kSDM2VEVmdUpidz09OmJUUmtjalJ6TkdoaU1YTTBaREJ1T1E9PQ','',NULL,NULL,NULL,NULL,NULL,'1',NULL,'KP. PONDOK SOGA RT. 001/012, Kel. SUKATENANG, Kec. SUKAWANGI, JAWA BARAT, 17654','AMAD','NASIH','1','','1','',NULL,NULL,'KP. PONDOK SOGA RT. 001/012, Kel. SUKATENANG, Kec. SUKAWANGI, JAWA BARAT, 17654',NULL,NULL,NULL,NULL,'','','','',NULL,0,'','','13 Juli 2020','0',NULL,NULL,'2020-07-15',0,NULL,NULL,NULL,'WmxLWXJuYTdhajJMdWw3UkdNaHZrUT09OmJUUmtjalJ6TkdoaU1YTTBaREJ1T1E9PQ','TVliVlV6Z092WCtJTXp2Q2czTDhINFJTanc1emFlMldQYmpsSXAzKzc2QVZKcVZPWHprNUZmNGxYR1FPbUJ0WjpiVFJrY2pSek5HaGlNWE0wWkRCdU9RPT0'),(3017156000013,'200014','WERrVqmXkVynf6c7BWmjRA==','4yw8HDypkO/dZJ6J5AR5bQ==','11',2022200000000000002,'L','BEKASI','2007-04-22','AjINLiou6xm2YA/pTkJbJ8QTIWWWZvVgRZ56Ok929hw=:bTRkcjRzNGhiMXM0ZDBuOQ==','WFRpeFVlRXcyTU9kSDM2VEVmdUpidz09OmJUUmtjalJ6TkdoaU1YTTBaREJ1T1E9PQ','',NULL,NULL,NULL,NULL,NULL,'1',NULL,'Kp. Muara Tengah RT. 002/011, Kel. SUKATENANG, Kec. SUKAWANGI, JAWA BARAT, 17654','AHMAD SUPIYADI','HANUNAH','13','','1','',NULL,NULL,'Kp. Muara Tengah RT. 002/011, Kel. SUKATENANG, Kec. SUKAWANGI, JAWA BARAT, 17654',NULL,NULL,NULL,NULL,'','','','',NULL,0,'','','13 Juli 2020','0',NULL,NULL,'2020-07-15',0,NULL,NULL,NULL,'S1V6Nzh6UDBQS3llZzlKUHNZYWhOUT09OmJUUmtjalJ6TkdoaU1YTTBaREJ1T1E9PQ','UjkwNnJoOWNIMHpiSkVGZzAwTDR5ZEdHZ3JFR3RYTTBLOUFud2RFZkwrcGJha0N6S3FjdnY0WUw0d3lQQk40MjpiVFJrY2pSek5HaGlNWE0wWkRCdU9RPT0'),(3017156000014,'200015','uZwq98ezFXZQRg3r52+i2w==','nl4DAj/0nd3s6AVh9jfDDA==','11',2022200000000000002,'L','BEKASI','2008-04-21','AjINLiou6xm2YA/pTkJbJ243CX9AjdmQp8T9gv3c+s4=:bTRkcjRzNGhiMXM0ZDBuOQ==','WFRpeFVlRXcyTU9kSDM2VEVmdUpidz09OmJUUmtjalJ6TkdoaU1YTTBaREJ1T1E9PQ','',NULL,NULL,NULL,NULL,NULL,'1',NULL,'KP. MUARA TENGAH RT. 001/010, Kel. SUKATENANG, Kec. SUKAWANGI, JAWA BARAT, 17654','LAMIN','FIRLIANI','7','','1','',NULL,NULL,'KP. MUARA TENGAH RT. 001/010, Kel. SUKATENANG, Kec. SUKAWANGI, JAWA BARAT, 17654',NULL,NULL,NULL,NULL,'Lamin','14','','Kp. Muara Tengah Rt. 001/010',NULL,0,'0','1','SDN Sukatenang 01','0',NULL,NULL,'2020-07-15',9,NULL,NULL,NULL,'eFFvRkJ2ZEI3QkNjYjhtbDhLWlRnQT09OmJUUmtjalJ6TkdoaU1YTTBaREJ1T1E9PQ','eHRucXZhVHI4U09GZUVhVTVZUnpXR1JOaDFtUDAra2sxNWRKMFBmM3BYY0pEMUFvK1l4VkVmMTlocXNzWkY0VzpiVFJrY2pSek5HaGlNWE0wWkRCdU9RPT0'),(3017156000015,'200016','251J4w7jQP1Wd8APKO2daw==','p36DO+sNr9jclRN0/mRMVFxLfdeEhH3KUgLvzXqTnVw=','11',2022200000000000002,'P','JAKARTA','2007-07-09','yvoHD6olJ306BJ3MBpZWEItYmZcxUMkg8WtewCxuejYbD8Hm0ADaB5/61AheNFBQ2lzEZXbmZ7NbekjV//f2q1DQbpYxMEIdYfoyHpFtndg=:bTRkcjRzNGhiMXM0ZDBuOQ==','WFRpeFVlRXcyTU9kSDM2VEVmdUpidz09OmJUUmtjalJ6TkdoaU1YTTBaREJ1T1E9PQ','',NULL,NULL,NULL,NULL,NULL,'1',NULL,'KP. MUARA TENGAH RT. 002/010, Kel. SUKATENANG, Kec. SUKAWANGI, JAWA BARAT, 13910','RAGIL YATNO WIBOWO','UROH','7','','7','',NULL,NULL,'KP. MUARA TENGAH RT. 002/010, Kel. SUKATENANG, Kec. SUKAWANGI, JAWA BARAT, 13910',NULL,NULL,NULL,NULL,'','','','',NULL,0,'','','13 Juli 2020','0',NULL,NULL,'2020-07-15',0,'1',2022,1,'ZmEvY243eXMvSTJyRWFycGdyMFB3Zz09OmJUUmtjalJ6TkdoaU1YTTBaREJ1T1E9PQ','dVNSbTUvaHFiT2hoVVYwMW5Jc25haGVQQ3BHSWFBUm5LemVnVHZPc0puV0Y5MUFOdzYwbTJIMkRpUjM4VEh2OTpiVFJrY2pSek5HaGlNWE0wWkRCdU9RPT0'),(3017156000016,'200018','rpd0LVfOmwflwghG9iRZpg==','RCB5Y3HKKLQnug7h1jK3JA==','11',2022200000000000002,'L','BEKASI','2006-08-24','G1VkqIOgO0SovDMVRIncEKDUhsGXnmRAKQeLAFV+GBoqPA2bjvZaUf3bCgi5HzJm3lM1nVxzie5f+X5Tu4OYjQ==:bTRkcjRzNGhiMXM0ZDBuOQ==','WFRpeFVlRXcyTU9kSDM2VEVmdUpidz09OmJUUmtjalJ6TkdoaU1YTTBaREJ1T1E9PQ','',NULL,NULL,NULL,NULL,NULL,'1',NULL,'Kp. Pulo Dadap Rt. 001/003, Kel. SRIMAHI, Kec. TAMBUN UTARA, JAWA BARAT, 17625','NASAN','MURSIH','7','','1','',NULL,NULL,'Kp. Pulo Dadap Rt. 001/003, Kel. SRIMAHI, Kec. TAMBUN UTARA, JAWA BARAT, 17625',NULL,NULL,NULL,NULL,'','','','',NULL,0,'','','13 Juli 2020','0',NULL,NULL,'2020-07-15',0,'1',2022,1,'b3FGendzdWdFclViYUl5ZWtsZXVnZz09OmJUUmtjalJ6TkdoaU1YTTBaREJ1T1E9PQ','TE5Kc2FNQVNwcEwxNUtJa2IvOWMyY3d6dCtxZnR3c1FCSVF4VXcrNFk4bGdBbTRSZUh6VVNkdnFZMmtMODFZUjpiVFJrY2pSek5HaGlNWE0wWkRCdU9RPT0'),(3017156000017,'200019','TU7aJUjqsx5NIRnV2U0FAg==','rhYTOj1AX1K48otJLF9xwA==','11',2022200000000000002,'P','BEKASI','2008-06-17','G1VkqIOgO0SovDMVRIncEKDUhsGXnmRAKQeLAFV+GBoqPA2bjvZaUf3bCgi5HzJm3lM1nVxzie5f+X5Tu4OYjQ==:bTRkcjRzNGhiMXM0ZDBuOQ==','WFRpeFVlRXcyTU9kSDM2VEVmdUpidz09OmJUUmtjalJ6TkdoaU1YTTBaREJ1T1E9PQ','',NULL,NULL,NULL,NULL,NULL,'1',NULL,'Kp. Pulo Dadap Rt. 001/003, Kel. SRIMAHI, Kec. TAMBUN UTARA, JAWA BARAT, 16510','NURIDI','IRMA YULIANTI','7','','1','',NULL,NULL,'Kp. Pulo Dadap Rt. 001/003, Kel. SRIMAHI, Kec. TAMBUN UTARA, JAWA BARAT, 16510',NULL,NULL,NULL,NULL,'','','','',NULL,0,'','','13 Juli 2020','0',NULL,NULL,'2020-07-15',0,NULL,NULL,NULL,'UnNKTXkvQ0l1TzhyY0F2c3RQcVpaUT09OmJUUmtjalJ6TkdoaU1YTTBaREJ1T1E9PQ','aU9CYjh0U1I2TkIyNm9ieEVzNCtGN25OK1dPVU82VTdlM1BSd2tRbkl0SVJ1VDRVaWFBR3NjcndtcnF4T3VYSTpiVFJrY2pSek5HaGlNWE0wWkRCdU9RPT0'),(3017156000018,'210001','HkgvTbR+KYDI9mjVB21ZxQ==','JdNnmYXh7pXnQ13p6FWL3Q==','11',2023100000000000003,'L','BEKASI','2009-09-13','SS+UolIpL3z7roxMQxci4w==:bTRkcjRzNGhiMXM0ZDBuOQ==','WFRpeFVlRXcyTU9kSDM2VEVmdUpidz09OmJUUmtjalJ6TkdoaU1YTTBaREJ1T1E9PQ','',NULL,NULL,NULL,NULL,NULL,'1',NULL,'Kp. Muara Tengah Rt.001/011 , Kel. SUKATENANG, Kec. SUKAWANGI, JAWA BARAT, 17654','ARMAN','SEPTI','','','','',NULL,NULL,'Kp. Muara Tengah Rt.001/011 , Kel. SUKATENANG, Kec. SUKAWANGI, JAWA BARAT, 17654',NULL,NULL,NULL,NULL,'','','','',NULL,0,'0','1','MI. ATTAQWA 23','0',NULL,NULL,'2021-07-12',9,NULL,NULL,NULL,'RlNVV1FZSGlMRm9nOTJ4VFFZOExPdz09OmJUUmtjalJ6TkdoaU1YTTBaREJ1T1E9PQ',''),(3017156000019,'210002','kbb6vwbSYgzwARQZKCYKYA==','ShTPY5pPp1nNhbYyr87Cig==','11',2023100000000000003,'P','BEKASI','2010-09-27','SS+UolIpL3z7roxMQxci4w==:bTRkcjRzNGhiMXM0ZDBuOQ==','WFRpeFVlRXcyTU9kSDM2VEVmdUpidz09OmJUUmtjalJ6TkdoaU1YTTBaREJ1T1E9PQ','',NULL,NULL,NULL,NULL,NULL,'1',NULL,'KP. PONDOK SOGA RT. 002/012, Kel. SUKATENANG, Kec. SUKAWANGI, JAWA BARAT, 17654','BANJIR','NIMAH','13','','01','',NULL,NULL,'KP. PONDOK SOGA RT. 002/012, Kel. SUKATENANG, Kec. SUKAWANGI, JAWA BARAT, 17654',NULL,NULL,NULL,NULL,'','','','',NULL,0,'0','4','SDN Sukatenang 03','',NULL,NULL,'2021-07-12',9,NULL,NULL,NULL,'ZTBFV2Y3aWdueG9CTCtCN3ZkeUhydz09OmJUUmtjalJ6TkdoaU1YTTBaREJ1T1E9PQ',''),(3017156000020,'210003','biNGdnu43Gm+/U46xGUylg==','t6iV8MOyWtKO4tu65UbaXp2QV0YfaTa6Jk/FWzkZ2bo=','11',2023100000000000003,'L','BEKASI','2008-12-13','SS+UolIpL3z7roxMQxci4w==:bTRkcjRzNGhiMXM0ZDBuOQ==','WFRpeFVlRXcyTU9kSDM2VEVmdUpidz09OmJUUmtjalJ6TkdoaU1YTTBaREJ1T1E9PQ','',NULL,NULL,NULL,NULL,NULL,'1',NULL,'Kp. Muara Tengah Rt.001/011 , Kel. SUKATENANG, Kec. SUKAWANGI, JAWA BARAT, 17654','ROHILI HANAFIE','SITI FATIMAH','','','','',NULL,NULL,'Kp. Muara Tengah Rt.001/011 , Kel. SUKATENANG, Kec. SUKAWANGI, JAWA BARAT, 17654',NULL,NULL,NULL,NULL,'','','','',NULL,0,'0','1','MI. ATTAQWA 23','0',NULL,NULL,'2021-07-12',9,NULL,NULL,NULL,'Q2Q4cUhvOXduUzRwNzlEaDlFSS9sQT09OmJUUmtjalJ6TkdoaU1YTTBaREJ1T1E9PQ',''),(3017156000021,'150004','vJjTO/ZUmQ2MB6eYKMp4RQ==','j4nD7WSW8XfEeBqlaU9DZA==','11',2023100000000000003,'L','BEKASI','2009-09-03','SS+UolIpL3z7roxMQxci4w==:bTRkcjRzNGhiMXM0ZDBuOQ==','WFRpeFVlRXcyTU9kSDM2VEVmdUpidz09OmJUUmtjalJ6TkdoaU1YTTBaREJ1T1E9PQ','',NULL,NULL,NULL,NULL,NULL,'1',NULL,'Kp. Muara Tengah, 17654','NAMAT','MARHAMAH','','','','',NULL,NULL,'Kp. Muara Tengah, 17654',NULL,NULL,NULL,NULL,'','','','',NULL,0,'0','3','MI. ATTAQWA 23','0',NULL,NULL,'2021-07-12',9,NULL,NULL,NULL,'MGVocDRiUzhkYVBkRU9weWI0bHhWUT09OmJUUmtjalJ6TkdoaU1YTTBaREJ1T1E9PQ',''),(3017156000022,'210005','0/de6Zq2YY2kx6Fp/bqSLQ==','Mz3wqHHurowC8d0Vmt6SFpa1yrV+jIUd3esVN0lQCbk=','11',2023100000000000003,'P','BEKASI','2009-07-14','SS+UolIpL3z7roxMQxci4w==:bTRkcjRzNGhiMXM0ZDBuOQ==','WFRpeFVlRXcyTU9kSDM2VEVmdUpidz09OmJUUmtjalJ6TkdoaU1YTTBaREJ1T1E9PQ','',NULL,NULL,NULL,NULL,NULL,'1',NULL,'Kp. Muara Tengah Rt. 001/011, Kel. SUKATENANG, Kec. SUKAWANGI, JAWA BARAT, 17620','ISHAK NGAJA','NENTI','','','','',NULL,NULL,'Kp. Muara Tengah Rt. 001/011, Kel. SUKATENANG, Kec. SUKAWANGI, JAWA BARAT, 17620',NULL,NULL,NULL,NULL,'','','','',NULL,0,'0','3','MI. ATTAQWA 23','0',NULL,NULL,'2021-07-12',9,NULL,NULL,NULL,'Ykg0TXJ1eHk1L1RtemhxTkJtVk1tUT09OmJUUmtjalJ6TkdoaU1YTTBaREJ1T1E9PQ',''),(3017156000023,'210006','BRfbVOLOpf3xIKzDISPzoQ==','4rov3XKNDRjUgevdc2u/Bt1QnkqDObQcrQ/oIHxl16I=','11',2023100000000000003,'P','BEKASI','2009-09-09','SS+UolIpL3z7roxMQxci4w==:bTRkcjRzNGhiMXM0ZDBuOQ==','WFRpeFVlRXcyTU9kSDM2VEVmdUpidz09OmJUUmtjalJ6TkdoaU1YTTBaREJ1T1E9PQ','',NULL,NULL,NULL,NULL,NULL,'1',NULL,'Kp. Muara Tengah Rt. 001/010, Kel. SUKATENANG, Kec. SUKAWANGI, JAWA BARAT, 17654','NATA','SAIDAH','','','','',NULL,NULL,'Kp. Muara Tengah Rt. 001/010, Kel. SUKATENANG, Kec. SUKAWANGI, JAWA BARAT, 17654',NULL,NULL,NULL,NULL,'','','','',NULL,0,'0','3','MI. ATTAQWA 23','0',NULL,NULL,'2021-07-12',9,NULL,NULL,NULL,'N1AzZGhxblRPVzVSM09TSGpSS2RXQT09OmJUUmtjalJ6TkdoaU1YTTBaREJ1T1E9PQ',''),(3017156000024,'210007','OouQmN6KIeT0VAsSgdjUNQ==','4QxuzkTAMNifCr8joe6dPA==','11',2023100000000000003,'P','BEKASI','2009-08-17','SS+UolIpL3z7roxMQxci4w==:bTRkcjRzNGhiMXM0ZDBuOQ==','WFRpeFVlRXcyTU9kSDM2VEVmdUpidz09OmJUUmtjalJ6TkdoaU1YTTBaREJ1T1E9PQ','',NULL,NULL,NULL,NULL,NULL,'1',NULL,'Kp. Muara Tengah Rt. 001/011, Kel. SUKATENANG, Kec. SUKAWANGI, JAWA BARAT, 17620','ROSUL','PURWATI','7','','1','',NULL,NULL,'Kp. Muara Tengah Rt. 001/011, Kel. SUKATENANG, Kec. SUKAWANGI, JAWA BARAT, 17620',NULL,NULL,NULL,NULL,'','','','',NULL,0,'0','1','MI. ATTAQWA 23','0',NULL,NULL,'2021-07-12',9,NULL,NULL,NULL,'NmQ4ZE1WdEgxVitVZjJNeXFPSCsyZz09OmJUUmtjalJ6TkdoaU1YTTBaREJ1T1E9PQ','S3dFVmg1b2k0MWw2cVlEcWlkamltcXVpaU5PZ2kwbjBSTzVLTk9DYWFWdjJ6WDVCRFVOWXc3V3QxalU0REJHSjpiVFJrY2pSek5HaGlNWE0wWkRCdU9RPT0'),(3017156000025,'210008','9xG6qFRnacnNSNeBoN2kMA==','DC47rCBY8NOuHC6TEAKV6w==','9',2022200000000000001,'P','Bekasi','2009-11-20','SS+UolIpL3z7roxMQxci4w==:bTRkcjRzNGhiMXM0ZDBuOQ==','WFRpeFVlRXcyTU9kSDM2VEVmdUpidz09OmJUUmtjalJ6TkdoaU1YTTBaREJ1T1E9PQ','',NULL,NULL,NULL,NULL,NULL,'1',NULL,'Kp. Pondok Soga Rt. 002/012','Hamabih Musih','Maryanih','','','','',NULL,NULL,'Kp. Pondok Soga Rt. 002/012',NULL,NULL,NULL,NULL,'','','','',NULL,0,'0','3','SDN Sukatenang 03','',NULL,NULL,'0000-00-00',9,'3',2022,1,NULL,''),(3017156000026,'210009','5ZycU6H0/E9a3kPsFMPVmw==','8OSP0R4bHgA/vX5lYNNUIQ==','11',2023100000000000003,'L','BEKASI','2008-07-11','SS+UolIpL3z7roxMQxci4w==:bTRkcjRzNGhiMXM0ZDBuOQ==','WFRpeFVlRXcyTU9kSDM2VEVmdUpidz09OmJUUmtjalJ6TkdoaU1YTTBaREJ1T1E9PQ','',NULL,NULL,NULL,NULL,NULL,'1',NULL,'Kp. Muara Tengah Rt. 001 Rw. 010, Kel. SUKATENANG, Kec. SUKAWANGI, JAWA BARAT, 17620','HASYIM ADNAN S.','MUNIROH','','','','',NULL,NULL,'Kp. Muara Tengah Rt. 001 Rw. 010, Kel. SUKATENANG, Kec. SUKAWANGI, JAWA BARAT, 17620',NULL,NULL,NULL,NULL,'','','','',NULL,0,'0','3','MI. ATTAQWA 23','0',NULL,NULL,'2021-07-12',9,NULL,NULL,NULL,'Z1A0djZweU5TVVFsSk1GMWpjbUlxdz09OmJUUmtjalJ6TkdoaU1YTTBaREJ1T1E9PQ',''),(3017156000027,'210010','w/kz4+mWQHE3nhmnidkK6Q==','T1FsZJ0+bvLRD4W9Q4vl1g==','11',2023100000000000003,'L','BEKASI','2009-01-19','SS+UolIpL3z7roxMQxci4w==:bTRkcjRzNGhiMXM0ZDBuOQ==','WFRpeFVlRXcyTU9kSDM2VEVmdUpidz09OmJUUmtjalJ6TkdoaU1YTTBaREJ1T1E9PQ','',NULL,NULL,NULL,NULL,NULL,'1',NULL,'Kp. Muara Tengah Rt. 001/010, Kel. SUKATENANG, Kec. SUKAWANGI, JAWA BARAT, 17654','MAKIDI','NAPISAH','','','','',NULL,NULL,'Kp. Muara Tengah Rt. 001/010, Kel. SUKATENANG, Kec. SUKAWANGI, JAWA BARAT, 17654',NULL,NULL,NULL,NULL,'','','','',NULL,0,'0','1','MI. ATTAQWA 23','0',NULL,NULL,'2021-07-12',9,NULL,NULL,NULL,'TklNQjJPaHlaWWR1L2VvellmN3ZrUT09OmJUUmtjalJ6TkdoaU1YTTBaREJ1T1E9PQ',''),(3017156000028,'210011','RD37VrCbk7nxI3BnNFi/jw==','7dNvOB0vJlUX63of79mXrd1QnkqDObQcrQ/oIHxl16I=','11',2023100000000000003,'L','BEKASI','2009-07-29','SS+UolIpL3z7roxMQxci4w==:bTRkcjRzNGhiMXM0ZDBuOQ==','WFRpeFVlRXcyTU9kSDM2VEVmdUpidz09OmJUUmtjalJ6TkdoaU1YTTBaREJ1T1E9PQ','',NULL,NULL,NULL,NULL,NULL,'1',NULL,'Kp. Muara tengah Rt. 002/010, Kel. SUKATENANG, Kec. SUKAWANGI, JAWA BARAT, 17654','DEDE ADROFI','ALIYAH','7','','5','',NULL,NULL,'Kp. Muara tengah Rt. 002/010, Kel. SUKATENANG, Kec. SUKAWANGI, JAWA BARAT, 17654',NULL,NULL,NULL,NULL,'','','','',NULL,0,'0','2','MI. ATTAQWA 23','0',NULL,NULL,'2021-07-12',9,NULL,NULL,NULL,'RjR4MjFoUDBjZ2VrWUF0UnBBam5Ydz09OmJUUmtjalJ6TkdoaU1YTTBaREJ1T1E9PQ','djluL0hPWWNxMU51cDRXS0R3bEh5VklkUzZlYUxHQ0l1Tjg1b3RFeFIxdFZUMm5sZVF1M0lQSmRCSzRVcXNMeTpiVFJrY2pSek5HaGlNWE0wWkRCdU9RPT0'),(3017156000029,'210012','2rAFCvE5+HGx59tmSxNg0Q==','TZfai99Cu6J5uzqV9pGUHA==','11',2023100000000000003,'P','BEKASI','2009-11-20','SS+UolIpL3z7roxMQxci4w==:bTRkcjRzNGhiMXM0ZDBuOQ==','WFRpeFVlRXcyTU9kSDM2VEVmdUpidz09OmJUUmtjalJ6TkdoaU1YTTBaREJ1T1E9PQ','',NULL,NULL,NULL,NULL,NULL,'1',NULL,'KP. PONDOK SOGA RT. 001/013, Kel. SUKATENANG, Kec. SUKAWANGI, JAWA BARAT, 16765','NAMIN','NURYATI','','','','',NULL,NULL,'KP. PONDOK SOGA RT. 001/013, Kel. SUKATENANG, Kec. SUKAWANGI, JAWA BARAT, 16765',NULL,NULL,NULL,NULL,'','','','',NULL,0,'0','4','SDN Sukatenang 03','',NULL,NULL,'2021-07-12',9,NULL,NULL,NULL,'aGcyY3B3WXJEK1dwdmZ3cGVVUzIzUT09OmJUUmtjalJ6TkdoaU1YTTBaREJ1T1E9PQ',''),(3017156000030,'210013','Bqaaou3aOlMxSp7FRPLvKw==','2zklshH2Qw26nkH9OcxwSw==','9',2023100000000000003,'P','BEKASI','2009-05-02','SS+UolIpL3z7roxMQxci4w==:bTRkcjRzNGhiMXM0ZDBuOQ==','WFRpeFVlRXcyTU9kSDM2VEVmdUpidz09OmJUUmtjalJ6TkdoaU1YTTBaREJ1T1E9PQ','',NULL,NULL,NULL,NULL,NULL,'1',NULL,'Kp. Muara Tengah Rt.001/011 SUKAWANGI JAWA BARAT 17620','NAMIT','MASKUPAH','','','','',NULL,NULL,'Kp. Muara Tengah Rt.001/011 SUKAWANGI JAWA BARAT 17620',NULL,NULL,NULL,NULL,'','','','',NULL,0,'0','2','MI. ATTAQWA 23','0',NULL,NULL,'2021-07-12',9,NULL,NULL,NULL,'M1RlQzM2dDBvY0YvaVZoWlpjNk5XQT09OmJUUmtjalJ6TkdoaU1YTTBaREJ1T1E9PQ',''),(3017156000031,'210014','WLcGq4KH23Z5dQE3MtUExA==','ZJ2iVJJadycIImDgXG+muG73Dfm+depn+qJV6EYMtmg=','9',2022200000000000001,'P','BEKASI','2009-08-28','SS+UolIpL3z7roxMQxci4w==:bTRkcjRzNGhiMXM0ZDBuOQ==','WFRpeFVlRXcyTU9kSDM2VEVmdUpidz09OmJUUmtjalJ6TkdoaU1YTTBaREJ1T1E9PQ','',NULL,NULL,NULL,NULL,NULL,'1',NULL,'Kp. Muara Tengah Rt. 001/010 SUKAWANGI JAWA BARAT 17620','ROHMAT HIDAYAT','HUZAIMAH','','','','',NULL,NULL,'Kp. Muara Tengah Rt. 001/010 SUKAWANGI JAWA BARAT 17620',NULL,NULL,NULL,NULL,'','','','',NULL,0,'0','1','MI. ATTAQWA 23','0',NULL,NULL,'2021-07-12',9,'1',2022,1,'VVFvUDJHR0xQQklKNW9LRzBURENQQT09OmJUUmtjalJ6TkdoaU1YTTBaREJ1T1E9PQ',''),(3017156000032,'210015','W+X5GE3u/mamUVOQ8XddZw==','xw7NGQj2atyT6tjkGhoFU7MglUIMkm5FasOCA4HK69A=','11',2023100000000000003,'P','BEKASI','2009-06-11','SS+UolIpL3z7roxMQxci4w==:bTRkcjRzNGhiMXM0ZDBuOQ==','WFRpeFVlRXcyTU9kSDM2VEVmdUpidz09OmJUUmtjalJ6TkdoaU1YTTBaREJ1T1E9PQ','',NULL,NULL,NULL,NULL,NULL,'1',NULL,'Kp. Poncol Rt. 007/003, Kel. PANTAI HARAPANJAYA, Kec. MUARAGEMBONG, JAWA BARAT, 17610','ERSIN','ERNIH','12','','1','',NULL,NULL,'Kp. Poncol Rt. 007/003, Kel. PANTAI HARAPANJAYA, Kec. MUARAGEMBONG, JAWA BARAT, 17610',NULL,NULL,NULL,NULL,'','','','',NULL,0,'0','1','SDN Pantai Hurip 02',NULL,NULL,NULL,'2021-07-12',9,NULL,NULL,NULL,'WVlRN3ZvVFJPOHBZWG1XODJVa1dkdz09OmJUUmtjalJ6TkdoaU1YTTBaREJ1T1E9PQ','dVhlOUFyY2JxZHlmZEpSNXRjZkdUTUdqeXd4SEdTd1p3U1I5UmxSZHp2aHA4dDc2WFRSOHpPbEowUVRRZDBPMjpiVFJrY2pSek5HaGlNWE0wWkRCdU9RPT0'),(3017156000033,'210016','sDVRGv8FtI66A4f6rUmCpQ==','gTFA8Y2x2+gQJ/m2Qk4aGg==','11',2023100000000000003,'P','BEKASI','2009-12-16','SS+UolIpL3z7roxMQxci4w==:bTRkcjRzNGhiMXM0ZDBuOQ==','WFRpeFVlRXcyTU9kSDM2VEVmdUpidz09OmJUUmtjalJ6TkdoaU1YTTBaREJ1T1E9PQ','',NULL,NULL,NULL,NULL,NULL,'1',NULL,'KP. MUARA TENGAH RT. 002/011, Kel. SUKATENANG, Kec. SUKAWANGI, JAWA BARAT, 17654','ARYANTO','NARSIH','','','','',NULL,NULL,'KP. MUARA TENGAH RT. 002/011, Kel. SUKATENANG, Kec. SUKAWANGI, JAWA BARAT, 17654',NULL,NULL,NULL,NULL,'','','','',NULL,0,'0','1','SDN Sukatenang 03','',NULL,NULL,'2021-07-12',9,NULL,NULL,NULL,'WmJBb1dUQXQyN3p3K1VmV2NabGN1UT09OmJUUmtjalJ6TkdoaU1YTTBaREJ1T1E9PQ',''),(3017156000034,'210017','IaCqMXyjW8HQpNVm1AoWiA==','+flywYyvPG6Y9YsulfvJJhRgQqF4Tcp9mAhVIahbjo4=','11',2023100000000000003,'L','BEKASI','2009-07-13','SS+UolIpL3z7roxMQxci4w==:bTRkcjRzNGhiMXM0ZDBuOQ==','WFRpeFVlRXcyTU9kSDM2VEVmdUpidz09OmJUUmtjalJ6TkdoaU1YTTBaREJ1T1E9PQ','',NULL,NULL,NULL,NULL,NULL,'1',NULL,'Kp. Muara Tengah Rt.002/010, Kel. SUKATENANG, Kec. SUKAWANGI, JAWA BARAT, 17620','ABD. HAMID','SUKESIH','12','','12','',NULL,NULL,'Kp. Muara Tengah Rt.002/010, Kel. SUKATENANG, Kec. SUKAWANGI, JAWA BARAT, 17620',NULL,NULL,NULL,NULL,'Abdul Hamid','12','','Kp. Muara Tengah Rt. 002/010',NULL,0,'0','4','MI. ATTAQWA 23','0',NULL,NULL,'2021-07-01',9,NULL,NULL,NULL,'UTQwMmRwNGZTRm9tWEs0MUphQnAxUT09OmJUUmtjalJ6TkdoaU1YTTBaREJ1T1E9PQ',''),(3017156000035,'210018','kVs8jgalXMWkPQ0SZjzJPQ==','5xVvDdhf2o4q/vH7OenEzt1QnkqDObQcrQ/oIHxl16I=','11',2023100000000000003,'P','JAKARTA','2009-09-27','SS+UolIpL3z7roxMQxci4w==:bTRkcjRzNGhiMXM0ZDBuOQ==','WFRpeFVlRXcyTU9kSDM2VEVmdUpidz09OmJUUmtjalJ6TkdoaU1YTTBaREJ1T1E9PQ','',NULL,NULL,NULL,NULL,NULL,'1',NULL,'Kp. Muara Tengah Rt. 001/010, Kel. SUKATENANG, Kec. SUKAWANGI, JAWA BARAT, 17664','JAMIL','SUMYATI','6','','1','',NULL,NULL,'Kp. Muara Tengah Rt. 001/010, Kel. SUKATENANG, Kec. SUKAWANGI, JAWA BARAT, 17664',NULL,NULL,NULL,NULL,'','','','',NULL,0,'0','2','MI. ATTAQWA 23','0',NULL,NULL,'2021-07-12',9,NULL,NULL,NULL,'ckwzZUtvUGl3ZUxlN0NyV29KUEVEQT09OmJUUmtjalJ6TkdoaU1YTTBaREJ1T1E9PQ','WTNZWE5FUFM1VThqV1E3eXAvYTJPRUk0Z2xRMi9vOVh4M25mdmNQRnQ4Y2ZBZkVLNTQzd2R6dnFNZzBxNFBUbzpiVFJrY2pSek5HaGlNWE0wWkRCdU9RPT0'),(3017156000036,'190002','ZxSnqFtd1GlWUAXxChTq1w==','/2QmIe/sbDcgXvpE2XK/5A==','11',-1,'L','BEKASI','2007-12-17','cUFh4nmsRAImB6ljc3WaMw==:bTRkcjRzNGhiMXM0ZDBuOQ==','WFRpeFVlRXcyTU9kSDM2VEVmdUpidz09OmJUUmtjalJ6TkdoaU1YTTBaREJ1T1E9PQ','',NULL,NULL,NULL,NULL,NULL,NULL,NULL,'Kp. Muara Tengah RT. 001/RW. 010, Kel. SUKATENANG, Kec. SUKAWANGI, 17654','NAROM','NURBAITI','7','','1','',NULL,NULL,'Kp. Muara Tengah RT. 001/RW. 010, Kel. SUKATENANG, Kec. SUKAWANGI, 17654',NULL,NULL,NULL,NULL,NULL,NULL,'',NULL,NULL,0,NULL,NULL,NULL,'0',NULL,NULL,NULL,NULL,NULL,NULL,NULL,'V3R5VGRma0FUR1g0eGh1UGJVaDVLQT09OmJUUmtjalJ6TkdoaU1YTTBaREJ1T1E9PQ','Q0tiVVdjWGFPUlBkY0VNRjN2ZEw2N2RXOVl1c0R5SUxlNFdYbWx0aG8zaHZNc2pDUHpaaWNYRGpMdHdrR2dDNDpiVFJrY2pSek5HaGlNWE0wWkRCdU9RPT0'),(3017156000037,'190013','mxq1fv4qcZKt7Pk8nSKaog==','KpTwwuHwyl04CNMWIzX0gQ==','11',-1,'L','BEKASI','2005-01-14','QONZlqK6EqFInq8HK7wEQg==:bTRkcjRzNGhiMXM0ZDBuOQ==','WFRpeFVlRXcyTU9kSDM2VEVmdUpidz09OmJUUmtjalJ6TkdoaU1YTTBaREJ1T1E9PQ','',NULL,NULL,NULL,NULL,NULL,NULL,NULL,'Kp. Muara Tengah RT. 001/RW. 011, Kel. SUKATENANG, Kec. SUKAWANGI, 17654','ANDI','MARNATI','7','','1','',NULL,NULL,'Kp. Muara Tengah RT. 001/RW. 011, Kel. SUKATENANG, Kec. SUKAWANGI, 17654',NULL,NULL,NULL,NULL,NULL,NULL,'',NULL,NULL,0,NULL,NULL,NULL,'0',NULL,NULL,NULL,NULL,NULL,NULL,NULL,'TVBTa0JFajEvRzBXMVlCbHQyKzZCZz09OmJUUmtjalJ6TkdoaU1YTTBaREJ1T1E9PQ','eHp3Ylk4RXR2UlkwN2NjaDlWOXFGckJxOFdyUXQ0RE1kaUF0MFZiUkZsWTZmbG1tOERzaEhzS3VSVUFNSnR2NDpiVFJrY2pSek5HaGlNWE0wWkRCdU9RPT0'),(3017156000038,'190009','uH2w60zmZsfoyqFj1a6B0A==','PffxKvLGmhHXMPWses4Cmg==','11',-1,'P','BEKASI','2007-06-12','cjBQAjUbF5rAmcvxik8hoQ==:bTRkcjRzNGhiMXM0ZDBuOQ==','WFRpeFVlRXcyTU9kSDM2VEVmdUpidz09OmJUUmtjalJ6TkdoaU1YTTBaREJ1T1E9PQ','',NULL,NULL,NULL,NULL,NULL,NULL,NULL,'Kp. Muara Tengah RT. 001/RW. 011 SUKATENANG 17654','MATAN SOEMANTRI','RODIYAH',NULL,'',NULL,'',NULL,NULL,'Kp. Muara Tengah RT. 001/RW. 011 SUKATENANG 17654',NULL,NULL,NULL,NULL,NULL,NULL,'',NULL,NULL,0,NULL,NULL,NULL,'0',NULL,NULL,NULL,NULL,NULL,NULL,NULL,'Q1NMOFFmbWRCN3pmeEZaeDg4UENIZz09OmJUUmtjalJ6TkdoaU1YTTBaREJ1T1E9PQ',''),(3017156000039,'190001','kehAlGb4FzrJ6lVFv2PtHg==','f2QFQX/C35vxVWBRT7u9mQ==','11',-1,'L','BEKASI','2007-03-27','b29VXi2zhzPq+eEIbbXHzw==:bTRkcjRzNGhiMXM0ZDBuOQ==','WFRpeFVlRXcyTU9kSDM2VEVmdUpidz09OmJUUmtjalJ6TkdoaU1YTTBaREJ1T1E9PQ','',NULL,NULL,NULL,NULL,NULL,NULL,NULL,'Kp. Muara Tengah RT. 002/RW. 010 SUKATENANG 17654','AHMAD ALAMSAH','MARYANAH',NULL,'',NULL,'',NULL,NULL,'Kp. Muara Tengah RT. 002/RW. 010 SUKATENANG 17654',NULL,NULL,NULL,NULL,NULL,NULL,'',NULL,NULL,0,NULL,NULL,NULL,'0',NULL,NULL,NULL,NULL,NULL,NULL,NULL,'N3ZaeEhwZ2U4VDFxYzl1RDBnMUpQQT09OmJUUmtjalJ6TkdoaU1YTTBaREJ1T1E9PQ',''),(3017156000040,'190012','KX1cqkLXFz1S0qoKEHYGdA==','A8dRVkFcTAaOfY55XO2GLMrOCNDOETFiB+alFkirPTw=','11',-1,'L','BEKASI','2006-02-04','MAD1yZsjyExVDfP1HXQ5OA==:bTRkcjRzNGhiMXM0ZDBuOQ==','WFRpeFVlRXcyTU9kSDM2VEVmdUpidz09OmJUUmtjalJ6TkdoaU1YTTBaREJ1T1E9PQ','',NULL,NULL,NULL,NULL,NULL,NULL,NULL,'Kp. Muara Tengah RT. 002/RW. 010  17654','DANIH','ROHILAH',NULL,'',NULL,'',NULL,NULL,'Kp. Muara Tengah RT. 002/RW. 010  17654',NULL,NULL,NULL,NULL,NULL,NULL,'',NULL,NULL,0,NULL,NULL,NULL,'0',NULL,NULL,NULL,NULL,NULL,NULL,NULL,'Ty8rNmdpNy83d00xR2JXbUtNcmhMZz09OmJUUmtjalJ6TkdoaU1YTTBaREJ1T1E9PQ',''),(3017156000041,'190010','cVnxUsxQArD6Dmh2fgjMCA==','JLvVjn+Eawcq4CSesTmOjQ==','11',-1,'P','BEKASI','2007-06-05','3spOWHqc//4krFg56u8dpw==:bTRkcjRzNGhiMXM0ZDBuOQ==','WFRpeFVlRXcyTU9kSDM2VEVmdUpidz09OmJUUmtjalJ6TkdoaU1YTTBaREJ1T1E9PQ','',NULL,NULL,NULL,NULL,NULL,NULL,NULL,'Kp. Muara Tengah RT. 002/RW. 010, Kel. SUKATENANG, Kec. SUKAWANGI, JAWA BARAT, 17654','M. TOHIR','NUR BAITI','7','','1','',NULL,NULL,'Kp. Muara Tengah RT. 002/RW. 010, Kel. SUKATENANG, Kec. SUKAWANGI, JAWA BARAT, 17654',NULL,NULL,NULL,NULL,NULL,NULL,'',NULL,NULL,0,NULL,NULL,NULL,'0',NULL,NULL,NULL,NULL,NULL,NULL,NULL,'RHBrWG1XUTJqK0FDTmRmeXd5ZTRBQT09OmJUUmtjalJ6TkdoaU1YTTBaREJ1T1E9PQ','WjlvSEp4WFUva0pBNzNjRm01Ulo5U0FNOUhGZVNTUEVLbjVVT1NWT0hLNDFsWUVXQU5XVDU3UlVRaFVkSk82RDpiVFJrY2pSek5HaGlNWE0wWkRCdU9RPT0'),(3017156000042,'190003','IoQxSLwXYp1/eA1vOn2KDw==','JeigVHviAwYJuVN/NyrqFg==','11',-1,'L','JAKARTA','2008-02-09','97Z+Vg8YaHYU8ll9+ITT9Q==:bTRkcjRzNGhiMXM0ZDBuOQ==','WFRpeFVlRXcyTU9kSDM2VEVmdUpidz09OmJUUmtjalJ6TkdoaU1YTTBaREJ1T1E9PQ','',NULL,NULL,NULL,NULL,NULL,NULL,NULL,'Kp. Muara Tengah RT. 002/RW. 011 SUKATENANG 17654','SYAHRONI HM','LILI NABILAH',NULL,'',NULL,'',NULL,NULL,'Kp. Muara Tengah RT. 002/RW. 011 SUKATENANG 17654',NULL,NULL,NULL,NULL,NULL,NULL,'',NULL,NULL,0,NULL,NULL,NULL,'0',NULL,NULL,NULL,NULL,NULL,NULL,NULL,'V1pJcnBYeHppQlFmbldNRjgvVmV1QT09OmJUUmtjalJ6TkdoaU1YTTBaREJ1T1E9PQ',''),(3017156000043,'190021','8O25FYHSiULW2E1Z52tokA==','Rn6rHYmE6PsTy9AFBDkpCrMglUIMkm5FasOCA4HK69A=','11',-1,'P','BEKASI','2007-02-21','bg5UN+Bey0jqFlI19nBkrA==:bTRkcjRzNGhiMXM0ZDBuOQ==','WFRpeFVlRXcyTU9kSDM2VEVmdUpidz09OmJUUmtjalJ6TkdoaU1YTTBaREJ1T1E9PQ','',NULL,NULL,NULL,NULL,NULL,NULL,NULL,'Kp. Muara Tengah RT. 002/RW. 010, Kel. SUKATENANG, Kec. SUKAWANGI, JAWA BARAT, 17654','DADANG','MAISAH','7','','1','',NULL,NULL,'Kp. Muara Tengah RT. 002/RW. 010, Kel. SUKATENANG, Kec. SUKAWANGI, JAWA BARAT, 17654',NULL,NULL,NULL,NULL,NULL,NULL,'',NULL,NULL,0,NULL,NULL,NULL,'0',NULL,NULL,NULL,NULL,NULL,NULL,NULL,'REIwVjdSc0granp2dStMREZ2MU9MZz09OmJUUmtjalJ6TkdoaU1YTTBaREJ1T1E9PQ','L0puUHFuUlVQd3VlMmxmTUgwenZtKzJGS0R1OGJvdm03RURhckxnbVdvN1VFcU9sSU1CRFpjM2h2eTdXYkQvdTpiVFJrY2pSek5HaGlNWE0wWkRCdU9RPT0'),(3017156000044,'190004','sdftiv9cgmDDzp1Ug57E6A==','VFABSfA/e0qA2ZB4jEhCww==','11',-1,'L','BEKASI','2007-04-13','bhcinQ5QgJLhQnPM20ajYA==:bTRkcjRzNGhiMXM0ZDBuOQ==','WFRpeFVlRXcyTU9kSDM2VEVmdUpidz09OmJUUmtjalJ6TkdoaU1YTTBaREJ1T1E9PQ','',NULL,NULL,NULL,NULL,NULL,NULL,NULL,'Kp. Muara Tengah RT. 001/RW. 011, Kel. SUKATENANG, Kec. SUKAWANGI, JAWA BARAT, 17654','WAWIH','ROKAYAH','12','','1','',NULL,NULL,'Kp. Muara Tengah RT. 001/RW. 011, Kel. SUKATENANG, Kec. SUKAWANGI, JAWA BARAT, 17654',NULL,NULL,NULL,NULL,NULL,NULL,'',NULL,NULL,0,NULL,NULL,NULL,'0',NULL,NULL,NULL,NULL,NULL,NULL,NULL,'UkRXY0FFZ25kYi9XSUM4MmRWRW5EZz09OmJUUmtjalJ6TkdoaU1YTTBaREJ1T1E9PQ','cDdDQmJiaEE0UUJOVnN2cFJ4Z0ZBb0F4NFcyTUJyRUl4M29MOTRIblgwOUlRQ045cEliaS92TzhoejErOTZLVjpiVFJrY2pSek5HaGlNWE0wWkRCdU9RPT0'),(3017156000045,'190018','N8CVObmbkycb05bZ9dqbvQ==','KLQ4mPdkhLCQ/Vj5/HvoKf0xm91rpYoC6Rjc3KeVXNw=','11',-1,'P','BEKASI','2007-05-11','w0wTANYA2DhOM2CsK21kJQ==:bTRkcjRzNGhiMXM0ZDBuOQ==','WFRpeFVlRXcyTU9kSDM2VEVmdUpidz09OmJUUmtjalJ6TkdoaU1YTTBaREJ1T1E9PQ','',NULL,NULL,NULL,NULL,NULL,NULL,NULL,'Kp. Utan Soga Rt. 006/003 JAYABAKTI SUKATANI JAWA BARAT 17720','MALIH MARDANIH','NEMIH',NULL,'',NULL,'',NULL,NULL,'Kp. Utan Soga Rt. 006/003 JAYABAKTI SUKATANI JAWA BARAT 17720',NULL,NULL,NULL,NULL,NULL,NULL,'',NULL,NULL,0,NULL,NULL,NULL,'0',NULL,NULL,NULL,NULL,NULL,NULL,NULL,'ZjFHR3RXQjV1Q0podnAxZWphV0JaZz09OmJUUmtjalJ6TkdoaU1YTTBaREJ1T1E9PQ',''),(3017156000046,'190007','nASlfYSATARwjP2l+Oj/fQ==','J0K8IzZl3DmSruHSBSST2g==','11',-1,'L','BEKASI','2007-12-05','3vUCrMwxCYiScfG7MfKEiQ==:bTRkcjRzNGhiMXM0ZDBuOQ==','WFRpeFVlRXcyTU9kSDM2VEVmdUpidz09OmJUUmtjalJ6TkdoaU1YTTBaREJ1T1E9PQ','',NULL,NULL,NULL,NULL,NULL,NULL,NULL,'Kp. Muara Tengah Rt. 002/010 SUKATENANG 17654','ROHIMUDIN','SAIDAH',NULL,'',NULL,'',NULL,NULL,'Kp. Muara Tengah Rt. 002/010 SUKATENANG 17654',NULL,NULL,NULL,NULL,NULL,NULL,'',NULL,NULL,0,NULL,NULL,NULL,'0',NULL,NULL,NULL,NULL,NULL,NULL,NULL,'VDRHVHRYY2lZVlN4Z0Q1TEMwSFJOQT09OmJUUmtjalJ6TkdoaU1YTTBaREJ1T1E9PQ',''),(3017156000047,'190020','GYOCoPeSk2Ktp5XxZHNRzQ==','CWHbiEmqv8YT/g+M/A7Tyg==','11',-1,'L','BEKASI','2007-05-27','6E8pIjlTJ1B3djPkkt7ryg==:bTRkcjRzNGhiMXM0ZDBuOQ==','WFRpeFVlRXcyTU9kSDM2VEVmdUpidz09OmJUUmtjalJ6TkdoaU1YTTBaREJ1T1E9PQ','',NULL,NULL,NULL,NULL,NULL,NULL,NULL,'Kp.Muara RT.002/009, Kel. SUKATENANG, Kec. SUKAWANGI, JAWA BARAT, 17654','PINDA','NURJANAH','13','','1','',NULL,NULL,'Kp.Muara RT.002/009, Kel. SUKATENANG, Kec. SUKAWANGI, JAWA BARAT, 17654',NULL,NULL,NULL,NULL,NULL,NULL,'',NULL,NULL,0,NULL,NULL,NULL,'0',NULL,NULL,'2020-07-13',NULL,NULL,NULL,NULL,'NWdJaVdUWElxbkIwNkZLY2xPV3Jhdz09OmJUUmtjalJ6TkdoaU1YTTBaREJ1T1E9PQ','ZHdLNG9CWkd1TFNPc0cvQWZBOTVGeUdhWjh5Q2JtVDV5bm5WUXNHZUx1YTgyZndzZ1o2S3lWNjlIVFhDaExURDpiVFJrY2pSek5HaGlNWE0wWkRCdU9RPT0'),(3017156000048,'190006','Pr1jxi2thPPyCbq77CyiGQ==','5h0aGfnARe95Oi/DuopmcA==','11',-1,'L','BEKASI','2008-08-02','fSeAJShJsIhKy7GJtPHFcA==:bTRkcjRzNGhiMXM0ZDBuOQ==','WFRpeFVlRXcyTU9kSDM2VEVmdUpidz09OmJUUmtjalJ6TkdoaU1YTTBaREJ1T1E9PQ','',NULL,NULL,NULL,NULL,NULL,NULL,NULL,'Kp. Muara Tengah RT. 001/RW. 010 SUKATENANG 17654','MUDASIR','SAIPAH',NULL,'',NULL,'',NULL,NULL,'Kp. Muara Tengah RT. 001/RW. 010 SUKATENANG 17654',NULL,NULL,NULL,NULL,NULL,NULL,'',NULL,NULL,0,NULL,NULL,NULL,'0',NULL,NULL,NULL,NULL,NULL,NULL,NULL,'WEV4MHVab0VDMVlaRGxvc1BudGRuQT09OmJUUmtjalJ6TkdoaU1YTTBaREJ1T1E9PQ',''),(3017156000049,'190019','iXYQaStwNs2YsxuCLSRCPQ==','dF7npjw2hrBPqaoxR1hrVi5UugUEOO69C/ykuMP4h5Q=','11',-1,'P','BEKASI','2006-11-23','7JSnB5xXM1m1VsJc4fGfSQ==:bTRkcjRzNGhiMXM0ZDBuOQ==','WFRpeFVlRXcyTU9kSDM2VEVmdUpidz09OmJUUmtjalJ6TkdoaU1YTTBaREJ1T1E9PQ','',NULL,NULL,NULL,NULL,NULL,NULL,NULL,'Kp. Muara Rt. 008/003, Kel. MUARABAKTI, Kec. BABELAN, JAWA BARAT, 17654','NURHASAN','ENI HERLINA','5','','1','',NULL,NULL,'Kp. Muara Rt. 008/003, Kel. MUARABAKTI, Kec. BABELAN, JAWA BARAT, 17654',NULL,NULL,NULL,NULL,NULL,NULL,'',NULL,NULL,0,NULL,NULL,NULL,'0',NULL,NULL,NULL,NULL,NULL,NULL,NULL,'dWhpc2E5cnZ6UXZPbDdDcVpYUlp2QT09OmJUUmtjalJ6TkdoaU1YTTBaREJ1T1E9PQ','YVFCVFh2SHFQSzI2WXo4SmtjckkvKzFLSXRNN09KZGNxZ1A3VEZsbWlMN1M0TitYaHFtbFN4MDJ2Z3FNSzNEUDpiVFJrY2pSek5HaGlNWE0wWkRCdU9RPT0'),(3017156000050,'190015','S94kDIUqN3sxsxRWjdjjlw==','O1drev7Yc7C7i/K0rvIqJg==','11',-1,'P','BEKASI','2007-09-23','6u18fachwI+IWYOq+CX2yw==:bTRkcjRzNGhiMXM0ZDBuOQ==','WFRpeFVlRXcyTU9kSDM2VEVmdUpidz09OmJUUmtjalJ6TkdoaU1YTTBaREJ1T1E9PQ','',NULL,NULL,NULL,NULL,NULL,NULL,NULL,'Kp. Muara Tengah Rt. 002/011 SUKATENANG 17654','MARJAN BIN SAMAN','NUR AYA',NULL,'',NULL,'',NULL,NULL,'Kp. Muara Tengah Rt. 002/011 SUKATENANG 17654',NULL,NULL,NULL,NULL,NULL,NULL,'',NULL,NULL,0,NULL,NULL,NULL,'0',NULL,NULL,NULL,NULL,NULL,NULL,NULL,'d1RzanE0WTMydGo0aDV5MEtNQnhJUT09OmJUUmtjalJ6TkdoaU1YTTBaREJ1T1E9PQ',''),(3017156000051,'190023','NOtDgyKEjrgT/toMB7fYfg==','L5sdL+OSauLaafUYsDcZSQ==','11',-1,'L','BEKASI','2007-03-31','k440VnqZAYiRqgRbAgqLtQ==:bTRkcjRzNGhiMXM0ZDBuOQ==','WFRpeFVlRXcyTU9kSDM2VEVmdUpidz09OmJUUmtjalJ6TkdoaU1YTTBaREJ1T1E9PQ','',NULL,NULL,NULL,NULL,NULL,NULL,NULL,'Kp. Muara Tengah RT. 001/RW. 011 SUKATENANG 17654','SAMSUDIN','ROMENAH',NULL,'',NULL,'',NULL,NULL,'Kp. Muara Tengah RT. 001/RW. 011 SUKATENANG 17654',NULL,NULL,NULL,NULL,NULL,NULL,'',NULL,NULL,0,NULL,NULL,NULL,'0',NULL,NULL,NULL,NULL,NULL,NULL,NULL,'V1MzNnZ3ODd1eStQdDd3Vyt2d1NYQT09OmJUUmtjalJ6TkdoaU1YTTBaREJ1T1E9PQ',''),(3017156000052,'190005','COd5JtInGMOKy75EuVmZ7g==','8c6xz591lx4k+tIvWkyJpQ==','11',-1,'P','BEKASI','2007-02-18','Rj5NwScflU+1/o5qnQb/JQ==:bTRkcjRzNGhiMXM0ZDBuOQ==','WFRpeFVlRXcyTU9kSDM2VEVmdUpidz09OmJUUmtjalJ6TkdoaU1YTTBaREJ1T1E9PQ','',NULL,NULL,NULL,NULL,NULL,NULL,NULL,'Kp. Muara Tengah RT. 001/RW. 011 SUKATENANG 17654','JAMALUDIN','NURHAYATI',NULL,'',NULL,'',NULL,NULL,'Kp. Muara Tengah RT. 001/RW. 011 SUKATENANG 17654',NULL,NULL,NULL,NULL,NULL,NULL,'',NULL,NULL,0,NULL,NULL,NULL,'0',NULL,NULL,NULL,NULL,NULL,NULL,NULL,'WElPNnFwODBoK01KWHU2azltTTdVUT09OmJUUmtjalJ6TkdoaU1YTTBaREJ1T1E9PQ',''),(3017156000053,'190016','4Z33py63aaleJIfV4LbHcw==','p3G1k4ZH1ml8lBqdK9VCyQ==','11',-1,'P','BEKASI','2007-08-18','72vQ9lh8jg2iy8duscISuQ==:bTRkcjRzNGhiMXM0ZDBuOQ==','WFRpeFVlRXcyTU9kSDM2VEVmdUpidz09OmJUUmtjalJ6TkdoaU1YTTBaREJ1T1E9PQ','',NULL,NULL,NULL,NULL,NULL,NULL,NULL,'Kp. Muara Tengah Rt. 002/011, Kel. SUKATENANG, Kec. SUKAWANGI, JAWA BARAT, 17654','M. SUKRI','YANAH','13','','1','',NULL,NULL,'Kp. Muara Tengah Rt. 002/011, Kel. SUKATENANG, Kec. SUKAWANGI, JAWA BARAT, 17654',NULL,NULL,NULL,NULL,NULL,NULL,'',NULL,NULL,0,NULL,NULL,NULL,'0',NULL,NULL,NULL,NULL,NULL,NULL,NULL,'azZkclE2YjdMaG1IMnBVR1gwSmlNdz09OmJUUmtjalJ6TkdoaU1YTTBaREJ1T1E9PQ','Wmd2SWd4dTl1QlB6TmE3NTBTempucWRDdVg0VjFKNGhHVlp4aXNyZmVydlZSdUlqb3RrVGJvVUFYQlJaeHJ4YjpiVFJrY2pSek5HaGlNWE0wWkRCdU9RPT0'),(3017156000054,'220012','jSegrmZkWPoC4zmpPhqOvA==','B+PV/rBtFoxUeF747RJTjQ==','11',2024200000000000002,'L','BEKASI','2009-03-28','im0+6LwMv8hyPMhMSk9jNg==:bTRkcjRzNGhiMXM0ZDBuOQ==','WFRpeFVlRXcyTU9kSDM2VEVmdUpidz09OmJUUmtjalJ6TkdoaU1YTTBaREJ1T1E9PQ',NULL,NULL,NULL,NULL,NULL,NULL,'1',NULL,'Kp. Muara Tengah Rt. 002 Rw. 011, Kel. SUKATENANG, Kec. SUKAWANGI, JAWA BARAT, 17654','MIDAN','SUKIYAH','12','','1','',NULL,NULL,'Kp. Muara Tengah Rt. 002 Rw. 011, Kel. SUKATENANG, Kec. SUKAWANGI, JAWA BARAT, 17654',NULL,NULL,NULL,NULL,'','','','',NULL,0,'0','0','','0',NULL,NULL,'2022-07-18',9,NULL,NULL,NULL,'b21yRCtpN29YdmFncEJnMWw0UzdrZz09OmJUUmtjalJ6TkdoaU1YTTBaREJ1T1E9PQ','YkxlTjNNMnE0QkRxR0xHemV5U3BYa0F3QU1ZMFJCUlNjZ1VOS3U3ZHR6KzhLNmI0WmM4QTZuMk9uTlpjby8vSjpiVFJrY2pSek5HaGlNWE0wWkRCdU9RPT0'),(3017156000055,'220017','H6REp2VV+fT8X1w8YaWc8A==','9Ea9aM8I73wobLNF6tUq1g==','9',2024100000000000001,'L','BEKASI','2004-11-10','tlFp+3Xu2hexIrzrWmT76A==:bTRkcjRzNGhiMXM0ZDBuOQ==','WFRpeFVlRXcyTU9kSDM2VEVmdUpidz09OmJUUmtjalJ6TkdoaU1YTTBaREJ1T1E9PQ',NULL,NULL,NULL,NULL,NULL,NULL,NULL,NULL,'Kp. Muara Tengah, Kel. SUKATENANG, Kec. SUKAWANGI, JAWA BARAT, 17654','salim','SOPIANIH','1','','1','',NULL,NULL,'Kp. Muara Tengah, Kel. SUKATENANG, Kec. SUKAWANGI, JAWA BARAT, 17654',NULL,NULL,NULL,NULL,NULL,NULL,'',NULL,NULL,0,NULL,NULL,NULL,NULL,NULL,NULL,'2022-07-17',NULL,'99',2024,1,'WThqOWVMM2hYM0VTTnJqOUVsT2NjZz09OmJUUmtjalJ6TkdoaU1YTTBaREJ1T1E9PQ','R2JUdkFyRXZFNTdZcUFialpEMDRIcDlOWFNuTllkSFJyTnFvSURCY0h6QmxSSDcvelBueitiL2NFU2tFa1pZMDpiVFJrY2pSek5HaGlNWE0wWkRCdU9RPT0'),(3017156000056,'220001','RYT8pEqSkkq8MhpkcrkjGA==','j5Hx7kx3sZqtUOdcaB5Yig==','9',2022100000000000001,'P','JAKARTA','2010-03-03','SS7IByJV4/xXw61PKvCDUg==:bTRkcjRzNGhiMXM0ZDBuOQ==','WFRpeFVlRXcyTU9kSDM2VEVmdUpidz09OmJUUmtjalJ6TkdoaU1YTTBaREJ1T1E9PQ',NULL,NULL,NULL,NULL,NULL,NULL,NULL,NULL,'Kp. Muara Tengah Rt. 002 Rw. 010, Kel. SUKATENANG, Kec. SUKAWANGI, JAWA BARAT, 17620','LUKMAN','BAHRIYAH AL HADDAD',NULL,'',NULL,'',NULL,NULL,'Kp. Muara Tengah Rt. 002 Rw. 010, Kel. SUKATENANG, Kec. SUKAWANGI, JAWA BARAT, 17620',NULL,NULL,NULL,NULL,NULL,NULL,'',NULL,NULL,0,NULL,NULL,NULL,'0',NULL,NULL,'2022-07-18',NULL,'1',2022,1,'TWFiSjVBZDhyaFlVVC9xeWpscENyZz09OmJUUmtjalJ6TkdoaU1YTTBaREJ1T1E9PQ',''),(3017156000057,'220016','NLjSUFZNmjBP+Lk4eIoORQ==','xdcdzPQXlz95j4iYlordKg==','9',2022100000000000001,'L','BEKASI','2005-04-13','F/GUBe2c3Rwn3KhLzSmvXA==:bTRkcjRzNGhiMXM0ZDBuOQ==','WFRpeFVlRXcyTU9kSDM2VEVmdUpidz09OmJUUmtjalJ6TkdoaU1YTTBaREJ1T1E9PQ',NULL,NULL,NULL,NULL,NULL,NULL,NULL,NULL,'Kp. Pondok Soga, Kel. SUKATENANG, Kec. SUKAWANGI, JAWA BARAT, 17654','Hamim','MAAH',NULL,'','1','',NULL,NULL,'Kp. Pondok Soga, Kel. SUKATENANG, Kec. SUKAWANGI, JAWA BARAT, 17654',NULL,NULL,NULL,NULL,NULL,NULL,'',NULL,NULL,0,NULL,NULL,NULL,NULL,NULL,NULL,'2022-07-17',NULL,'1',2022,1,'amxDR1plOFBYZ1F6SW5Sd2hMc25CZz09OmJUUmtjalJ6TkdoaU1YTTBaREJ1T1E9PQ','WVExY1kxMCt6RU9FdkJJMDIyMWxZQ2ZobHJvQnF6VGJlYjl2V2NZKzI0WGYwbTdQNmRUeFJIYkZBZzJDSE9vUzpiVFJrY2pSek5HaGlNWE0wWkRCdU9RPT0'),(3017156000058,'220004','mrKYXp74VDQc3SiQnHMsbw==','NbyO9GYdhFlrYTmmPbEp4Q==','11',2024200000000000002,'L','BEKASI','2010-02-08','XR14PmhNQ6YS58dxZ/7Zrw==:bTRkcjRzNGhiMXM0ZDBuOQ==','WFRpeFVlRXcyTU9kSDM2VEVmdUpidz09OmJUUmtjalJ6TkdoaU1YTTBaREJ1T1E9PQ',NULL,NULL,NULL,NULL,NULL,NULL,'1',NULL,'Kp. Muara Tengah Rt. 001/011, Kel. SUKATENANG, Kec. SUKAWANGI, JAWA BARAT, 17654','MASUD','NANI','7','','1','',NULL,NULL,'Kp. Muara Tengah Rt. 001/011, Kel. SUKATENANG, Kec. SUKAWANGI, JAWA BARAT, 17654',NULL,NULL,NULL,NULL,'','','','',NULL,0,'0','0','','0',NULL,NULL,'2022-07-18',9,NULL,NULL,NULL,'NjN3aFROZ0lQZWNMUVp3RUxkTmZtdz09OmJUUmtjalJ6TkdoaU1YTTBaREJ1T1E9PQ','RVA3d2NWenpLZ3grVmp2Nm9zSVZSN3lVMEVMOE5HVnpvWHVrZWx1bnJBTEpIUXlkVko2M1BIdkRvYnZPR3lxTTpiVFJrY2pSek5HaGlNWE0wWkRCdU9RPT0'),(3017156000059,'220002','zq25lWrYK1juZpNWFaLEvQ==','SY594+J+dyyThkrNpGbG9A==','11',2024200000000000002,'P','BEKASI','2010-08-11','V2XbQKcccbuCzzbCqd3Rzw==:bTRkcjRzNGhiMXM0ZDBuOQ==','WFRpeFVlRXcyTU9kSDM2VEVmdUpidz09OmJUUmtjalJ6TkdoaU1YTTBaREJ1T1E9PQ',NULL,NULL,NULL,NULL,NULL,NULL,'1',NULL,'Kp. Muara Tengah Rt. 002/011, Kel. SUKATENANG, Kec. SUKAWANGI, JAWA BARAT, 17654','MININ','NURHIKMAH','12','','1','',NULL,NULL,'Kp. Muara Tengah Rt. 002/011, Kel. SUKATENANG, Kec. SUKAWANGI, JAWA BARAT, 17654',NULL,NULL,NULL,NULL,'','','','',NULL,0,'0','0','','0',NULL,NULL,'2022-07-18',9,NULL,NULL,NULL,'U3ZFOEJoeXV6bER1ZHVMc0ZQZkdrQT09OmJUUmtjalJ6TkdoaU1YTTBaREJ1T1E9PQ','YVBESEZEa2M4NExnMUkwT2ZORmptYUJuNUtSaWhidll2dVpwRVRLdFMvdjBWTDVZS3JRWmhYaUViNUFYdTJXSzpiVFJrY2pSek5HaGlNWE0wWkRCdU9RPT0'),(3017156000060,'220011','BR49jsrGSDRffC4+GomsGw==','UiEFkju6J5Eiw1ewappYeg==','11',2024200000000000002,'L','BEKASI','2010-07-18','3OSfvJppmkBwhHbW7qdoIg==:bTRkcjRzNGhiMXM0ZDBuOQ==','WFRpeFVlRXcyTU9kSDM2VEVmdUpidz09OmJUUmtjalJ6TkdoaU1YTTBaREJ1T1E9PQ',NULL,NULL,NULL,NULL,NULL,NULL,'1',NULL,'Kp. Muara Tengah Rt. 001 Rw. 010, Kel. SUKATENANG, Kec. SUKAWANGI, JAWA BARAT, 17654','DASUKI','ROHANIH','7','','1','',NULL,NULL,'Kp. Muara Tengah Rt. 001 Rw. 010, Kel. SUKATENANG, Kec. SUKAWANGI, JAWA BARAT, 17654',NULL,NULL,NULL,NULL,'','','','',NULL,0,'0','0','','0',NULL,NULL,'2022-07-18',9,NULL,NULL,NULL,'MVBodEkyNWE5dnRYenhuMjM4SFNWUT09OmJUUmtjalJ6TkdoaU1YTTBaREJ1T1E9PQ','cmVPeU9FMDBUSUNpRnhwSmNoMDVYT3FaN2pNVEYyUExvdkt3YzJ2Qkt2MTdIMG1aK3dycDlmcEIwTnFaVHRqWjpiVFJrY2pSek5HaGlNWE0wWkRCdU9RPT0'),(3017156000061,'220007','o6rs85bnDsrmm3O7Qdmhdw==','FObOV7kKybttQDglgucwVw==','11',2024200000000000002,'P','BEKASI','2010-04-18','dhVxqrDbUKkawG+e7BY8Yw==:bTRkcjRzNGhiMXM0ZDBuOQ==','WFRpeFVlRXcyTU9kSDM2VEVmdUpidz09OmJUUmtjalJ6TkdoaU1YTTBaREJ1T1E9PQ',NULL,NULL,NULL,NULL,NULL,NULL,'1',NULL,'Kp. Muara Tengah Rt. 002/011, Kel. SUKATENANG, Kec. SUKAWANGI, JAWA BARAT, 17654','Narto','WARSIH','12','','1','',NULL,NULL,'Kp. Muara Tengah Rt. 002/011, Kel. SUKATENANG, Kec. SUKAWANGI, JAWA BARAT, 17654',NULL,NULL,NULL,NULL,'','','','',NULL,0,'0','0','',NULL,NULL,NULL,'2022-07-18',9,NULL,NULL,NULL,'Uk82UFRXalRPb1lSSEU3TlA2RldjQT09OmJUUmtjalJ6TkdoaU1YTTBaREJ1T1E9PQ','Z2RvYkZ1cFBObVVsM2N1Nkl5TjA0OCtXYWFCcFRzY3hscUdDTGhVUy83cUpqMEIvTzdnOUJub0xQbWcrSnMrNzpiVFJrY2pSek5HaGlNWE0wWkRCdU9RPT0'),(3017156000062,'220003','Ih+z4sEIloBA412d4eqe4Q==','wRkBRMt4Uoq+923q46yUOg==','11',2024200000000000002,'P','BEKASI','2010-06-09','FX4YkBT4gVWhSf3icXUjtw==:bTRkcjRzNGhiMXM0ZDBuOQ==','WFRpeFVlRXcyTU9kSDM2VEVmdUpidz09OmJUUmtjalJ6TkdoaU1YTTBaREJ1T1E9PQ',NULL,NULL,NULL,NULL,NULL,NULL,'1',NULL,'Kp. Muara Tengah Rt. 001/011, Kel. SUKATENANG, Kec. SUKAWANGI, JAWA BARAT, 17654','SARKUM','FITRI','7','','1','',NULL,NULL,'Kp. Muara Tengah Rt. 001/011, Kel. SUKATENANG, Kec. SUKAWANGI, JAWA BARAT, 17654',NULL,NULL,NULL,NULL,'','','','',NULL,0,'0','0','','0',NULL,NULL,'2022-07-18',9,NULL,NULL,NULL,'YXl5MXdJVzd4QXRRTzJBYmp6NUhSUT09OmJUUmtjalJ6TkdoaU1YTTBaREJ1T1E9PQ','UHVLVC9uYXJRcENHcHI0TUVuUnFDUjl1UWswRlNEb1pCcGhZVGFULzZIN1ZWd1RHaWtZYkFYZFgzUVU1TFFSUDpiVFJrY2pSek5HaGlNWE0wWkRCdU9RPT0'),(3017156000063,'220005','WVFkIHxKqoE3WbQLPoYPTw==','wLsLSGqAl2SEObfhs1/xeOsZXbgpAgegio6tDUbbv8U=','9',2022100000000000001,'L','BEKASI','2010-05-25','9VZn+/EViYXIyyhSp0EX7g==:bTRkcjRzNGhiMXM0ZDBuOQ==','WFRpeFVlRXcyTU9kSDM2VEVmdUpidz09OmJUUmtjalJ6TkdoaU1YTTBaREJ1T1E9PQ',NULL,NULL,NULL,NULL,NULL,NULL,'1',NULL,'Kp. Muara Tengah Rt. 002/010 Ds. Sukatenang, Kel. SUKATENANG, Kec. SUKAWANGI, JAWA BARAT, 17620','H.Ustdz ISMAIL HASAN','Hj.AMSANIH','05','','18','',NULL,NULL,'Kp. Muara Tengah Rt. 002/010 Ds. Sukatenang, Kel. SUKATENANG, Kec. SUKAWANGI, JAWA BARAT, 17620',NULL,NULL,NULL,NULL,'','','','',NULL,0,'0','0','','6285891814647',NULL,NULL,'2022-07-18',9,NULL,NULL,NULL,'MlVPbHgzcnJZYkttdlBhWGdlaEVMQT09OmJUUmtjalJ6TkdoaU1YTTBaREJ1T1E9PQ',''),(3017156000064,'220013','rmg+bMFnsrZFuS4X3Osdgw==','D6P29OurRL8OT00nD5XIWA==','11',2024200000000000002,'L','BANDUNG','2010-03-30','CCl0ZlmU6RRu230N6XAqUw==:bTRkcjRzNGhiMXM0ZDBuOQ==','WFRpeFVlRXcyTU9kSDM2VEVmdUpidz09OmJUUmtjalJ6TkdoaU1YTTBaREJ1T1E9PQ',NULL,NULL,NULL,NULL,NULL,NULL,NULL,NULL,'Kp. Utan Soga Rt. 015/006, Kel. SINDANGJAYA, Kec. CABANGBUNGIN, JAWA BARAT, 17720','Hukmul Ulum','SRI MULYATI','6','','5','',NULL,NULL,'Kp. Utan Soga Rt. 015/006, Kel. SINDANGJAYA, Kec. CABANGBUNGIN, JAWA BARAT, 17720',NULL,NULL,NULL,NULL,NULL,NULL,'',NULL,NULL,0,NULL,NULL,NULL,NULL,NULL,NULL,'2022-07-17',NULL,NULL,NULL,NULL,'UEdRTHlKVUpYOHBObU45R0UzLy9jZz09OmJUUmtjalJ6TkdoaU1YTTBaREJ1T1E9PQ','eE5SSW1mZmxORllacEZ1NmFCRVhQaEs4T3VROHhLMldCb1ZLM01oQmNudVhrSVZFVTN2MVJEOXJBcjlVVkgvOTpiVFJrY2pSek5HaGlNWE0wWkRCdU9RPT0'),(3017156000065,'220010','yZrh+0ULSD2RWPnIQ/4vxQ==','KVDRR6MDqZ6XOIKb0vOiMA==','11',2024200000000000002,'P','BEKASI','2009-12-08','CfsxUUXjNw3MUXMImWfohQ==:bTRkcjRzNGhiMXM0ZDBuOQ==','WFRpeFVlRXcyTU9kSDM2VEVmdUpidz09OmJUUmtjalJ6TkdoaU1YTTBaREJ1T1E9PQ',NULL,NULL,NULL,NULL,NULL,NULL,'1',NULL,'Kp. Pondok Soga Rt. 001/012, Kel. SUKATENANG, Kec. SUKAWANGI, JAWA BARAT, 17654','Abd. Rohim','NURHATIKAH','7','','1','',NULL,NULL,'Kp. Pondok Soga Rt. 001/012, Kel. SUKATENANG, Kec. SUKAWANGI, JAWA BARAT, 17654',NULL,NULL,NULL,NULL,'','','','',NULL,0,'0','0','',NULL,NULL,NULL,'2022-07-18',9,NULL,NULL,NULL,'ZFQ5eXpSbTg4UkQ3T1BERUt3NmJwQT09OmJUUmtjalJ6TkdoaU1YTTBaREJ1T1E9PQ','L3pQcVBNMkFnUEVhVkVaanpydzc2NUlIdmtnZkZVM1k4NXVlZzdOeVBYU245MXZiS2ZCODNGWmtnL2hhQUFDcDpiVFJrY2pSek5HaGlNWE0wWkRCdU9RPT0'),(3017156000066,'220008','Hjt3a+2hF1mgBAeRSueAwA==','5Z8nnUJKtCtsu8m5tXoB8g==','11',2024200000000000002,'P','JAKARTA','2010-03-13','fcBaLvueUK2ePXW+pAO7Yw==:bTRkcjRzNGhiMXM0ZDBuOQ==','WFRpeFVlRXcyTU9kSDM2VEVmdUpidz09OmJUUmtjalJ6TkdoaU1YTTBaREJ1T1E9PQ',NULL,NULL,NULL,NULL,NULL,NULL,'1',NULL,'Kp. Muara Tengah Rt. 001/011, Kel. SUKATENANG, Kec. SUKAWANGI, JAWA BARAT, 17654','Edi Ibrahim','MANIH','6','','1','',NULL,NULL,'Kp. Muara Tengah Rt. 001/011, Kel. SUKATENANG, Kec. SUKAWANGI, JAWA BARAT, 17654',NULL,NULL,NULL,NULL,'','','','',NULL,0,'0','0','',NULL,NULL,NULL,'2022-07-18',9,NULL,NULL,NULL,'TVZIYUJmSDBZQkR3Q2VDL295UE4xdz09OmJUUmtjalJ6TkdoaU1YTTBaREJ1T1E9PQ','RHQyc214TUFqL2FpQm93UENMQ2RhZ2t0M3YzWFRQUUtsL01Fd0diQkZvWEs1S2phWWFEaWxKOHM2ZW5FamhEajpiVFJrY2pSek5HaGlNWE0wWkRCdU9RPT0'),(3017156000067,'220009','R7T36/7J3Pw15MNpg5l83Q==','sknmGiKKWuCp1ZI+HHt8ag==','9',2024100000000000001,'L','BEKASI','2007-11-14','MQdC7l+LIzxR6Jd5sLgLug==:bTRkcjRzNGhiMXM0ZDBuOQ==','WFRpeFVlRXcyTU9kSDM2VEVmdUpidz09OmJUUmtjalJ6TkdoaU1YTTBaREJ1T1E9PQ',NULL,NULL,NULL,NULL,NULL,NULL,NULL,NULL,'Kp. Muara Tengah RT. 001/RW. 011, Kel. SUKATENANG, Kec. SUKAWANGI, JAWA BARAT, 17654','ACIM','ALIFAH','12','','1','',NULL,NULL,'Kp. Muara Tengah RT. 001/RW. 011, Kel. SUKATENANG, Kec. SUKAWANGI, JAWA BARAT, 17654',NULL,NULL,NULL,NULL,NULL,NULL,'',NULL,NULL,0,NULL,NULL,NULL,NULL,NULL,NULL,'2022-07-18',NULL,'99',2024,1,'Q0VlNk9UcTFKNkZveGdsMFNyUUJNdz09OmJUUmtjalJ6TkdoaU1YTTBaREJ1T1E9PQ','ZHU0MEp1S3V5eXk5bWJ4bmxjWEJFbHV1RTB4c1JKc1RvNzdSNTQ1TW1seTluSUNuazhMZVhLb3VWR1dEV0tVSjpiVFJrY2pSek5HaGlNWE0wWkRCdU9RPT0'),(3017156000068,'220014','Cf3V7UNPEyZO1LPp/fKLFw==','D9O/dKHG9Hlx0Q/YkJDvfA==','10',2023100000000000002,'P','BEKASI','2005-06-15','0FOdTPqHaDIkITzp3bDijQ==:bTRkcjRzNGhiMXM0ZDBuOQ==','WFRpeFVlRXcyTU9kSDM2VEVmdUpidz09OmJUUmtjalJ6TkdoaU1YTTBaREJ1T1E9PQ',NULL,NULL,NULL,NULL,NULL,NULL,NULL,NULL,'Kp. Pondok Soga, Kel. SUKATENANG, Kec. SUKAWANGI, JAWA BARAT, 17654','Adnan','SOPINAH',NULL,'','1','',NULL,NULL,'Kp. Pondok Soga, Kel. SUKATENANG, Kec. SUKAWANGI, JAWA BARAT, 17654',NULL,NULL,NULL,NULL,NULL,NULL,'',NULL,NULL,0,NULL,NULL,NULL,NULL,NULL,NULL,'2022-07-17',NULL,'99',2023,1,'RHJXNkNzMUJGK0NSOFhlb3NBbzk5Zz09OmJUUmtjalJ6TkdoaU1YTTBaREJ1T1E9PQ','eHppZVJhV2dvWkx4N2NqSmJ1ZXhMN1ZkZngzMzU1bW1tU2E1dkRNOENtdXd6L0FUN1hObUtzYUxuQzVjNHdlYTpiVFJrY2pSek5HaGlNWE0wWkRCdU9RPT0'),(3017156000069,'220015','7KBfchHFxqFWYkNpK8iCog==','BxTSLDkaO8dTsMixBK6tSQ==','9',2024100000000000001,'L','BEKASI','2006-02-10','Ur15Sn9sXF7ROs7Zg/C2eg==:bTRkcjRzNGhiMXM0ZDBuOQ==','WFRpeFVlRXcyTU9kSDM2VEVmdUpidz09OmJUUmtjalJ6TkdoaU1YTTBaREJ1T1E9PQ',NULL,NULL,NULL,NULL,NULL,NULL,NULL,NULL,'Kp. Muara Tengah Rt. 001/011, Kel. SUKATENANG, Kec. SUKAWANGI, JAWA BARAT, 17654','Amas','KIMAH','1','','1','',NULL,NULL,'Kp. Muara Tengah Rt. 001/011, Kel. SUKATENANG, Kec. SUKAWANGI, JAWA BARAT, 17654',NULL,NULL,NULL,NULL,NULL,NULL,'',NULL,NULL,0,NULL,NULL,NULL,NULL,NULL,NULL,'2022-07-17',NULL,'99',2024,1,'NmlJa3ZBMkMrN1lRN3orQWpYNjdUUT09OmJUUmtjalJ6TkdoaU1YTTBaREJ1T1E9PQ','MUtqdjljV2VBRS9CUHk2bjJrSkd2T1NiQ2kzRDFnVWY1NWdxN2R4bDlhcVU4dGtJT2tvQnhXeUYyR1hmaUphZjpiVFJrY2pSek5HaGlNWE0wWkRCdU9RPT0'),(3017156000070,'220006','BqjE5GVvSEOJuGjNiOxhTA==','4m+X6fJJ7LFC9qZ1xFuuDtCKtJziCGBu5didPsp2DZw=','11',2024200000000000002,'L','BEKASI','2010-01-21','Liw5bOVoIi/NzCMHvoZ4qA==:bTRkcjRzNGhiMXM0ZDBuOQ==','WFRpeFVlRXcyTU9kSDM2VEVmdUpidz09OmJUUmtjalJ6TkdoaU1YTTBaREJ1T1E9PQ',NULL,NULL,NULL,NULL,NULL,NULL,NULL,NULL,'Kp. Muara Tengah Rt. 001/010, Kel. SUKATENANG, Kec. SUKAWANGI, JAWA BARAT, 17654','Yakub','MARIYAM','7','','1','',NULL,NULL,'Kp. Muara Tengah Rt. 001/010, Kel. SUKATENANG, Kec. SUKAWANGI, JAWA BARAT, 17654',NULL,NULL,NULL,NULL,NULL,NULL,'',NULL,NULL,0,NULL,NULL,NULL,NULL,NULL,NULL,'2022-07-18',NULL,NULL,NULL,NULL,'QjltSzh6WGQ1dXZZT3VOL0ErdDg0UT09OmJUUmtjalJ6TkdoaU1YTTBaREJ1T1E9PQ','R3FYeHlBajVXOHJSejRsd2s3QU5Nb0c1cTBPcXU0L1pWRThsL0ZOWG9Zb0FLT1FKMlVsczF3V2F3dVY3dzJFVzpiVFJrY2pSek5HaGlNWE0wWkRCdU9RPT0'),(3017156000071,'200013','rwh1ENhlb5M+HJVngPiw/w==','vmvyy3pf1UPC3HLunDnloIWfbEkXup0c3p+7y2XCH7Y=','11',2022200000000000002,'L','BEKASI','2008-02-20','8+c4fbuqyUQttqnSPfAJyQ==:bTRkcjRzNGhiMXM0ZDBuOQ==','WFRpeFVlRXcyTU9kSDM2VEVmdUpidz09OmJUUmtjalJ6TkdoaU1YTTBaREJ1T1E9PQ',NULL,NULL,NULL,NULL,NULL,NULL,NULL,NULL,'Kp. Muara Tengah RT. 002/RW. 010, Kel. SUKATENANG, Kec. SUKAWANGI, JAWA BARAT, 17654','ABD. ROHIM','TAYUNAH',NULL,'',NULL,'',NULL,NULL,'Kp. Muara Tengah RT. 002/RW. 010, Kel. SUKATENANG, Kec. SUKAWANGI, JAWA BARAT, 17654',NULL,NULL,NULL,NULL,NULL,NULL,'',NULL,NULL,0,NULL,NULL,NULL,NULL,NULL,NULL,'2020-07-13',NULL,'1',2022,1,'ZCtOWnlLMkNQSkZiUWMxYnBQNjNEZz09OmJUUmtjalJ6TkdoaU1YTTBaREJ1T1E9PQ',''),(3017156000072,'200026','UT+hOvuAOAKS1sQZWu+MlQ==','luqVyNE8C7ZGHLZF2ZCmElEqHX0FKTq7CbEoYuwfaOE=','11',2022200000000000002,'L','BANDUNG','2007-10-27','JoebhBRMjBCUgLn5iJv3bA==:bTRkcjRzNGhiMXM0ZDBuOQ==','WFRpeFVlRXcyTU9kSDM2VEVmdUpidz09OmJUUmtjalJ6TkdoaU1YTTBaREJ1T1E9PQ',NULL,NULL,NULL,NULL,NULL,NULL,NULL,NULL,'Kp. Muara Tengah Rt. 002/010, Kel. SUKATENANG, Kec. SUKAWANGI, JAWA BARAT, 17654','Hukmul Ulum','SRI MULYATI',NULL,'',NULL,'',NULL,NULL,'Kp. Muara Tengah Rt. 002/010, Kel. SUKATENANG, Kec. SUKAWANGI, JAWA BARAT, 17654',NULL,NULL,NULL,NULL,NULL,NULL,'',NULL,NULL,0,NULL,NULL,NULL,NULL,NULL,NULL,NULL,NULL,'1',2022,1,'SkwvWllxdzNuVmRvNmM4QkRweFBrUT09OmJUUmtjalJ6TkdoaU1YTTBaREJ1T1E9PQ',''),(3017156000073,'200021','2HLR8mfex47pYuIVeWrUpQ==','3sxXloxfG+oqBLgPGzoYXcfnxS2g59NomIaPu27FqrA=','11',2022200000000000002,'L','BEKASI','2007-04-06','uhDSJLrCaVTCzzrfi/7uUg==:bTRkcjRzNGhiMXM0ZDBuOQ==','WFRpeFVlRXcyTU9kSDM2VEVmdUpidz09OmJUUmtjalJ6TkdoaU1YTTBaREJ1T1E9PQ',NULL,NULL,NULL,NULL,NULL,NULL,NULL,NULL,'Kp. Muara Tengah, Kel. SUKATENANG, Kec. SUKAWANGI, JAWA BARAT, 17654','Sri Hartoyo','RINI','7','','18','',NULL,NULL,'Kp. Muara Tengah, Kel. SUKATENANG, Kec. SUKAWANGI, JAWA BARAT, 17654',NULL,NULL,NULL,NULL,NULL,NULL,'',NULL,NULL,0,NULL,NULL,NULL,NULL,NULL,NULL,'2020-07-15',NULL,'1',2022,1,'R0F6WGtYVmh5dno2NzhJdDZEVlNWQT09OmJUUmtjalJ6TkdoaU1YTTBaREJ1T1E9PQ','dXg0L2FDZ1BSbEJyZ0xBdzA4cTBtbWp2d3hEZ282S2d0ajBOMWRqTzloN044bzl3UElldjZKd0dSSE5FWkZsajpiVFJrY2pSek5HaGlNWE0wWkRCdU9RPT0'),(3017156000074,'200024','54HISAgIc50caYL3fq9wYg==','ADb0ZlN71wUe2eabcaZe5A==','11',2022200000000000002,'L','BEKASI','2005-04-30','GuUkEaqOYG+ivdGtEUaIZw==:bTRkcjRzNGhiMXM0ZDBuOQ==','WFRpeFVlRXcyTU9kSDM2VEVmdUpidz09OmJUUmtjalJ6TkdoaU1YTTBaREJ1T1E9PQ',NULL,NULL,NULL,NULL,NULL,NULL,NULL,NULL,'Kp. Muara Tengah Rt. 002/010, Kel. SUKATENANG, Kec. SUKAWANGI, JAWA BARAT, 17654','Akrom Hasani','Nur Saadah',NULL,'',NULL,'',NULL,NULL,'Kp. Muara Tengah Rt. 002/010, Kel. SUKATENANG, Kec. SUKAWANGI, JAWA BARAT, 17654',NULL,NULL,NULL,NULL,NULL,NULL,'',NULL,NULL,0,NULL,NULL,NULL,NULL,NULL,NULL,'2022-09-27',NULL,'1',2022,1,'dWNwM3BGak9FT3h0MnpqQ0FWK29qUT09OmJUUmtjalJ6TkdoaU1YTTBaREJ1T1E9PQ',''),(3017156000075,'200023','qGAaizsHfR+0zYfyx6+HIQ==','G8mzYs2A4ZMSHBKembBLCg==','11',2022200000000000002,'L','BEKASI','2007-11-03','BAhJV1+wE8ck2pVs7ppTiA==:bTRkcjRzNGhiMXM0ZDBuOQ==','WFRpeFVlRXcyTU9kSDM2VEVmdUpidz09OmJUUmtjalJ6TkdoaU1YTTBaREJ1T1E9PQ',NULL,NULL,NULL,NULL,NULL,NULL,NULL,NULL,'Kp. Muara Tengah Rt. 002/010, Kel. SUKATENANG, Kec. SUKAWANGI, JAWA BARAT, 17654','Akrom Hasani','Nur Saadah',NULL,'',NULL,'',NULL,NULL,'Kp. Muara Tengah Rt. 002/010, Kel. SUKATENANG, Kec. SUKAWANGI, JAWA BARAT, 17654',NULL,NULL,NULL,NULL,NULL,NULL,'',NULL,NULL,0,NULL,NULL,NULL,NULL,NULL,NULL,'2022-09-27',NULL,'1',2022,1,'c3A1OFB0dVVaSUdoZG1JZFNodEdJZz09OmJUUmtjalJ6TkdoaU1YTTBaREJ1T1E9PQ',''),(3017156000076,'200022','g1EYSFs7se85tBb88LVxVw==','bfjNlPZp+L47kbyR7zt9mQ==','11',2022200000000000002,'L','BEKASI','2004-11-23','HKLJoO+chL9CQbXk3GoyQg==:bTRkcjRzNGhiMXM0ZDBuOQ==','WFRpeFVlRXcyTU9kSDM2VEVmdUpidz09OmJUUmtjalJ6TkdoaU1YTTBaREJ1T1E9PQ',NULL,NULL,NULL,NULL,NULL,NULL,NULL,NULL,'Kp. Penombo, Kel. PANTAI HARAPANJAYA, Kec. MUARAGEMBONG, JAWA BARAT, 17730','Karyanto danutirto','MULYANTIKA','18','','18','',NULL,NULL,'Kp. Penombo, Kel. PANTAI HARAPANJAYA, Kec. MUARAGEMBONG, JAWA BARAT, 17730',NULL,NULL,NULL,NULL,NULL,NULL,'',NULL,NULL,0,NULL,NULL,NULL,NULL,NULL,NULL,'2020-07-15',NULL,'1',2022,1,'SmVyckpWMU1VUWZZRnRoakRGbVlhUT09OmJUUmtjalJ6TkdoaU1YTTBaREJ1T1E9PQ','MklkNlczSGZZK3doakMxRmNGL1Zqd2tBOFFxdTd1M0tZZjdBTU9ONXBSbkxaVkw1bEhQVGp3R0JxNzJQQTd1bjpiVFJrY2pSek5HaGlNWE0wWkRCdU9RPT0'),(3017156000077,'200025','VI9/UbmkJuUK0fMTiPbqmg==','GdQViNkqKK8w3AihG3X/7HtpxEKsbRK+TBBVAHqqsMk=','11',2022200000000000002,'L','BANDUNG','2007-10-27','qyyM5C2BHKZ5+nBee9ZK7g==:bTRkcjRzNGhiMXM0ZDBuOQ==','WFRpeFVlRXcyTU9kSDM2VEVmdUpidz09OmJUUmtjalJ6TkdoaU1YTTBaREJ1T1E9PQ',NULL,NULL,NULL,NULL,NULL,NULL,NULL,NULL,'Kp. Muara Tengah, Kel. SUKATENANG, Kec. SUKAWANGI, JAWA BARAT, 17654','Hukmul Ulum','SRI MULYATI',NULL,'',NULL,'',NULL,NULL,'Kp. Muara Tengah, Kel. SUKATENANG, Kec. SUKAWANGI, JAWA BARAT, 17654',NULL,NULL,NULL,NULL,NULL,NULL,'',NULL,NULL,0,NULL,NULL,NULL,NULL,NULL,NULL,NULL,NULL,'1',2022,1,'cHBtSzgrOEliRHQwMFBESmVFVHhzZz09OmJUUmtjalJ6TkdoaU1YTTBaREJ1T1E9PQ',''),(3017156000078,'210019','kxlxaFirugDiQo45O05m4g==','7dLTwVwZCxP47xmJPrITwA==','10',2023100000000000003,'P','BEKASI','2010-03-07','h/qztp1fAdGpucGZhr6FWw==:bTRkcjRzNGhiMXM0ZDBuOQ==','WFRpeFVlRXcyTU9kSDM2VEVmdUpidz09OmJUUmtjalJ6TkdoaU1YTTBaREJ1T1E9PQ',NULL,NULL,NULL,NULL,NULL,NULL,NULL,NULL,'KP. MUARA TENGAH RT. 002/011, Kel. SUKATENANG, Kec. SUKAWANGI, JAWA BARAT, 17654','UDIN SAPUTRA','NUR HALIMAH',NULL,'',NULL,'',NULL,NULL,'KP. MUARA TENGAH RT. 002/011, Kel. SUKATENANG, Kec. SUKAWANGI, JAWA BARAT, 17654',NULL,NULL,NULL,NULL,NULL,NULL,'',NULL,NULL,0,NULL,NULL,NULL,'',NULL,NULL,NULL,NULL,NULL,NULL,NULL,'OUxITTR3ZVJMcEtkUmVpakRZdlBsUT09OmJUUmtjalJ6TkdoaU1YTTBaREJ1T1E9PQ',''),(3017156000079,'160016','gQsuhw+TQrQcL//0f9uFXA==','Q+PCHepWrI7YdPglqGtRKg==','9',2024200000000000002,'L','JAKARTA','2009-07-12','YOG0GCP/MKOKIWv8g42lww==:bTRkcjRzNGhiMXM0ZDBuOQ==','WFRpeFVlRXcyTU9kSDM2VEVmdUpidz09OmJUUmtjalJ6TkdoaU1YTTBaREJ1T1E9PQ',NULL,NULL,NULL,NULL,NULL,NULL,'1',NULL,'KP. MUARA TENGAH, Kel. SUKATENANG, Kec. SUKAWANGI, JAWA BARAT, 17620','RAGIL YATNO WIBOWO','UROH','6','','6','',NULL,NULL,'KP. MUARA TENGAH, Kel. SUKATENANG, Kec. SUKAWANGI, JAWA BARAT, 17620',NULL,NULL,NULL,NULL,'RAGIL YANTO WIBOWO','12','','Kp',NULL,0,'0','2','MIS At-Taqwa 23','0',NULL,NULL,'2022-07-06',9,NULL,NULL,NULL,'QkE2TlJ0c2NHYlcyRi9WUjBScTZmdz09OmJUUmtjalJ6TkdoaU1YTTBaREJ1T1E9PQ','U0xSZEVJWkNmb0JMYkZ6RzlES3hFaXBFWU9zSHdvM1F6SFZBaTZyNzB6SUtLUE9qVXJScXVyRUxFVVhlRWhDQjpiVFJrY2pSek5HaGlNWE0wWkRCdU9RPT0'),(3017156000080,'230001','j8NZehcC1iqv7Q+Sy+WiXg==','prw0UfbysbK8KUwISeuoUrNck8B/92SpAtTTC6kCFcY=','11',2025200000000000003,'P','BEKASI','2010-09-21','ebJRF4Zh/5qemcnhj7hafg==:bTRkcjRzNGhiMXM0ZDBuOQ==','WFRpeFVlRXcyTU9kSDM2VEVmdUpidz09OmJUUmtjalJ6TkdoaU1YTTBaREJ1T1E9PQ',NULL,NULL,NULL,NULL,NULL,NULL,NULL,NULL,'Kp. Muara Tengah, Kel. SUKATENANG, Kec. SUKAWANGI, JAWA BARAT, 17620','Mahmud Bahtiar','NUR FADILAH','7','','18','',NULL,NULL,'Kp. Muara Tengah, Kel. SUKATENANG, Kec. SUKAWANGI, JAWA BARAT, 17620',NULL,NULL,NULL,NULL,NULL,NULL,'',NULL,NULL,0,NULL,NULL,NULL,'0',NULL,NULL,'2023-07-17',NULL,NULL,NULL,NULL,'UVphdXdoNFp3YytJYi8xMld2OGdIQT09OmJUUmtjalJ6TkdoaU1YTTBaREJ1T1E9PQ','eVNpeDFLdTdqRHd1NzFWNGx0dE9kTi95ZGh1dGlwLzBrakF3NitEbTFCa0xia3ZJMm0wTlRndWw5UUc2LzJobDpiVFJrY2pSek5HaGlNWE0wWkRCdU9RPT0'),(3017156000081,'230002','/6IX+GEsHNP4w23WHEPAQQ==','RVeCK9vhUZ2eWtUbTUXlaw==','11',2025200000000000003,'L','BEKASI','2010-10-10','Hk66ZERNc+PKp78MRjoZew==:bTRkcjRzNGhiMXM0ZDBuOQ==','WFRpeFVlRXcyTU9kSDM2VEVmdUpidz09OmJUUmtjalJ6TkdoaU1YTTBaREJ1T1E9PQ',NULL,NULL,NULL,NULL,NULL,NULL,NULL,NULL,'Kp. Muara Tengah, Kel. SUKATENANG, Kec. SUKAWANGI, JAWA BARAT, 17654','Jaya','ROHAYA','18','','1','',NULL,NULL,'Kp. Muara Tengah, Kel. SUKATENANG, Kec. SUKAWANGI, JAWA BARAT, 17654',NULL,NULL,NULL,NULL,NULL,NULL,'',NULL,NULL,0,NULL,NULL,NULL,'',NULL,NULL,'2023-07-17',NULL,NULL,NULL,NULL,'R0pXMnhqRnkxdHFHYnFWMmh6dWk4QT09OmJUUmtjalJ6TkdoaU1YTTBaREJ1T1E9PQ','TGlUUmZnVEpORTJONGF1UjM1WUdIUytpdlgxcHdzWG45YkJhQXlQNWlUZ2lBTWh2Ulc4WjVtYmVzNFV3RW14bDpiVFJrY2pSek5HaGlNWE0wWkRCdU9RPT0'),(3017156000082,'230003','f8YVGSPKox2m9k2APe41RA==','6WnPz2hbybf0KpaO1xLzsll2gJu5Sn6PW9m3PxN46ws=','11',2025200000000000003,'L','BEKASI','2011-04-05','N2+HSLUQd95zVyjEG2ihYw==:bTRkcjRzNGhiMXM0ZDBuOQ==','WFRpeFVlRXcyTU9kSDM2VEVmdUpidz09OmJUUmtjalJ6TkdoaU1YTTBaREJ1T1E9PQ',NULL,NULL,NULL,NULL,NULL,NULL,NULL,NULL,'Kp. Muara Tengah, Kel. SUKATENANG, Kec. SUKAWANGI, JAWA BARAT, 17654','ANIS FUAD','ROSADAH','7','','1','',NULL,NULL,'Kp. Muara Tengah, Kel. SUKATENANG, Kec. SUKAWANGI, JAWA BARAT, 17654',NULL,NULL,NULL,NULL,NULL,NULL,'',NULL,NULL,0,NULL,NULL,NULL,'0',NULL,NULL,'2023-07-17',NULL,NULL,NULL,NULL,'OGJPY04ydHJ2MFR3VmY1aUxwLzhKQT09OmJUUmtjalJ6TkdoaU1YTTBaREJ1T1E9PQ','K0lGM1graGk2c1JVQkF3WURJWTkvaHJJeGYxQlprWVNTdk1wMGpGQ0JWaUJwSmtkNlhHVitUMmVLTUVIbDR6MzpiVFJrY2pSek5HaGlNWE0wWkRCdU9RPT0'),(3017156000083,'230004','13dPcbcrngiV5g4upbaHeQ==','q1o992b1z8pCA3uJPoRbyg==','11',2025200000000000003,'L','BEKASI','2011-03-25','/+BbQ6UZZwqhPHcHjZEaQw==:bTRkcjRzNGhiMXM0ZDBuOQ==','WFRpeFVlRXcyTU9kSDM2VEVmdUpidz09OmJUUmtjalJ6TkdoaU1YTTBaREJ1T1E9PQ',NULL,NULL,NULL,NULL,NULL,NULL,NULL,NULL,'Kp. Muara Tengah, Kel. SUKATENANG, Kec. SUKAWANGI, JAWA BARAT, 17654','Tibih','MASPUROH','12','','18','',NULL,NULL,'Kp. Muara Tengah, Kel. SUKATENANG, Kec. SUKAWANGI, JAWA BARAT, 17654',NULL,NULL,NULL,NULL,NULL,NULL,'',NULL,NULL,0,NULL,NULL,NULL,'',NULL,NULL,'2023-07-17',NULL,NULL,NULL,NULL,'MktaUnI4b1ppdDlJNm9NbFg5QlBYUT09OmJUUmtjalJ6TkdoaU1YTTBaREJ1T1E9PQ','WFVsbE1HY1ppblNKbDV3WHBHbXBpUmRTVVJ0QmRnbHM1VnNOcFJrSDBhMEo4S2xpV1d5WjBHcDIzZ1RPUklBdjpiVFJrY2pSek5HaGlNWE0wWkRCdU9RPT0'),(3017156000084,'230005','bGsR0WGq6B9cUw7TA+ogYw==','tOk5t+0H4/su8qWlfPql31eN9ZFND4hau2x5RWYcp+Y=','11',2025200000000000003,'P','BEKASI','2010-08-04','FZxWsuykvQLTyq6ANvUOfw==:bTRkcjRzNGhiMXM0ZDBuOQ==','WFRpeFVlRXcyTU9kSDM2VEVmdUpidz09OmJUUmtjalJ6TkdoaU1YTTBaREJ1T1E9PQ',NULL,NULL,NULL,NULL,NULL,NULL,NULL,NULL,'Kp. Muara Tengah RT. 002 Rw. 010, Kec. SUKAWANGI, JAWA BARAT, 17620','MUR NAIH','NUR HALIMAH','7','','1','',NULL,NULL,'Kp. Muara Tengah RT. 002 Rw. 010, Kec. SUKAWANGI, JAWA BARAT, 17620',NULL,NULL,NULL,NULL,NULL,NULL,'',NULL,NULL,0,NULL,NULL,NULL,'0',NULL,NULL,'2023-07-17',NULL,NULL,NULL,NULL,'VTNkL0tiK0ZYRE5rN3BUVmxuQ25ZUT09OmJUUmtjalJ6TkdoaU1YTTBaREJ1T1E9PQ','bllwU1cvUXJPNFcyUDdoUXZWT2tHMXpHQnkvOXBvUE9mYWs3TGNYb0k0QThmbmkrcmcxR0E5Und1aVNacnQ2bjpiVFJrY2pSek5HaGlNWE0wWkRCdU9RPT0'),(3017156000085,'230006','/kzqlusmPKKfz48mdx5j8Q==','hFk3dLGNoFkJN8DdA7FctQ==','11',2025200000000000003,'P','BEKASI','2011-02-04','MxivhcpLwtNjMt3AwPucZA==:bTRkcjRzNGhiMXM0ZDBuOQ==','WFRpeFVlRXcyTU9kSDM2VEVmdUpidz09OmJUUmtjalJ6TkdoaU1YTTBaREJ1T1E9PQ',NULL,NULL,NULL,NULL,NULL,NULL,NULL,NULL,'Kp. Pendayakan, Kel. MUARABAKTI, Kec. BABELAN, JAWA BARAT, 17620','Robah','IIS','12','','18','',NULL,NULL,'Kp. Pendayakan, Kel. MUARABAKTI, Kec. BABELAN, JAWA BARAT, 17620',NULL,NULL,NULL,NULL,NULL,NULL,'',NULL,NULL,0,NULL,NULL,NULL,'',NULL,NULL,'2023-10-11',NULL,NULL,NULL,NULL,'Qnkzbll6U0FTcWxIS1ZKZ0x3OWRVQT09OmJUUmtjalJ6TkdoaU1YTTBaREJ1T1E9PQ','YWJZb3Mwb1lJSnpySzhjUUp6RVBYckJHR1A2RU9wQXl3V09IelpxdmtQVVUrdjdxNmxWSHpNc2Joc3JDcm5wNjpiVFJrY2pSek5HaGlNWE0wWkRCdU9RPT0'),(3017156000086,'230007','0YrOVkaAdBmXf6xjUz/Q6A==','uZ/DY0wgDuv5IRYUhAQo3t1QnkqDObQcrQ/oIHxl16I=','11',2025200000000000003,'L','BEKASI','2011-03-31','+oTT25NqZE1bWMPye+jZww==:bTRkcjRzNGhiMXM0ZDBuOQ==','WFRpeFVlRXcyTU9kSDM2VEVmdUpidz09OmJUUmtjalJ6TkdoaU1YTTBaREJ1T1E9PQ',NULL,NULL,NULL,NULL,NULL,NULL,NULL,NULL,'Kp. Muara Tengah, Kel. SUKATENANG, Kec. SUKAWANGI, JAWA BARAT, 17654','ADI SAPUTRA','NAWIYAH','7','','1','',NULL,NULL,'Kp. Muara Tengah, Kel. SUKATENANG, Kec. SUKAWANGI, JAWA BARAT, 17654',NULL,NULL,NULL,NULL,NULL,NULL,'',NULL,NULL,0,NULL,NULL,NULL,'0',NULL,NULL,'2023-07-17',NULL,NULL,NULL,NULL,'VCt6NERmcnlQZjBOVGcrZTNZYUNGZz09OmJUUmtjalJ6TkdoaU1YTTBaREJ1T1E9PQ','N0F5Wks2RTc1V01LWE5rVlNqVlpvR0VuekRLaHR6Qmp2T3R0eS9CUllIc3VHd1FrSDJPd2lrRFg3Y0NXaGtjVjpiVFJrY2pSek5HaGlNWE0wWkRCdU9RPT0'),(3017156000087,'230008','Kd3uOX6AJ4dfI7jFR43Hmg==','FPtKslPTNBZIUBcVXPg1rA==','11',2025200000000000003,'P','JAKARTA','2010-08-01','YDy2poFKHTV7/kHZ4sx7Xg==:bTRkcjRzNGhiMXM0ZDBuOQ==','WFRpeFVlRXcyTU9kSDM2VEVmdUpidz09OmJUUmtjalJ6TkdoaU1YTTBaREJ1T1E9PQ',NULL,NULL,NULL,NULL,NULL,NULL,'1',NULL,'KP. MUARA TENGAH, Kel. SUKATENANG, Kec. SUKAWANGI, JAWA BARAT, 17620','Muhammad Rois','RIFDATIN UNAS ASHOL','6','','18','',NULL,NULL,'KP. MUARA TENGAH, Kel. SUKATENANG, Kec. SUKAWANGI, JAWA BARAT, 17620',NULL,NULL,NULL,NULL,'Muhammad Rois','06','','Kp. Sawah Baru no 16 Rawa Badak Utara Koja',NULL,0,'0','1','SDS AISYIYAH','',NULL,NULL,'2023-07-17',9,NULL,NULL,NULL,'c2wwdTRkSzRKNWJYd2Jobk9mcEdkQT09OmJUUmtjalJ6TkdoaU1YTTBaREJ1T1E9PQ','ankzQ1l3cWdObmRNcjAzL3NGZ3NyT0cyRjFzMmxZcStHUXRibEhkU1AzQnpaUnRRQUQ3bTFSTDBRaDErUFZVZzpiVFJrY2pSek5HaGlNWE0wWkRCdU9RPT0'),(3017156000088,'230009','fpX4ChUIMJMFjHzfdNFOuQ==','nttxGszsuUrMUHmy+Rga1ygsjm0gzRNBmqFlcHoBdU8=','11',2025200000000000003,'P','JAKARTA','2011-04-05','n0SFeHh+b5qZMNPBegCc5g==:bTRkcjRzNGhiMXM0ZDBuOQ==','WFRpeFVlRXcyTU9kSDM2VEVmdUpidz09OmJUUmtjalJ6TkdoaU1YTTBaREJ1T1E9PQ',NULL,NULL,NULL,NULL,NULL,NULL,'1',NULL,'KP. MUARA TENGAH, Kel. SUKATENANG, Kec. SUKAWANGI, JAWA BARAT, 17620','BURHAN SUPTIYANTO','LEGITA LESADI','18','','6','',NULL,NULL,'KP. MUARA TENGAH, Kel. SUKATENANG, Kec. SUKAWANGI, JAWA BARAT, 17620',NULL,NULL,NULL,NULL,'SUWONDO','04','','Jl. Sunter Jaya VII A No. 8',NULL,0,'0','1','','0',NULL,NULL,'2023-07-17',9,NULL,NULL,NULL,'c1gxZkMyNlZ1Nmp1S2dlTnZ6Mms0dz09OmJUUmtjalJ6TkdoaU1YTTBaREJ1T1E9PQ','Q1E3WkJud2Z3clozUUFQczNRMEx5QW5LOWRWMkkrVlZsNlFuQi9DWGNzTnlrbVVnNkpjWWxPZnVxQ2MxVi85LzpiVFJrY2pSek5HaGlNWE0wWkRCdU9RPT0'),(3017156000089,'230010','faZycObjVos3GlrShvkUoQ==','5XLvO8f6HRlspfBot4iPMQ==','11',2025200000000000003,'L','BEKASI','2010-04-18','yS1JNGXKH4ffva5etQaySw==:bTRkcjRzNGhiMXM0ZDBuOQ==','WFRpeFVlRXcyTU9kSDM2VEVmdUpidz09OmJUUmtjalJ6TkdoaU1YTTBaREJ1T1E9PQ',NULL,NULL,NULL,NULL,NULL,NULL,NULL,NULL,'Kp. Muara Tengah, Kel. SUKATENANG, Kec. SUKAWANGI, JAWA BARAT, 17654','KAHFI','NARSIH','12','','1','',NULL,NULL,'Kp. Muara Tengah, Kel. SUKATENANG, Kec. SUKAWANGI, JAWA BARAT, 17654',NULL,NULL,NULL,NULL,NULL,NULL,'',NULL,NULL,0,NULL,NULL,NULL,'0',NULL,NULL,'2023-07-17',NULL,NULL,NULL,NULL,'cGM0amFrU3pwY01lbVVmblRBU2NDdz09OmJUUmtjalJ6TkdoaU1YTTBaREJ1T1E9PQ','KzhoNkkyMmdwV3h1dnFVTjJJMUNWc1crN0xTQUxYYjU5Y3hkL3FoQWN3c1B6V3lSV0FXRnl4Ty90cnNyVGdKeTpiVFJrY2pSek5HaGlNWE0wWkRCdU9RPT0'),(3017156000090,'230011','5+niJKNquEPjZSAvP2yhmQ==','7mTuFKUPH+qf6esd+FeERjsqm45wgRJHZ+naGJyMhSQ=','10',2024200000000000001,'P','PEKANBARU','2010-11-21','WIjWra2OWPQcHJfGCA+mwQ==:bTRkcjRzNGhiMXM0ZDBuOQ==','WFRpeFVlRXcyTU9kSDM2VEVmdUpidz09OmJUUmtjalJ6TkdoaU1YTTBaREJ1T1E9PQ',NULL,NULL,NULL,NULL,NULL,NULL,'1',NULL,'KP. MUARA TENGAH, Kel. SUKATENANG, Kec. SUKAWANGI, JAWA BARAT, 17620','Mahyudin Yusdar','NINA YASTUTI WULANDARI','6','','3','',NULL,NULL,'KP. MUARA TENGAH, Kel. SUKATENANG, Kec. SUKAWANGI, JAWA BARAT, 17620',NULL,NULL,NULL,NULL,'MAHYUDIN YUSDAR','06','','Jl. Garuda Sakti Perm. Garuda Permai Blok G. 12 Airputih Tampan Kota Pekanbaru',NULL,0,'0','3','SD Muhammadiyah 019 Bangkinang Kota',NULL,NULL,NULL,'2023-07-17',9,'1',2024,1,'Q3lPTVRoSXpHamFNTjBJakpuc3o3UT09OmJUUmtjalJ6TkdoaU1YTTBaREJ1T1E9PQ','Ri95OW9qYlJVbEFtT2VwcHl3cmgyaGptL1dXR2MxeitNcEIxWHZFd2c4SmNnVUFFd01XV3JaL05hUWYyQWsrQzpiVFJrY2pSek5HaGlNWE0wWkRCdU9RPT0'),(3017156000091,'230012','tNB8M8h9PYPI/ixqPit+pw==','jLBHmHeIXossOGZVRw0m/M85f7Z3lKrY1NJyLLUbzR4=','10',2024200000000000001,'L','BEKASI','2011-02-25','jZPjXGBS5Rqf1fJYFjGXuw==:bTRkcjRzNGhiMXM0ZDBuOQ==','WFRpeFVlRXcyTU9kSDM2VEVmdUpidz09OmJUUmtjalJ6TkdoaU1YTTBaREJ1T1E9PQ',NULL,NULL,NULL,NULL,NULL,NULL,NULL,NULL,'Kp. Muara Tengah, Kel. SUKATENANG, Kec. SUKAWANGI, JAWA BARAT, 17620','IJOH JOHANDI','MIMI MURTIAH','7','','1','',NULL,NULL,'Kp. Muara Tengah, Kel. SUKATENANG, Kec. SUKAWANGI, JAWA BARAT, 17620',NULL,NULL,NULL,NULL,NULL,NULL,'',NULL,NULL,0,NULL,NULL,NULL,'0',NULL,NULL,'2023-07-17',NULL,'1',2024,2,'Qk1xS2loN2o1SE1FeEJTa09XOWR0Zz09OmJUUmtjalJ6TkdoaU1YTTBaREJ1T1E9PQ',''),(3017156000092,'230013','Dm1JhZtZZ5J8adxa4W+Lmw==','Ga9z7n/vG4KkZnA4GMMAuQ==','11',2025200000000000003,'L','BEKASI','2010-11-25','Pm4npdOUbkSDUQSfXtBy6A==:bTRkcjRzNGhiMXM0ZDBuOQ==','WFRpeFVlRXcyTU9kSDM2VEVmdUpidz09OmJUUmtjalJ6TkdoaU1YTTBaREJ1T1E9PQ',NULL,NULL,NULL,NULL,NULL,NULL,NULL,NULL,'Kp. Muara Tengah, Kel. SUKATENANG, Kec. SUKAWANGI, JAWA BARAT, 17620','MADALIH','MUTIAH','15','','5','',NULL,NULL,'Kp. Muara Tengah, Kel. SUKATENANG, Kec. SUKAWANGI, JAWA BARAT, 17620',NULL,NULL,NULL,NULL,NULL,NULL,'',NULL,NULL,0,NULL,NULL,NULL,'0',NULL,NULL,'2023-07-17',NULL,NULL,NULL,NULL,'RjFzbGROZ3A0cnZVajhjbjcvRXB5Zz09OmJUUmtjalJ6TkdoaU1YTTBaREJ1T1E9PQ','YXh2bjZYTEF2R2huYXNoajF5aUc0NTlveGtYdEFTVGRFcERJVFNwejRkMlVvRjFzMWpKbkxxVE9sTGliSDZGUTpiVFJrY2pSek5HaGlNWE0wWkRCdU9RPT0'),(3017156000093,'230014','dDISSvFtNwPHeaZdft1oWA==','Xo5oVv2/CRS5shCFUN6Z88aSzftePt1nM1Qo4N7JUDc=','10',2024200000000000001,'P','JAKARTA','2010-05-06','DqqVReYMvHdrchoDgTQmnA==:bTRkcjRzNGhiMXM0ZDBuOQ==','WFRpeFVlRXcyTU9kSDM2VEVmdUpidz09OmJUUmtjalJ6TkdoaU1YTTBaREJ1T1E9PQ',NULL,NULL,NULL,NULL,NULL,NULL,'1',NULL,'KP. MUARA TENGAH, Kel. SUKATENANG, Kec. SUKAWANGI, JAWA BARAT, 17620','Suherman','SITI KHUMAIROH','5','','5','',NULL,NULL,'KP. MUARA TENGAH, Kel. SUKATENANG, Kec. SUKAWANGI, JAWA BARAT, 17620',NULL,NULL,NULL,NULL,'SUHERMAN','05','','Jl. Jati No. 17 Rt. 001/006 Sungai Bambu Tanjung Priok Jakarta Utara',NULL,0,'0','1','',NULL,NULL,NULL,'2023-07-17',9,NULL,NULL,NULL,'ek4xTjNWZHlRRC9kdm5NQk0vanJJdz09OmJUUmtjalJ6TkdoaU1YTTBaREJ1T1E9PQ','UGFXQVl6RnVrSHpsVmtQanlueXIvZ3lCeHJoeUVjZFlybUlUZUhzTHBXWGUycExtMzUrVC9IL0lQMHROYXcwazpiVFJrY2pSek5HaGlNWE0wWkRCdU9RPT0'),(3017156000094,'170020','3Nwy/eIpkp+eDAp/44zUIQ==','7q79WjvmZCHZLofIZ+IknAK3cjkC1JbnOl57kY6rmnw=','11',2025200000000000003,'P','BEKASI','2011-01-25','//dQgU7oyyDEgZz7iTpigQ==:bTRkcjRzNGhiMXM0ZDBuOQ==','WFRpeFVlRXcyTU9kSDM2VEVmdUpidz09OmJUUmtjalJ6TkdoaU1YTTBaREJ1T1E9PQ',NULL,NULL,NULL,NULL,NULL,NULL,NULL,NULL,'Kp. Muara Tengah Rt. 001 Rw. 010, Kec. SUKAWANGI, JAWA BARAT, 17620','TISAN','NURSINAH','12','','1','',NULL,NULL,'Kp. Muara Tengah Rt. 001 Rw. 010, Kec. SUKAWANGI, JAWA BARAT, 17620',NULL,NULL,NULL,NULL,NULL,NULL,'',NULL,NULL,0,NULL,NULL,NULL,'0',NULL,NULL,'2023-07-17',NULL,NULL,NULL,NULL,'NkRzUzJEb0NSUUU2QTkwRS9melRrQT09OmJUUmtjalJ6TkdoaU1YTTBaREJ1T1E9PQ','eUx3MjlSVlI5aXkrN0EyTGJKbjJLRExocDE1VVBLNnp3a1VONzVJMU9VOGtnOHFtNVNOTll0KzdGWFBSekZUMzpiVFJrY2pSek5HaGlNWE0wWkRCdU9RPT0'),(3017156000095,'230017','jK7GoljghDPNo4ii17XcgA==','VZvbhBG79Oe4tnH4neL6sg==','9',2024100000000000001,'L','KWALA SIKASIM','2010-04-27','wA/lVg/lEFyngjNFBe7bWA==:bTRkcjRzNGhiMXM0ZDBuOQ==','WFRpeFVlRXcyTU9kSDM2VEVmdUpidz09OmJUUmtjalJ6TkdoaU1YTTBaREJ1T1E9PQ',NULL,NULL,NULL,NULL,NULL,NULL,NULL,NULL,'KP. TAPAK SERANG RT. 001/001 DS. SETIAJAYA KEC. CABANGBUNGIN KB. BEKASI, Kel. LENGGAHJAYA, Kec. CABANGBUNGIN, JAWA BARAT, 17720','ALI FANDI','SALMI','7','',NULL,'',NULL,NULL,'KP. TAPAK SERANG RT. 001/001 DS. SETIAJAYA KEC. CABANGBUNGIN KB. BEKASI, Kel. LENGGAHJAYA, Kec. CABANGBUNGIN, JAWA BARAT, 17720',NULL,NULL,NULL,NULL,NULL,NULL,'',NULL,NULL,0,NULL,NULL,NULL,NULL,NULL,NULL,'2023-08-24',NULL,'99',2024,1,'K1RTLzdSVHkyUEdvQTNaSzdON2dUZz09OmJUUmtjalJ6TkdoaU1YTTBaREJ1T1E9PQ','elp1SmRFRTFxd2FxdHg0Mkh0ckFxMGdZUVhXdlkwelBCVkFKaURuL2g5bk5kdXlXL0NhSzVmOXNZaVlSaHh3ZjpiVFJrY2pSek5HaGlNWE0wWkRCdU9RPT0'),(3017156000096,'220020','AWOfVSM2M7NjmKdpdwrt7A==','hq10DmkKCTn3vxCjFQVmZw==','11',2024200000000000002,'P','BEKASI','2010-01-29','BRXSrKjSKvDDrxHQa/k8AA==:bTRkcjRzNGhiMXM0ZDBuOQ==','WFRpeFVlRXcyTU9kSDM2VEVmdUpidz09OmJUUmtjalJ6TkdoaU1YTTBaREJ1T1E9PQ',NULL,NULL,NULL,NULL,NULL,NULL,NULL,NULL,'KP. MUARA TENGAH, Kel. SUKATENANG, Kec. SUKAWANGI, JAWA BARAT, 17620','WELLY YUDATARUNA, S.Pd.I','ICA SUHARTINI SP','7','','18','',NULL,NULL,'KP. MUARA TENGAH, Kel. SUKATENANG, Kec. SUKAWANGI, JAWA BARAT, 17620',NULL,NULL,NULL,NULL,NULL,NULL,'',NULL,NULL,0,NULL,NULL,NULL,NULL,NULL,NULL,'2023-08-24',NULL,NULL,NULL,NULL,'RXkrbFZuV3lTRHA1WjlDTTYzUFVXQT09OmJUUmtjalJ6TkdoaU1YTTBaREJ1T1E9PQ','Q2MzMjFWV2tEUTh0bEVVdFN3TE1LaWJoaUlJMG1Yb3FNODQ3cU42aVVrTUVpa0xaMXd2RnBtR1NOMnNQUG01aDpiVFJrY2pSek5HaGlNWE0wWkRCdU9RPT0'),(3017156000097,'230016','XkLrScpPJ+62fKWqD2fFOw==','8QgHnFA9xAY0Lc8oQ8dU291QnkqDObQcrQ/oIHxl16I=','11',2025200000000000003,'P','BEKASI','2011-08-24','zYWPbT2DOkSLCCczE8E+SA==:bTRkcjRzNGhiMXM0ZDBuOQ==','WFRpeFVlRXcyTU9kSDM2VEVmdUpidz09OmJUUmtjalJ6TkdoaU1YTTBaREJ1T1E9PQ',NULL,NULL,NULL,NULL,NULL,NULL,NULL,NULL,'Kp. Muara Tengah, Kel. SUKATENANG, Kec. SUKAWANGI, JAWA BARAT, 17620','SYAHRONI MADANIH ALIHAN','LILI NABILA','5','','1','',NULL,NULL,'Kp. Muara Tengah, Kel. SUKATENANG, Kec. SUKAWANGI, JAWA BARAT, 17620',NULL,NULL,NULL,NULL,NULL,NULL,'',NULL,NULL,0,NULL,NULL,NULL,'0',NULL,NULL,'2023-07-17',NULL,NULL,NULL,NULL,'WWlqU29XSnZZZU1Bb0NqY0kxdnpaQT09OmJUUmtjalJ6TkdoaU1YTTBaREJ1T1E9PQ','cHpabmVoc1VtNGZaR3ZheFQzOE1zOStYbVNtOUFjMGVRS0lERmdublhVWmFTcmhDZDZZV21FeVlRaDIwdkwwbDpiVFJrY2pSek5HaGlNWE0wWkRCdU9RPT0'),(3017156000098,'230020','ZEpxcQ8TDGbH8hJdEzE0qg==','NLyMxvTcmkjV6BYWuLZHES7v2NQ2xdtFrSHxOMsBDdU=','11',2025200000000000003,'P','JAKARTA','2011-05-08','hSoSyDQxTUvuvA1BsTeHpQ==:bTRkcjRzNGhiMXM0ZDBuOQ==','WFRpeFVlRXcyTU9kSDM2VEVmdUpidz09OmJUUmtjalJ6TkdoaU1YTTBaREJ1T1E9PQ',NULL,NULL,NULL,NULL,NULL,NULL,'1',NULL,'KP. MUARA TENGAH, Kel. SUKATENANG, Kec. SUKAWANGI, JAWA BARAT, 17620','AKHMAD SOLIKHIN','IRAMAYA SARI','4','','1','',NULL,NULL,'KP. MUARA TENGAH, Kel. SUKATENANG, Kec. SUKAWANGI, JAWA BARAT, 17620',NULL,NULL,NULL,NULL,'AKHMAD SOLIKHIN','04','','JL BARU CILINCING RT 013 RW 001, Kel. CILINCING, Kec. CILINCING, DAERAH KHUSUS IBUKOTA JAKARTA, 14120',NULL,0,'0','2','MIS At Taufiq','81299460377',NULL,NULL,'2023-09-29',9,NULL,NULL,NULL,'aWxNQkhlRUh1RFk3bVFxRWsvMGszUT09OmJUUmtjalJ6TkdoaU1YTTBaREJ1T1E9PQ','N2pGZUhiQnhwWWdaRFZqRUM5K1JlL0d6djZHK0VMM3FUWDVmOWZqSlJCcGdPdzRoc3lxcGlaNGZTR2FCa0dGczpiVFJrY2pSek5HaGlNWE0wWkRCdU9RPT0'),(3017156000099,'230018','FBVeUiHQ7mbG7PgivgTDRQ==','Kiscogt0LANSdAlRYPw2RFzqQhOk1OaTtSL3bHNxGzU=','11',2025200000000000003,'L','BEKASI','2010-09-20','XnuJzLBnlBf41Bcxuf/sJA==:bTRkcjRzNGhiMXM0ZDBuOQ==','WFRpeFVlRXcyTU9kSDM2VEVmdUpidz09OmJUUmtjalJ6TkdoaU1YTTBaREJ1T1E9PQ',NULL,NULL,NULL,NULL,NULL,NULL,NULL,NULL,'Kp. Muara Tengah Rt. 002 Rw. 010, Kec. SUKAWANGI, JAWA BARAT, 17620','SAIFUDIN','KHOFIFAH','7','','5','',NULL,NULL,'Kp. Muara Tengah Rt. 002 Rw. 010, Kec. SUKAWANGI, JAWA BARAT, 17620',NULL,NULL,NULL,NULL,NULL,NULL,'',NULL,NULL,0,NULL,NULL,NULL,'0',NULL,NULL,'2023-07-17',NULL,NULL,NULL,NULL,'VEZMOHMydWdmZlF5dDB1UTNtRWF2dz09OmJUUmtjalJ6TkdoaU1YTTBaREJ1T1E9PQ','RldCOVVjM3hETVdqbHVCODlLQWNMUEltVnFSRFRpbTBHZDJmbWVSaEdLdTVnaytFWDJqM3U3YWZSQ29VZzBldDpiVFJrY2pSek5HaGlNWE0wWkRCdU9RPT0'),(3017156000100,'230022','urPnjA3jHmgHcxjsKL6cbQ==','p2Ccg6pHhXYK7TkCSb4gV+Iytm67K425VTZOtHX1tOc=','9',2023100000000000001,'P','LUWUK RANGAS','2010-02-13','Ish8oYmmWRg13PiALJyRhA==:bTRkcjRzNGhiMXM0ZDBuOQ==','WFRpeFVlRXcyTU9kSDM2VEVmdUpidz09OmJUUmtjalJ6TkdoaU1YTTBaREJ1T1E9PQ',NULL,NULL,NULL,NULL,NULL,NULL,NULL,NULL,'Kp. Irian Rt. 001/007 Desa Kebalen Kec. Babelan, Kel. KEBALEN, Kec. BABELAN, JAWA BARAT, 17720','PURKON','RUME','7','',NULL,'',NULL,NULL,'Kp. Irian Rt. 001/007 Desa Kebalen Kec. Babelan, Kel. KEBALEN, Kec. BABELAN, JAWA BARAT, 17720',NULL,NULL,NULL,NULL,NULL,NULL,'',NULL,NULL,0,NULL,NULL,NULL,NULL,NULL,NULL,'2023-08-24',NULL,'99',2023,1,'cTMwc1BkWC9GU3dVSVA4WXJiUHpQUT09OmJUUmtjalJ6TkdoaU1YTTBaREJ1T1E9PQ','eGJlTVRrcjBneEJKZms2dzlGQnptUlQ1TC9UNFRqRHc5TUNXUkhaNXBJSVVGNkhyZjhZeDRVMVFPekVYd2o2RTpiVFJrY2pSek5HaGlNWE0wWkRCdU9RPT0'),(3017156000101,'230019','NQZaXZMl/x+SUDmlPckjlw==','dW7j0zt/aK96KzrZ9CcfuCKh+tCXVXKb0QVW/7I6fcY=','11',2025200000000000003,'P','JAKARTA','2011-07-31','JWPFv8BrlOeTT125sUshVA==:bTRkcjRzNGhiMXM0ZDBuOQ==','WFRpeFVlRXcyTU9kSDM2VEVmdUpidz09OmJUUmtjalJ6TkdoaU1YTTBaREJ1T1E9PQ',NULL,NULL,NULL,NULL,NULL,NULL,'1',NULL,'KP. MUARA TENGAH, Kel. SUKATENANG, Kec. SUKAWANGI, JAWA BARAT, 17620','Eko Susanto','TRI MAYANG AYU','15','','15','',NULL,NULL,'KP. MUARA TENGAH, Kel. SUKATENANG, Kec. SUKAWANGI, JAWA BARAT, 17620',NULL,NULL,NULL,NULL,'EKO SUSANTO','15','','Jl. Jati V C No. 7A Rt. 006/006 Sungai Bambu Tanjung Priok Jakarta Utara',NULL,0,'0','1','SDI Al Husna Jakarta','',NULL,NULL,'2023-07-17',9,NULL,NULL,NULL,'V2hyeC8yd1p4ZHpiQmpKRm5LdjJnZz09OmJUUmtjalJ6TkdoaU1YTTBaREJ1T1E9PQ','dFM5RWp4K3ZBaTdkMllSTTRmM0U4ZzlRUW9nckU4dFZJMGhJalhJV0hNV3U5RDZqbHhjN2c4NzZlckdlOXliUTpiVFJrY2pSek5HaGlNWE0wWkRCdU9RPT0'),(3017156000102,'220018','LrWIR9M8t/9r/4tj41vc+Q==','mNvDkRs6diOTdGRtvEYG1w==','11',2024200000000000002,'P','Bekasi','2010-02-11','wPtb6qwQnBI0SXUF4AfDgw==:bTRkcjRzNGhiMXM0ZDBuOQ==','WFRpeFVlRXcyTU9kSDM2VEVmdUpidz09OmJUUmtjalJ6TkdoaU1YTTBaREJ1T1E9PQ',NULL,NULL,NULL,NULL,NULL,NULL,'1',NULL,'Kp. Muara Tengah Rt. 002/011, Kel. SUKATENANG, Kec. SUKAWANGI, JAWA BARAT, 17654','Aswari','RUMYATI','7','','1','',NULL,NULL,'Kp. Muara Tengah Rt. 002/011, Kel. SUKATENANG, Kec. SUKAWANGI, JAWA BARAT, 17654',NULL,NULL,NULL,NULL,'Aswari','18','','Kp. Muara Tengah Rt. 002/011',NULL,0,'0','2','MIS Attaqwa 23',NULL,NULL,NULL,'2023-08-24',0,NULL,NULL,NULL,'YnFLekhLeEpKQ2ViTHYrLy9ZUzBzdz09OmJUUmtjalJ6TkdoaU1YTTBaREJ1T1E9PQ','aTNSM3Rtam80cXAxanh3dGJDcGNWVXR6NnV4QXYzaDZsUG9HdXU4c2Q0cmxnUDd4bkdFL1Avalc2QjE1STZ4WjpiVFJrY2pSek5HaGlNWE0wWkRCdU9RPT0'),(3017156000103,'240007','9PWO9hOzIsM0HjtVPSR2nw==','6WDRfNdR1GGJG7nr4Sn0OQ6m5ztn7MgNvs7rCmNG35A=','10',2025200000000000002,'L','BEKASI','2012-10-04','lxaBT+uv+Ta5lN5aFPR5Lw==:bTRkcjRzNGhiMXM0ZDBuOQ==','WFRpeFVlRXcyTU9kSDM2VEVmdUpidz09OmJUUmtjalJ6TkdoaU1YTTBaREJ1T1E9PQ',NULL,NULL,NULL,NULL,NULL,NULL,'1',NULL,'Kp. Muara Tengah, Kel. SUKATENANG, Kec. SUKAWANGI, JAWA BARAT, 17620','KARTA','MASITOH','7','','1','',NULL,NULL,'Kp. Muara Tengah, Kel. SUKATENANG, Kec. SUKAWANGI, JAWA BARAT, 17620',NULL,NULL,NULL,NULL,'KARTA','07','','Kp. Muara Tengah Rt. 002/010 Desa Sukatenang Kec. Sukawangi Kab. Bekasi Jawa Barat 17654',NULL,0,'0','2','MIS ATTAQWA 23','0',NULL,NULL,'2024-07-15',9,NULL,NULL,NULL,'ZU52UHBuWmNSYjJIWjl2dTlST1FVUT09OmJUUmtjalJ6TkdoaU1YTTBaREJ1T1E9PQ','OHNuZ3U2NjBWeEhOY1hKbmtiajlIeFpaUUxoVXY3VlRaaTBhaFkwbTZ3U2FYZXNzM2xtdk1IeEJLckViL3A0RjpiVFJrY2pSek5HaGlNWE0wWkRCdU9RPT0'),(3017156000104,'240014','GtLMmehn2Ur9rOmb2boE3Q==','8ywep/9SpWSCBl3qsnWDXoP1bvQvUtIEAr54/sGTQ50=','10',2025200000000000002,'L','BEKASI','2012-01-10','sT1p4jS0jl1gyfC9MZwhhQ==:bTRkcjRzNGhiMXM0ZDBuOQ==','WFRpeFVlRXcyTU9kSDM2VEVmdUpidz09OmJUUmtjalJ6TkdoaU1YTTBaREJ1T1E9PQ',NULL,NULL,NULL,NULL,NULL,NULL,'1',NULL,'Kp. Babakan, Kel. MUARABAKTI, Kec. BABELAN, JAWA BARAT, 17620','Ahmad Dasuki','DARNAH SEVTIA NINGRUM','5','','3','',NULL,NULL,'Kp. Babakan, Kel. MUARABAKTI, Kec. BABELAN, JAWA BARAT, 17620',NULL,NULL,NULL,NULL,'Ahmad Dasuki','05','','Kp. Babakan Rt. 004/002, Desa Muarabakti, Kec. Babelan, Kab. Bekasi-Jawa Barat, 17620',NULL,0,'0','1','SDN Muara Bakti 02',NULL,NULL,NULL,'2024-07-15',9,NULL,NULL,NULL,'amYwK2Z1SkJUY0htdTRTQy9UVXpZQT09OmJUUmtjalJ6TkdoaU1YTTBaREJ1T1E9PQ','cVdkNVNYUCtzVVAvMkVDOURlL0hZbW41MzMrUEI5NEV4U3FVM2JBTUJNOUIvdDJEaVdJeVhiOW5KaW9JeWQ1YTpiVFJrY2pSek5HaGlNWE0wWkRCdU9RPT0'),(3017156000105,'240001','6P8xZEvbK8DJKHLeFV7vrw==','p6vArwg+ic4jvF2qw4KxX5K9rc3o3g8lVZKEGN8Jx7E=','10',2025200000000000002,'P','BEKASI','2011-09-08','o+79yFV5ipIyrokzgVNMdQ==:bTRkcjRzNGhiMXM0ZDBuOQ==','WFRpeFVlRXcyTU9kSDM2VEVmdUpidz09OmJUUmtjalJ6TkdoaU1YTTBaREJ1T1E9PQ',NULL,NULL,NULL,NULL,NULL,NULL,'1',NULL,'Kp. Muara Tengah, Kel. SUKATENANG, Kec. SUKAWANGI, JAWA BARAT, 17620','M. TOHIR','NUR BAITI','6','','1','',NULL,NULL,'Kp. Muara Tengah, Kel. SUKATENANG, Kec. SUKAWANGI, JAWA BARAT, 17620',NULL,NULL,NULL,NULL,'M. Tohir','06','','Kp. Muara Tengah Rt. 002/010 Desa Sukatenang Kec. Sukawangi Kab. Bekasi-Jawa Barat 17654',NULL,0,'0','2','MIS ATTAQWA 23','0',NULL,NULL,'2024-07-15',9,NULL,NULL,NULL,'V3JVUitoemNJZ08wV1RHcEE2K29Idz09OmJUUmtjalJ6TkdoaU1YTTBaREJ1T1E9PQ','SUxiUzlRd0dRcEJRYTZqQmVMUXBtTm9IT2JQNVVPaythdU9LQjUzVlUybS9mOE8zcXBLUVMzWThFOW1reVNFdTpiVFJrY2pSek5HaGlNWE0wWkRCdU9RPT0'),(3017156000106,'240011','5E/ebkm9VTG0IejtnBPd4A==','z2ZaREaBOYBpjbqwNUIenw==','10',2025200000000000002,'P','BEKASI','2011-07-10','TzRIAXw5u95R2vgh4OQikg==:bTRkcjRzNGhiMXM0ZDBuOQ==','WFRpeFVlRXcyTU9kSDM2VEVmdUpidz09OmJUUmtjalJ6TkdoaU1YTTBaREJ1T1E9PQ',NULL,NULL,NULL,NULL,NULL,NULL,'1',NULL,'Kp. Muara Tengah, Kel. SUKATENANG, Kec. SUKAWANGI, JAWA BARAT, 17654','Rojalih','ANIMAH','7','','1','',NULL,NULL,'Kp. Muara Tengah, Kel. SUKATENANG, Kec. SUKAWANGI, JAWA BARAT, 17654',NULL,NULL,NULL,NULL,'Rojalih','07','','Kp. Muara Tengah Rt. 001/010 Desa Sukatenang Kec. Sukawangi Kab. Bekasi Jawa Barat 17654',NULL,0,'0','1','SDN',NULL,NULL,NULL,'2024-07-15',9,NULL,NULL,NULL,'RS8yWlN1eDBETmNXRWg2ZjFoMjdMUT09OmJUUmtjalJ6TkdoaU1YTTBaREJ1T1E9PQ','OVdKRDIva0dGL1cweWs0ZlR4WU1yK0k0NElBZnZ4TnpDcytxbFF5cGNKcS9xYXZyWkZOWEpBSmpLcTNsMHRIMjpiVFJrY2pSek5HaGlNWE0wWkRCdU9RPT0'),(3017156000107,'240002','VxXZOJVlrk7Lit5bQMX72Q==','pZt/E03oWkagtgiAP69EaQ6m5ztn7MgNvs7rCmNG35A=','10',2025200000000000002,'P','BEKASI','2012-03-26','R7qCcZsthLDnb/e17D6Igw==:bTRkcjRzNGhiMXM0ZDBuOQ==','WFRpeFVlRXcyTU9kSDM2VEVmdUpidz09OmJUUmtjalJ6TkdoaU1YTTBaREJ1T1E9PQ',NULL,NULL,NULL,NULL,NULL,NULL,'1',NULL,'Kp. Muara Tengah, Kel. SUKATENANG, Kec. SUKAWANGI, JAWA BARAT, 17620','MATAMIN','MASKANAH','7','','18','',NULL,NULL,'Kp. Muara Tengah, Kel. SUKATENANG, Kec. SUKAWANGI, JAWA BARAT, 17620',NULL,NULL,NULL,NULL,'Maskanah','07','','Kp. Muara Tengah Rt. 002/010 Desa Sukatenang Kec. Sukawangi Kab. Bekasi-Jawa Barat 17654',NULL,0,'0','2','MIS ATTAQWA 23','0',NULL,NULL,'2024-07-15',9,NULL,NULL,NULL,'WUlCTEVzejV1anUrS3ZtbVphTzlQQT09OmJUUmtjalJ6TkdoaU1YTTBaREJ1T1E9PQ','MUptRFZqUjFRTUNua3F6d0tCNzNKc3RBUm1jYk0wdE9BOG14T1I2d0hsaEVuTmVwSVFZTmpMY2NDUk91eFJVVDpiVFJrY2pSek5HaGlNWE0wWkRCdU9RPT0'),(3017156000108,'240009','Uy8DNEgVJdoPH4Kmp8fBRQ==','M8aaz2kFJTbxeR7laQSGOg==','10',2025200000000000002,'P','BEKASI','2012-01-09','0j82j2XK07kb6KCAoT3oQA==:bTRkcjRzNGhiMXM0ZDBuOQ==','WFRpeFVlRXcyTU9kSDM2VEVmdUpidz09OmJUUmtjalJ6TkdoaU1YTTBaREJ1T1E9PQ',NULL,NULL,NULL,NULL,NULL,NULL,'1',NULL,'Kp. Muara Tengah, Kel. SUKATENANG, Kec. SUKAWANGI, JAWA BARAT, 17620','LUKMANUL HAKIM','EVA SUMIYATI','7','','1','',NULL,NULL,'Kp. Muara Tengah, Kel. SUKATENANG, Kec. SUKAWANGI, JAWA BARAT, 17620',NULL,NULL,NULL,NULL,'Lukmanul Hakim','07','','Kp. Muara Tengah Rt. 001/010 Desa Sukatenang Kec. Sukawangi Kab. Bekasi-Jawa Barat 17654',NULL,0,'0','1','MIS ATTAQWA 23','0',NULL,NULL,'2024-07-15',9,NULL,NULL,NULL,'L1RLK1NjeVpPeWlIK2ZpdTZBNGkxQT09OmJUUmtjalJ6TkdoaU1YTTBaREJ1T1E9PQ','bVozVGNWN243bFV0d2ZBbWdaVlVhMlZMSmRyN01PaEd2WnB1S245L0IyYnF4L0cyZzlOeWJQd3dHdm1sb3ZRWDpiVFJrY2pSek5HaGlNWE0wWkRCdU9RPT0'),(3017156000109,'240005','lCRz1oZRqqXMACqo1JJrUA==','4IfpxmqMGFJKA9FCWc+vag==','10',2025200000000000002,'P','BEKASI','2011-11-07','GhKekdUz3CLXrcbi+f+FAQ==:bTRkcjRzNGhiMXM0ZDBuOQ==','WFRpeFVlRXcyTU9kSDM2VEVmdUpidz09OmJUUmtjalJ6TkdoaU1YTTBaREJ1T1E9PQ',NULL,NULL,NULL,NULL,NULL,NULL,'1',NULL,'Kp. Muara Tengah, Kel. SUKATENANG, Kec. SUKAWANGI, JAWA BARAT, 17620','BAMBANG SUROTO','NUR WULAN SARI','6','','1','',NULL,NULL,'Kp. Muara Tengah, Kel. SUKATENANG, Kec. SUKAWANGI, JAWA BARAT, 17620',NULL,NULL,NULL,NULL,'Bambang Suroto','07','','Kp. Babelan Rt. 022/003 Desa Babelankota Kec. Babelan Kab. Bekasi-Jawa Barat 17620',NULL,0,'0','1','MIS ATTAQWA 23','0',NULL,NULL,'2024-07-15',9,NULL,NULL,NULL,'M3NqTExLcW1PejBXeXRDL1diUFBRdz09OmJUUmtjalJ6TkdoaU1YTTBaREJ1T1E9PQ','QzBOajBlUjdNT3dMYnRpeXB0a00wRzJYd0VlUTBlSXNJK2VxbWxnYWNWeEVCZWpRVkhhNjZKVFN6cTZpbnZHZDpiVFJrY2pSek5HaGlNWE0wWkRCdU9RPT0'),(3017156000110,'240003','o1Xtf4K47hKGEGjVZ0IVxA==','VrYGC7tP/AC0xEGo/r0eqAuoc04aUIR5gg2ZuiWNsks=','10',2025200000000000002,'P','BEKASI','2011-11-23','Fvd12mEwOBZkKO+N701EvA==:bTRkcjRzNGhiMXM0ZDBuOQ==','WFRpeFVlRXcyTU9kSDM2VEVmdUpidz09OmJUUmtjalJ6TkdoaU1YTTBaREJ1T1E9PQ',NULL,NULL,NULL,NULL,NULL,NULL,'1',NULL,'Kp. Muara Tengah Rt. 001 Rw. 011, Kel. SUKATENANG, Kec. SUKAWANGI, JAWA BARAT, 17620','NURLANA','NUR HASANAH','7','','18','',NULL,NULL,'Kp. Muara Tengah Rt. 001 Rw. 011, Kel. SUKATENANG, Kec. SUKAWANGI, JAWA BARAT, 17620',NULL,NULL,NULL,NULL,'Nurlana','07','','Kp. Poncol Rt. 001/003 Desa Pantai Harapanjaya Kec. Muaragembong Kab. Bekasi-Jawa Barat 17730',NULL,0,'0','1','MIS AT-TAQWA 23','0',NULL,NULL,'2024-07-15',9,NULL,NULL,NULL,'K1d3YWNyOXF3N2h0ZENhdXlSWmJoUT09OmJUUmtjalJ6TkdoaU1YTTBaREJ1T1E9PQ','OVFnZGpad1Q5UWpwelI4Y0kzMmYrcjRqRnZQQ3h5dVp2dDY4U3ZlL29XY3l0b2V6NGxaWVlqTFR6Um1rU2VNMTpiVFJrY2pSek5HaGlNWE0wWkRCdU9RPT0'),(3017156000111,'240018','jVLMgz0VlPnWT98gplItPQ==','z+oAb6tQvRZHAOauHyIb9Q==','9',2024100000000000001,'P','JAKARTA','2012-03-16','81Wsc2lnlBzsc2xJoZ99UQ==:bTRkcjRzNGhiMXM0ZDBuOQ==','WFRpeFVlRXcyTU9kSDM2VEVmdUpidz09OmJUUmtjalJ6TkdoaU1YTTBaREJ1T1E9PQ',NULL,NULL,NULL,NULL,NULL,NULL,'1',NULL,'Kp. Muara Tengah, Kel. SUKATENANG, Kec. SUKAWANGI, JAWA BARAT, 17654','Rano Priharto','EIS DARLIAH','6','','1','',NULL,NULL,'Kp. Muara Tengah, Kel. SUKATENANG, Kec. SUKAWANGI, JAWA BARAT, 17654',NULL,NULL,NULL,NULL,'Rano Priharto','06','','Lorong Fort Timur No. 38 A Rt. 001/010 Kel. Koja Kec. Koja Kota Jakarta Utara-DKI JAKARTA 14220',NULL,0,'0','2','-',NULL,NULL,NULL,'2024-07-15',9,NULL,NULL,NULL,'dkFzT3R0WDNGUGl4Q1RBTkQ0Q2tXdz09OmJUUmtjalJ6TkdoaU1YTTBaREJ1T1E9PQ','RzI0M1lhVTV3Lzh4UlIzQlNFQ1ltdHV4T2ZEVUlnSHFBRGIzV0toeVZXaTlBcnRqT1NwN1B2aVk5TmYrVDNPRDpiVFJrY2pSek5HaGlNWE0wWkRCdU9RPT0'),(3017156000112,'180021','7exrpns6qZUTywGNQloj1Q==','Z7Vj7SkAZzegMYbMz3ve/d1QnkqDObQcrQ/oIHxl16I=','10',2025200000000000002,'L','BEKASI','2010-07-31','yxVbjydSWHxew3V3TBUurA==:bTRkcjRzNGhiMXM0ZDBuOQ==','WFRpeFVlRXcyTU9kSDM2VEVmdUpidz09OmJUUmtjalJ6TkdoaU1YTTBaREJ1T1E9PQ',NULL,NULL,NULL,NULL,NULL,NULL,NULL,NULL,'Kp. Muara Tengah Rt. 001/011 Ds. Sukatenang, 17654','MAMAN HERMANTO','HAMIDAH','7','','1','',NULL,NULL,'Kp. Muara Tengah Rt. 001/011 Ds. Sukatenang, 17654',NULL,NULL,NULL,NULL,NULL,NULL,'',NULL,NULL,0,NULL,NULL,NULL,'0',NULL,NULL,'2024-07-15',NULL,NULL,NULL,NULL,'MkFIdmdaQVE5WUNaOU9mOFQ4N1pxZz09OmJUUmtjalJ6TkdoaU1YTTBaREJ1T1E9PQ','TFA0Y0xtK1lkNm1rQXpOVzNIdjhZVzFvUUJnbW9wcVoyWWY1Njk1WnRQeTdLYzAwOU94bWdJeDJTYURMY1ZnMjpiVFJrY2pSek5HaGlNWE0wWkRCdU9RPT0'),(3017156000113,'240024','1wdJsUNOYWBoyIyLwVqzoA==','PmDKcJSPlkbqID6PL0GF7g==','10',2025200000000000002,'P','JAKARTA','2011-01-22','+D5KARpk1pVXrei83RD5PQ==:bTRkcjRzNGhiMXM0ZDBuOQ==','WFRpeFVlRXcyTU9kSDM2VEVmdUpidz09OmJUUmtjalJ6TkdoaU1YTTBaREJ1T1E9PQ',NULL,NULL,NULL,NULL,NULL,NULL,'1',NULL,'Kp. Muara Tengah, Kel. SUKATENANG, Kec. SUKAWANGI, JAWA BARAT, 17654','Fikri','MAYASARI','7','','1','',NULL,NULL,'Kp. Muara Tengah, Kel. SUKATENANG, Kec. SUKAWANGI, JAWA BARAT, 17654',NULL,NULL,NULL,NULL,'Fikri','07','','Kp. Bendungan Melayu No. 41 Rt. 011/001 Kel. Rawa Badak Selatan Kec. Koja Kota Jakarta Utara-DKI Jakarta 14230',NULL,0,'0','2','SDN Rawa Badak Selatan 03 PG Jakarta',NULL,NULL,NULL,'2024-07-15',9,NULL,NULL,NULL,'YlZrWk1KdVVWMUE4U2dZUHFsV0lFdz09OmJUUmtjalJ6TkdoaU1YTTBaREJ1T1E9PQ','OFpJVkxEcWJtRVpvODRHRnpSS1d1Y290NGFXUlpGZDFSOHVOblZ2RWVSblBNVVo3ZUIyYitmL2M3bURnS1EzVTpiVFJrY2pSek5HaGlNWE0wWkRCdU9RPT0'),(3017156000114,'240017','NE2K1O3Vd8NC9k/DEwkgOg==','bep/07hZeu1nBIhEh68KOg==','10',2025200000000000002,'P','BEKASI','2011-11-21','Hxq3o8sWv3NX4HfDWIkCtQ==:bTRkcjRzNGhiMXM0ZDBuOQ==','WFRpeFVlRXcyTU9kSDM2VEVmdUpidz09OmJUUmtjalJ6TkdoaU1YTTBaREJ1T1E9PQ',NULL,NULL,NULL,NULL,NULL,NULL,'1',NULL,'Kp. Muara Tengah, Kel. SUKATENANG, Kec. SUKAWANGI, JAWA BARAT, 17654','SOLIHIN','LENIH MARLINAH','7','','1','',NULL,NULL,'Kp. Muara Tengah, Kel. SUKATENANG, Kec. SUKAWANGI, JAWA BARAT, 17654',NULL,NULL,NULL,NULL,'Solihin','07','','Kp. Muara Tengah  Rt. 002/011 Desa Sukatenang Kec. Sukawangi Kab. Bekasi-Jawa Barat 17654',NULL,0,'0','1','MIS AT-TAQWA 23','0',NULL,NULL,'2024-07-15',9,NULL,NULL,NULL,'aDZlU1BMQk1EblB4VnBIMHZiRG1IQT09OmJUUmtjalJ6TkdoaU1YTTBaREJ1T1E9PQ','blZJWjR5QkdzKzRGblNlZFNua2ZQN04zV1RCQkpXbVBoVW9DNHZrNmM3WEsrNGR0amIzOGpKdnRtZXluQXNVWDpiVFJrY2pSek5HaGlNWE0wWkRCdU9RPT0'),(3017156000115,'240021','wGZrCfqzWgPw7g91/dUQJw==','k0nraVzJlvcgxypMvb8ZcP2mZJGLyOAB66LaVWK88PE=','10',2025200000000000002,'P','JAKARTA','2011-02-08','LKqGoVwT+UT8sz3Xpwa2Eg==:bTRkcjRzNGhiMXM0ZDBuOQ==','WFRpeFVlRXcyTU9kSDM2VEVmdUpidz09OmJUUmtjalJ6TkdoaU1YTTBaREJ1T1E9PQ',NULL,NULL,NULL,NULL,NULL,NULL,'1',NULL,'Kp. Muara Tengah, Kel. SUKATENANG, Kec. SUKAWANGI, JAWA BARAT, 14260','SAFWAN ABDULLAH','SARI LITAWATI','6','','1','',NULL,NULL,'Kp. Muara Tengah, Kel. SUKATENANG, Kec. SUKAWANGI, JAWA BARAT, 14260',NULL,NULL,NULL,NULL,'Safwan Abdullah','06','','Jl. Balai Rakyat No. 28 Rt. 005/003 Kel. Tugu Selatan Kec. Koja Kota Jakarta Utara-DKI Jakarta 14260',NULL,0,'0','2','-','0',NULL,NULL,'2024-07-15',9,NULL,NULL,NULL,'b200cGkzOUNxdTdXdkJ2c1psanpYUT09OmJUUmtjalJ6TkdoaU1YTTBaREJ1T1E9PQ','VzliSkl4a0lOSlNRNDVoNjIxc2JqekpkTzNPVCtEQlBBVTYrZUdWNEMyT1VUY0NhZWFVcnlYeVVwYXpoK3lVVTpiVFJrY2pSek5HaGlNWE0wWkRCdU9RPT0'),(3017156000116,'240008','Tm4TgKwg+/VVtWxnahoysQ==','H7uQcaDQT6R6/xErGUG/p91QnkqDObQcrQ/oIHxl16I=','10',2025200000000000002,'L','BEKASI','2012-01-21','MmQLzRcMW20r9+p5D6JMyA==:bTRkcjRzNGhiMXM0ZDBuOQ==','WFRpeFVlRXcyTU9kSDM2VEVmdUpidz09OmJUUmtjalJ6TkdoaU1YTTBaREJ1T1E9PQ',NULL,NULL,NULL,NULL,NULL,NULL,'1',NULL,'Kp. Muara Tengah, Kel. SUKATENANG, Kec. SUKAWANGI, JAWA BARAT, 17620','LUTPI MAJDI','DEWI SARTIKA','7','','1','',NULL,NULL,'Kp. Muara Tengah, Kel. SUKATENANG, Kec. SUKAWANGI, JAWA BARAT, 17620',NULL,NULL,NULL,NULL,'Lu tpi Majdi','07','','Kp. Muara Tengah Rt. 002/010 Desa Sukatenang Kec. Sukawangi Kab. Bekasi-Jawa Barat 17654',NULL,0,'0','1','MIS AT-TAQWA 23','0',NULL,NULL,'2024-07-15',9,NULL,NULL,NULL,'bnZsMEYzS0l5Smo0b0plWXdjU2U4QT09OmJUUmtjalJ6TkdoaU1YTTBaREJ1T1E9PQ','UytiSFdPUnp1NHhIWlZPb1ZjTGo2K095U2RrVmJaTkhRb0MvcmF3OURaWm9vUy9Hd3dLTmttcnpkTTA2SkFRVzpiVFJrY2pSek5HaGlNWE0wWkRCdU9RPT0'),(3017156000117,'240016','xm8fiBPx8yEOTzeICZYFww==','OeDYovbzyX9MTKWSPT0gqT3edwrePZ6b9z6Xm374wjU=','10',2025200000000000002,'L','JAKARTA','2012-10-06','9N4X6TiEUp9QLwO7rzhCSw==:bTRkcjRzNGhiMXM0ZDBuOQ==','WFRpeFVlRXcyTU9kSDM2VEVmdUpidz09OmJUUmtjalJ6TkdoaU1YTTBaREJ1T1E9PQ',NULL,NULL,NULL,NULL,NULL,NULL,'1',NULL,'Kp. Muara Tengah RT. 002 Rw. 010, Kel. SUKATENANG, Kec. SUKAWANGI, JAWA BARAT, 17620','ALWI','AISYAH MEGA','18','','1','',NULL,NULL,'Kp. Muara Tengah RT. 002 Rw. 010, Kel. SUKATENANG, Kec. SUKAWANGI, JAWA BARAT, 17620',NULL,NULL,NULL,NULL,'Alwi','15','','Kp. Duri Dalam No. 24 C Rt. 006/004 Kel. Duri Selatan Kec. Tambora Kota Jakarta-DKI Jakarta 11270',NULL,0,'0','1','MIS ATTAQWA 23','0',NULL,NULL,'2024-07-15',9,NULL,NULL,NULL,'ZGpPZ2QzVXlTVTlTZUVNS0RsUXQ3dz09OmJUUmtjalJ6TkdoaU1YTTBaREJ1T1E9PQ','bDRKaHdmZHRSM1BJdCtqY1pieG83L2trK2twWThoYy9wWGs0Qi93V0JZV0ZuMC9UcnZvVTRWZkNSekFlZUFiTzpiVFJrY2pSek5HaGlNWE0wWkRCdU9RPT0'),(3017156000118,'240019','R56oYVUHWGDdDzBEXBF9dw==','9CuRo0bGV5T+mHYuR4rTeODgM1tu/ldCendgVB8rc0A=','10',2025200000000000002,'P','JAKARTA','2011-06-16','QCahVwihAUajItKQUcRd8w==:bTRkcjRzNGhiMXM0ZDBuOQ==','WFRpeFVlRXcyTU9kSDM2VEVmdUpidz09OmJUUmtjalJ6TkdoaU1YTTBaREJ1T1E9PQ',NULL,NULL,NULL,NULL,NULL,NULL,'1',NULL,'Kp. Muara Tengah, Kel. SUKATENANG, Kec. SUKAWANGI, JAWA BARAT, 14130','IKBAL HANAFIAH','LAILATUT TARWIYAH','18','','5','',NULL,NULL,'Kp. Muara Tengah, Kel. SUKATENANG, Kec. SUKAWANGI, JAWA BARAT, 14130',NULL,NULL,NULL,NULL,'Ikbal Hanafiah','07','','Pepaya III Blok S Rt. 009/016 Kel. Sempet Barat Kec. Cilincing Kota Jakarta Utara-DKI Jakarta 14130',NULL,0,'0','2','-','6281293534233',NULL,NULL,'2024-07-15',9,NULL,NULL,NULL,'djhVODVKQ1N0YUVYTkYvWGVVTzdWQT09OmJUUmtjalJ6TkdoaU1YTTBaREJ1T1E9PQ','bkVJeTBSVllwaFpMWXg3bjVpaHZVbURNUUYzVkdCb0xDMzV4eVcxQ1lYUXAwRkJqazdkbTNPVG1JSWc0ZW9SeDpiVFJrY2pSek5HaGlNWE0wWkRCdU9RPT0'),(3017156000119,'240026','gl5LGh6UQVrD7f3f4NOSng==','4DmZndMg1pqnQG1GmlBPVIVe5Yd+1Omq8cN2AEsnkj4=','10',2025200000000000002,'L','SALATIGA','2011-10-12','r6RYv9H3MrCPt0UBEtf3Jw==:bTRkcjRzNGhiMXM0ZDBuOQ==','WFRpeFVlRXcyTU9kSDM2VEVmdUpidz09OmJUUmtjalJ6TkdoaU1YTTBaREJ1T1E9PQ',NULL,NULL,NULL,NULL,NULL,NULL,'1',NULL,'Kp. Muara Tengah, Kel. SUKATENANG, Kec. SUKAWANGI, JAWA BARAT, 17654','SHOLIKIN','NAIMIH','6','','1','',NULL,NULL,'Kp. Muara Tengah, Kel. SUKATENANG, Kec. SUKAWANGI, JAWA BARAT, 17654',NULL,NULL,NULL,NULL,'Sholikin','06','','Dsn. Gumuk Rt. 001/001 Desa Gegunung Kec. Tengaran Kab. Semarang-Jawa Tengah 50775',NULL,0,'0','1','MIS MIFTAHUL ISLAMIYAH',NULL,NULL,NULL,'2024-07-15',9,NULL,NULL,NULL,'TDFxUDRpa1RrYUFDRTlwQjQxdUt1UT09OmJUUmtjalJ6TkdoaU1YTTBaREJ1T1E9PQ','dFBjYlVuYW1rNk05QVRSa05RNzc3Vi8vWmgyVkVyOFR0MzQxL3V1WFBabi9aVVZ2WWp4bFR0aVJ5a0ZXSmtFcTpiVFJrY2pSek5HaGlNWE0wWkRCdU9RPT0'),(3017156000120,'240006','Fn0h6wAQabcPftgZv1A24w==','NBcDvPRhoXJIqqYz5Hgj+A==','10',2025200000000000002,'L','BEKASI','2011-09-12','Qbp1z3d0x3bqXfPmBBtBCw==:bTRkcjRzNGhiMXM0ZDBuOQ==','WFRpeFVlRXcyTU9kSDM2VEVmdUpidz09OmJUUmtjalJ6TkdoaU1YTTBaREJ1T1E9PQ',NULL,NULL,NULL,NULL,NULL,NULL,'1',NULL,'Kp. Muara Tengah, Kel. SUKATENANG, Kec. SUKAWANGI, JAWA BARAT, 17620','MIRTA HB','MUSLIMAH','13','','1','',NULL,NULL,'Kp. Muara Tengah, Kel. SUKATENANG, Kec. SUKAWANGI, JAWA BARAT, 17620',NULL,NULL,NULL,NULL,'Nomih','07','','Kp. Muara Tengah Rt. 002/010 Desa Sukatenang Kec. Sukawangi Kab. Bekasi-Jawa Barat 17654',NULL,0,'0','3','MIS AT-TAQWA 23','0',NULL,NULL,'2024-07-15',9,NULL,NULL,NULL,'emhtdnE0RHo3SjgycG1JUCtENDJJQT09OmJUUmtjalJ6TkdoaU1YTTBaREJ1T1E9PQ','NFVyb3E3Um5MNmF0VDVKcStqbzY4Q3VwR0o5Nk5wSTBOT2tyVVRMbHFaWGs2WFp6a24zUVM2TVJuamhSNjh0QTpiVFJrY2pSek5HaGlNWE0wWkRCdU9RPT0'),(3017156000121,'240025','qrhzxRDn6SBGH1wx1FGJSg==','FV2oXUz7/FgWnausdl+sggkiubbsaLF6ps8ebv44AWQ=','10',2025200000000000002,'L','JAKARTA','2012-05-29','mQzLj/L9dv8Thca7sLErZA==:bTRkcjRzNGhiMXM0ZDBuOQ==','WFRpeFVlRXcyTU9kSDM2VEVmdUpidz09OmJUUmtjalJ6TkdoaU1YTTBaREJ1T1E9PQ',NULL,NULL,NULL,NULL,NULL,NULL,'1',NULL,'Kp. Muara Tengah, Kel. SUKATENANG, Kec. SUKAWANGI, JAWA BARAT, 17654','Eksan Sri Atmanto','ENDAH EKO SRI WIDOWATI','07','','10','',NULL,NULL,'Kp. Muara Tengah, Kel. SUKATENANG, Kec. SUKAWANGI, JAWA BARAT, 17654',NULL,NULL,NULL,NULL,'Arlian Sandi','03','','Perumahan Bekasi Green City Blok Q 50 No. 1 Rt. 002/010 Desa Sriamur Kec. Tambun Utara Kab. Bekasi-Jawa Barat',NULL,0,'0','2','SDIT Bina Insan Cita',NULL,NULL,NULL,'2024-07-15',9,NULL,NULL,NULL,'aWZyVjdocHM5cHE1ejlneTNER09rZz09OmJUUmtjalJ6TkdoaU1YTTBaREJ1T1E9PQ','NnlONmNSU09SSGFqUldQem9Jb1ladXd1eVlvVkl6czg4WEROUDIwUzFDN1MxcTFsT3VRelJGTEJlNEQvVTU1NjpiVFJrY2pSek5HaGlNWE0wWkRCdU9RPT0'),(3017156000122,'240023','opmhkiDGoXLQhWFKkgCRYw==','BV1r3F0wejTW4WlwfiNeK4P1bvQvUtIEAr54/sGTQ50=','10',2025200000000000002,'P','JAKARTA','2011-03-02','Bir0Z21XAPA5jpBluwQs6Q==:bTRkcjRzNGhiMXM0ZDBuOQ==','WFRpeFVlRXcyTU9kSDM2VEVmdUpidz09OmJUUmtjalJ6TkdoaU1YTTBaREJ1T1E9PQ',NULL,NULL,NULL,NULL,NULL,NULL,'1',NULL,'Kp. Muara Tengah, Kel. SUKATENANG, Kec. SUKAWANGI, JAWA BARAT, 14260','Mohamad Syukur','MEI NURUL HAYATI','6','','1','',NULL,NULL,'Kp. Muara Tengah, Kel. SUKATENANG, Kec. SUKAWANGI, JAWA BARAT, 14260',NULL,NULL,NULL,NULL,'Mohamad Syukur','06','','Kp. Bendungan Melayu Rt. 009/005 Kel. Tugu Selatan Kec. Koja Kota Jakarta Utara-DKI Jakarta 14260',NULL,0,'0','2','MIN 5 Jakarta Utara','0',NULL,NULL,'2024-07-15',9,NULL,NULL,NULL,'WFYrNkU0QTcwWXREcG8vRGp4ZlBnUT09OmJUUmtjalJ6TkdoaU1YTTBaREJ1T1E9PQ','TGpreTBjQWtNYVI0VEJEQllicHJwMXdxa3JCdUcwcCs4K1AwTVBmS0JTZ25jbzFiVmk5ZnZCU1hoV0Zuck9nOTpiVFJrY2pSek5HaGlNWE0wWkRCdU9RPT0'),(3017156000123,'240012','ocl4KFC8a4iowgaoK7ZUOw==','1nkwRhm4mTSABbdzWKpj6EuXOtOVcz8BI8y6qtR3uoc=','10',2025200000000000002,'P','BEKASI','2012-01-09','iErvxySDfXZFokwKs7KeXA==:bTRkcjRzNGhiMXM0ZDBuOQ==','WFRpeFVlRXcyTU9kSDM2VEVmdUpidz09OmJUUmtjalJ6TkdoaU1YTTBaREJ1T1E9PQ',NULL,NULL,NULL,NULL,NULL,NULL,'1',NULL,'Kp. Utan Soga, Kel. SINDANGJAYA, Kec. CABANGBUNGIN, JAWA BARAT, 17720','Niki Wijaya','CUCUN CUNAYAH','7','','1','',NULL,NULL,'Kp. Utan Soga, Kel. SINDANGJAYA, Kec. CABANGBUNGIN, JAWA BARAT, 17720',NULL,NULL,NULL,NULL,'Niki Wijaya','07','','Kp. Utan Soga Rt. 015/006 Desa Sindangjaya Kec. Cabangbungin Kab. Bekasi-Jawa Barat 17720',NULL,0,'0','1','SDN Jayabakti 01',NULL,NULL,NULL,'2024-07-15',9,NULL,NULL,NULL,'OGp2Ri9tdm1EVDlUbGJvaWZWMzMxQT09OmJUUmtjalJ6TkdoaU1YTTBaREJ1T1E9PQ','Z2pKdDNUOUlERmNTKy9jT3UySURvRXRSMThhWGk4aHkrWXpxMXd4UWtVdEs0a2tKbTllL05Ic0NjZzdEbGdOdTpiVFJrY2pSek5HaGlNWE0wWkRCdU9RPT0'),(3017156000124,'240020','xbKFqFiuW+RvM1qDRECYWQ==','a65e1l0u7kjSCNw3s7f/cQ==','10',2025200000000000002,'P','JAKARTA','2011-09-28','RBMyhWDCyhDu87VkogNOqQ==:bTRkcjRzNGhiMXM0ZDBuOQ==','WFRpeFVlRXcyTU9kSDM2VEVmdUpidz09OmJUUmtjalJ6TkdoaU1YTTBaREJ1T1E9PQ',NULL,NULL,NULL,NULL,NULL,NULL,'1',NULL,'Kp. Muara Tengah, Kel. SUKATENANG, Kec. SUKAWANGI, JAWA BARAT, 17654','Asnawi','EDAH SUHEDAH','3','','1','',NULL,NULL,'Kp. Muara Tengah, Kel. SUKATENANG, Kec. SUKAWANGI, JAWA BARAT, 17654',NULL,NULL,NULL,NULL,'Asnawi','03','','Jl. Swasembada Barat I A/48 C Rt. 001/009 Kel. Kebon Bawang Kec. Tanjung Priok Kota Jakarta Utara-DKI Jakarta 14320',NULL,0,'0','2','-',NULL,NULL,NULL,'2024-07-15',9,NULL,NULL,NULL,'bTZXQ2lUYW9Cc2Q0SmZjRTlVYVVEQT09OmJUUmtjalJ6TkdoaU1YTTBaREJ1T1E9PQ','Rnd2dmxZVW1sdWdvaFgvYS90Z1RrWHl2SEVBb2w4T0tHajkza05BTDhkUWNtY0VVM0hDb3doU25MTnhBRE9JNjpiVFJrY2pSek5HaGlNWE0wWkRCdU9RPT0'),(3017156000125,'240022','fU2vYdCMpBz2eth59oBdhg==','gCoUA79htvyWeIHv8aKcGg==','10',2025200000000000002,'P','JAKARTA','2011-01-22','6d9aI2PFJxU+4LovlVqtgA==:bTRkcjRzNGhiMXM0ZDBuOQ==','WFRpeFVlRXcyTU9kSDM2VEVmdUpidz09OmJUUmtjalJ6TkdoaU1YTTBaREJ1T1E9PQ',NULL,NULL,NULL,NULL,NULL,NULL,'1',NULL,'Kp. Muara Tengah, Kel. SUKATENANG, Kec. SUKAWANGI, JAWA BARAT, 17654','Fikri','MAYASARI','7','','1','',NULL,NULL,'Kp. Muara Tengah, Kel. SUKATENANG, Kec. SUKAWANGI, JAWA BARAT, 17654',NULL,NULL,NULL,NULL,'Fikri','06','','Kp. Bendungan Melayu No. 41 Rt. 011/001 Kel. Rawa Badak Selatan Kec. Koja Kota Jakarta Utara-DKI Jakarta 14230',NULL,0,'0','3','SDN RAWA BADAK SELATAN 03 PG JAKARTA',NULL,NULL,NULL,'2024-07-15',9,NULL,NULL,NULL,'RktLajRIdVJrM0FsakdCQnhFaHhsdz09OmJUUmtjalJ6TkdoaU1YTTBaREJ1T1E9PQ','ZVFDV2NzcnE0YzA0SGNhM29QNTFCOHcyNkVYeE5sLytnbmQ0OXFGdkU1UTdXMTNKRzlUWm5yVzd5TldWclhqazpiVFJrY2pSek5HaGlNWE0wWkRCdU9RPT0'),(3017156000126,'240004','CUnpNW08qIst1yk5Uf0L3A==','lz9bNA/BZfCJrBAZ9AZaMQ==','10',2025200000000000002,'P','BEKASI','2012-05-22','CY5XnjKOalv2WwC2RjM4kA==:bTRkcjRzNGhiMXM0ZDBuOQ==','WFRpeFVlRXcyTU9kSDM2VEVmdUpidz09OmJUUmtjalJ6TkdoaU1YTTBaREJ1T1E9PQ',NULL,NULL,NULL,NULL,NULL,NULL,'1',NULL,'Kp. Muara Tengah, Kel. SUKATENANG, Kec. SUKAWANGI, JAWA BARAT, 17654','Samsul Bahri','SANTI','7','','1','',NULL,NULL,'Kp. Muara Tengah, Kel. SUKATENANG, Kec. SUKAWANGI, JAWA BARAT, 17654',NULL,NULL,NULL,NULL,'Santi','01','','Kp. Muara Tengah Rt. 002009 Desa Sukatenang Kec. Sukawangi Kab. Bekasi-Jawa Barat 17654',NULL,0,'0','1','MIS ATTAQWA 23','0',NULL,NULL,'2024-07-15',9,NULL,NULL,NULL,'QnVYSkl5Y3NLSmk2cm1DYmlEQko2QT09OmJUUmtjalJ6TkdoaU1YTTBaREJ1T1E9PQ','c0MwRGswRUEySWlsUHJBL0lDMk9VaGlieGlOK0wzMlFqRlNRa2Zqd2cvUEh5VnJWL0RVR2E4eWs1VEgrV0RIOTpiVFJrY2pSek5HaGlNWE0wWkRCdU9RPT0'),(3017156000127,'240010','TrjKOR7yfEDwSs1CUh/MsA==','AcOi61I/19i2oq/3r27EkKG4EzRN+9jHUd8E394EQ68=','10',2025200000000000002,'L','BEKASI','2010-11-25','js5qqu+M4tGwPKQRsnMyPw==:bTRkcjRzNGhiMXM0ZDBuOQ==','WFRpeFVlRXcyTU9kSDM2VEVmdUpidz09OmJUUmtjalJ6TkdoaU1YTTBaREJ1T1E9PQ',NULL,NULL,NULL,NULL,NULL,NULL,'1',NULL,'Kp. Muara Tengah, Kel. SUKATENANG, Kec. SUKAWANGI, JAWA BARAT, 17654','Cecep Supriyadi','SANIH','7','','1','',NULL,NULL,'Kp. Muara Tengah, Kel. SUKATENANG, Kec. SUKAWANGI, JAWA BARAT, 17654',NULL,NULL,NULL,NULL,'Cecep Supriyadi','07','','Kp. Muara Tengah Rt. 002/011 Desa Sukatenang Kec. Sukawangi Kab. Bekasi-Jawa Barat 17654',NULL,0,'0','1','SDN Sukatenang 03',NULL,NULL,NULL,'2024-07-15',9,NULL,NULL,NULL,'U2ZOejYxYVBwZXZtVk0ra0lkcjNhQT09OmJUUmtjalJ6TkdoaU1YTTBaREJ1T1E9PQ','Y1lpdGdjT2dWN0MzbmV0eXF1VStzRkRrVWQzMDdlRktWNXdtalNjNVF6bkRKc0JOS3FVbmFBMzc2ZkJxSEVQeTpiVFJrY2pSek5HaGlNWE0wWkRCdU9RPT0'),(3017156000128,'240015','xH9oxOC9u5Nt18F/aWTt+A==','THJ2zo3TiBgKokilxh75tw==','10',2025200000000000002,'L','BEKASI','2012-08-16','96vqnrgvv041/kcVAbr4eQ==:bTRkcjRzNGhiMXM0ZDBuOQ==','WFRpeFVlRXcyTU9kSDM2VEVmdUpidz09OmJUUmtjalJ6TkdoaU1YTTBaREJ1T1E9PQ',NULL,NULL,NULL,NULL,NULL,NULL,'1',NULL,'Kp. Muara Tengah, Kel. SUKATENANG, Kec. SUKAWANGI, JAWA BARAT, 17654','Mada','LENIH','7','','1','',NULL,NULL,'Kp. Muara Tengah, Kel. SUKATENANG, Kec. SUKAWANGI, JAWA BARAT, 17654',NULL,NULL,NULL,NULL,'Mada','07','','Kp. Muara Tengah Rt. 002/010 Desa Sukatenang Kec. Sukawangi Kab. Bekasi Jawa Barat 17654',NULL,0,'0','1','SDN Pantai Hurip 04',NULL,NULL,NULL,'2024-07-15',9,NULL,NULL,NULL,'Y3pNTHJ5aFowUUNqODdBZnR5ZDJaZz09OmJUUmtjalJ6TkdoaU1YTTBaREJ1T1E9PQ','OXFoclgzU2ZuZjlqSE9qZ0tZYkc2S3UxaTdiVUhwcW1KWnlKTHN4SGRpZkJsb0dTQ0ZUdExPZmdiWFpvektPTTpiVFJrY2pSek5HaGlNWE0wWkRCdU9RPT0'),(3017156000129,'230021','ZNf8Dr/gv2ZVhpK7/f87rQ==','VaSLAv945suX0TtVrYA4rw==','10',2024200000000000001,'L','BEKASI','2011-09-21','i8Y00er9AAnTrTYsCcdgGQ==:bTRkcjRzNGhiMXM0ZDBuOQ==','WFRpeFVlRXcyTU9kSDM2VEVmdUpidz09OmJUUmtjalJ6TkdoaU1YTTBaREJ1T1E9PQ',NULL,NULL,NULL,NULL,NULL,NULL,NULL,NULL,'Kp. Muara Tengah, Kel. SUKATENANG, Kec. SUKAWANGI, JAWA BARAT, 17654','SAHRUDIN','KARTI','7','','1','',NULL,NULL,'Kp. Muara Tengah, Kel. SUKATENANG, Kec. SUKAWANGI, JAWA BARAT, 17654',NULL,NULL,NULL,NULL,NULL,NULL,'',NULL,NULL,0,NULL,NULL,NULL,'0',NULL,NULL,'2024-07-14',NULL,NULL,NULL,NULL,'dk9TZmxrQjFUdmJGN2wrQ1ZpcGJTdz09OmJUUmtjalJ6TkdoaU1YTTBaREJ1T1E9PQ','ejdSTVlzanZnNGhpcWxOOUQrWnI5WW9hU3JPWnBXQ2kvb1VFUUd1MTY5YTdDSHdaeHJXK1BPK0RkUExnL1lPZTpiVFJrY2pSek5HaGlNWE0wWkRCdU9RPT0'),(3017156000130,'240030','L5+v8qfS3mqsYSCcYuZ/QA==','NC/dcMLCirnrSSfBK3VH3Q==','11',2025200000000000003,'L','BEKASI','2011-07-20','aiuk+ZchgV0ue8XWQpdqrQ==:bTRkcjRzNGhiMXM0ZDBuOQ==','WFRpeFVlRXcyTU9kSDM2VEVmdUpidz09OmJUUmtjalJ6TkdoaU1YTTBaREJ1T1E9PQ',NULL,NULL,NULL,NULL,NULL,NULL,NULL,NULL,'Kp. Muara Tengah, Kel. SUKATENANG, Kec. SUKAWANGI, JAWA BARAT, 17654','SYAFIIH','ANOH SUSILAWATI','7','','1','',NULL,NULL,'Kp. Muara Tengah, Kel. SUKATENANG, Kec. SUKAWANGI, JAWA BARAT, 17654',NULL,NULL,NULL,NULL,NULL,NULL,'',NULL,NULL,0,NULL,NULL,NULL,'0',NULL,NULL,'2025-01-16',NULL,NULL,NULL,NULL,'aHYvQWYzMVVTWHJRMUxJc0lGRSs0dz09OmJUUmtjalJ6TkdoaU1YTTBaREJ1T1E9PQ','OUNabCtMd1VPUUxtZ1gyWGFiaDdPcFBxdi8wU2ZJYVM5MVVhb1JkNndiUURPV3JKK1U0QjNmRm9qV3VBK0tyYTpiVFJrY2pSek5HaGlNWE0wWkRCdU9RPT0'),(3017156000131,NULL,'EVIJcZRBY3mN++tC66xPsw==','OGkKtHI6NWq69FTZCCAzd91QnkqDObQcrQ/oIHxl16I=','9',2025200000000000001,'P','JAKARTA','2012-10-25','kqL6x3lb46ur1T7BAdQIlQ==:bTRkcjRzNGhiMXM0ZDBuOQ==','WFRpeFVlRXcyTU9kSDM2VEVmdUpidz09OmJUUmtjalJ6TkdoaU1YTTBaREJ1T1E9PQ',NULL,NULL,NULL,NULL,NULL,NULL,NULL,NULL,NULL,'-','SITI HUMAYAH',NULL,'',NULL,'',NULL,NULL,NULL,NULL,NULL,NULL,NULL,NULL,NULL,'',NULL,NULL,0,NULL,NULL,NULL,NULL,NULL,NULL,'2025-07-14',NULL,NULL,NULL,NULL,'bG91bVh0T0ZWWXplbVU2dGtkK2NEZz09OmJUUmtjalJ6TkdoaU1YTTBaREJ1T1E9PQ','eTN3U0IwNEs0S1Azc3E4dUpaZlBOVmFoL1FDSFd4YTdBQVRtanM2L2pJV0NlNUR0LytycnA0Wm1xNXprQnIvcjpiVFJrY2pSek5HaGlNWE0wWkRCdU9RPT0'),(3017156000132,NULL,'ULrn1mVeHP2NfFxxfdl8Hg==','Q9Y/fLInmVMTcxzJ7jBEH8rOCNDOETFiB+alFkirPTw=','9',2025200000000000001,'P','JAKARTA','2013-08-18','Apqxd304vZDVEoxkZGqXsg==:bTRkcjRzNGhiMXM0ZDBuOQ==','WFRpeFVlRXcyTU9kSDM2VEVmdUpidz09OmJUUmtjalJ6TkdoaU1YTTBaREJ1T1E9PQ',NULL,NULL,NULL,NULL,NULL,NULL,NULL,NULL,NULL,'-','RINDA SUPRIHATIN',NULL,'',NULL,'',NULL,NULL,NULL,NULL,NULL,NULL,NULL,NULL,NULL,'',NULL,NULL,0,NULL,NULL,NULL,NULL,NULL,NULL,'2025-07-14',NULL,NULL,NULL,NULL,'d3NtZkEvNktON3hWaEt6RXd6cUlRdz09OmJUUmtjalJ6TkdoaU1YTTBaREJ1T1E9PQ','YWxpZnphZlg1NmRCNmRlc1pHT29NWWtJR1VYWHpsM1JSQk5TZ0dsTndzVGRCK1RJSUo5Njg5dVpLbGhRb0xndTpiVFJrY2pSek5HaGlNWE0wWkRCdU9RPT0'),(3017156000133,NULL,'isvt+1w0dfBqWSGX6mbNMw==','pVhpApt4OGsKQCxx51jXYfD7ETLIbtTzOs+s92v/JAM=','9',2025200000000000001,'P','BEKASI','2013-10-28','Lrik+ohP8lTJeMtQE1OFyg==:bTRkcjRzNGhiMXM0ZDBuOQ==','WFRpeFVlRXcyTU9kSDM2VEVmdUpidz09OmJUUmtjalJ6TkdoaU1YTTBaREJ1T1E9PQ',NULL,NULL,NULL,NULL,NULL,NULL,NULL,NULL,NULL,'-','NENENG NURHILALIYAH',NULL,'',NULL,'',NULL,NULL,NULL,NULL,NULL,NULL,NULL,NULL,NULL,'',NULL,NULL,0,NULL,NULL,NULL,NULL,NULL,NULL,'2025-07-14',NULL,NULL,NULL,NULL,'MjBUTEJjUS95dHVKRWF3bzA0Nnh5UT09OmJUUmtjalJ6TkdoaU1YTTBaREJ1T1E9PQ','T1Jlay9sclRPRWJabGNPNnljZmgvRDBjVHNudDlvUFdaMSt6WGtYcHJ3UFFCNG5xMDg2NEtUZTZ1MDdSTzFBeTpiVFJrY2pSek5HaGlNWE0wWkRCdU9RPT0'),(3017156000134,NULL,'YobBO1CPJJo07wnvi2ggMA==','xaV8BlB3Q0YumBnaC3zTMLMglUIMkm5FasOCA4HK69A=','9',2025200000000000001,'P','JAKARTA','2012-02-09','u54rVXkUYvFFDeVbfAqIyw==:bTRkcjRzNGhiMXM0ZDBuOQ==','WFRpeFVlRXcyTU9kSDM2VEVmdUpidz09OmJUUmtjalJ6TkdoaU1YTTBaREJ1T1E9PQ',NULL,NULL,NULL,NULL,NULL,NULL,NULL,NULL,NULL,'-','WAHYU WIDAYATI',NULL,'',NULL,'',NULL,NULL,NULL,NULL,NULL,NULL,NULL,NULL,NULL,'',NULL,NULL,0,NULL,NULL,NULL,NULL,NULL,NULL,'2025-07-14',NULL,NULL,NULL,NULL,'MVVSSTcyMVp3Yk5zZ3owTW5scTdMUT09OmJUUmtjalJ6TkdoaU1YTTBaREJ1T1E9PQ','bjNKdDQ2SFZmbzEyajJ6clhjQzhQbFQyMzg1VGFyOWVUZG45L2tsSWo4Z1RTRjhjMk9hWktPMEpwVWJPUHNJSDpiVFJrY2pSek5HaGlNWE0wWkRCdU9RPT0'),(3017156000135,NULL,'MnF5WsPzhHnki9GRE4YB4g==','VvKwkSegIW2ZFRXh5PraAw==','9',2025200000000000001,'L','BEKASI','2013-10-31','S1dYYgdiVmbJhjGb2o5buQ==:bTRkcjRzNGhiMXM0ZDBuOQ==','WFRpeFVlRXcyTU9kSDM2VEVmdUpidz09OmJUUmtjalJ6TkdoaU1YTTBaREJ1T1E9PQ',NULL,NULL,NULL,NULL,NULL,NULL,NULL,NULL,NULL,'-','NAMAH',NULL,'',NULL,'',NULL,NULL,NULL,NULL,NULL,NULL,NULL,NULL,NULL,'',NULL,NULL,0,NULL,NULL,NULL,NULL,NULL,NULL,'2025-07-14',NULL,NULL,NULL,NULL,'NzFPemRFNWVBQnR1aTlkTyt3Z3htdz09OmJUUmtjalJ6TkdoaU1YTTBaREJ1T1E9PQ','ZGFYU21FZ3pWTVBBMmJyZGtRTU9obncyYXkzbDhSY2kvUkJQSG9vWGltVHFDZjQweW40VU9sTFNJYTVkYjdCQzpiVFJrY2pSek5HaGlNWE0wWkRCdU9RPT0'),(3017156000136,'190011','t2Um1I3TPGuczLx1v6KppQ==','hOGmrFEV3qAC7uuv63C2fQqrMdk/oHF1mT86C2iGgTY=','9',2025200000000000001,'L','BEKASI','2013-05-20','pi7M/5miTelMiCf+d53hDA==:bTRkcjRzNGhiMXM0ZDBuOQ==','WFRpeFVlRXcyTU9kSDM2VEVmdUpidz09OmJUUmtjalJ6TkdoaU1YTTBaREJ1T1E9PQ',NULL,NULL,NULL,NULL,NULL,NULL,NULL,NULL,'Kp. Muara Tengah Rt. 002 Rw. 011, Kel. SUKATENANG, Kec. SUKAWANGI, JAWA BARAT, 17620','IMRON ROSADI','FATIMAH','7','','1','',NULL,NULL,'Kp. Muara Tengah Rt. 002 Rw. 011, Kel. SUKATENANG, Kec. SUKAWANGI, JAWA BARAT, 17620',NULL,NULL,NULL,NULL,NULL,NULL,'',NULL,NULL,0,NULL,NULL,NULL,'6285695442229',NULL,NULL,'2025-07-14',NULL,NULL,NULL,NULL,'V3o1MDFIQzdrNU5wUVIvVjdaa05zdz09OmJUUmtjalJ6TkdoaU1YTTBaREJ1T1E9PQ','bDFkOC9rT1poVWtYUklyUEJ5MSt6dVJpMXVlSzV6UnVhZmxuR2h4N2ZmN1dkWWUreGFtLzA1L0tFQWZ6dHdldzpiVFJrY2pSek5HaGlNWE0wWkRCdU9RPT0'),(3017156000137,'210022','xzkokmHCx6YI8A7wTGBKdA==','iufMVaiEoAHFtH3CNHFaTt1QnkqDObQcrQ/oIHxl16I=','9',2025200000000000001,'P','BEKASI','2012-06-28','Dnmmp+4ooAtn3K9TZ/QV1Q==:bTRkcjRzNGhiMXM0ZDBuOQ==','WFRpeFVlRXcyTU9kSDM2VEVmdUpidz09OmJUUmtjalJ6TkdoaU1YTTBaREJ1T1E9PQ',NULL,NULL,NULL,NULL,NULL,NULL,NULL,NULL,'KP. KEDAUNG, Kel. KEDUNG PENGAWAS, Kec. BABELAN, JAWA BARAT, 17620','RUSLAN','SARIPAH. M','18','','1','',NULL,NULL,'KP. KEDAUNG, Kel. KEDUNG PENGAWAS, Kec. BABELAN, JAWA BARAT, 17620',NULL,NULL,NULL,NULL,NULL,NULL,'',NULL,NULL,0,NULL,NULL,NULL,NULL,NULL,NULL,'2025-07-14',NULL,NULL,NULL,NULL,'ZXB6UDJVYWliQm02dnh4MytqaVJTQT09OmJUUmtjalJ6TkdoaU1YTTBaREJ1T1E9PQ','d2txL3RVaUFhS2x1MUtleW8rSTdIZ2hOTm5jVU9jbEdWVE9mclgvUHdFMFJtek1uYllYdDQ2dTFxbWpZSStBZjpiVFJrY2pSek5HaGlNWE0wWkRCdU9RPT0'),(3017156000138,'230023','g9ZnEXAM4+5Hq3CykAAr5w==','tRYPrUhkZWoRmT6/LYrbIA==','9',2025200000000000001,'P','BEKASI','2013-04-28','DOaZaubULA1Tgoh2alL/oA==:bTRkcjRzNGhiMXM0ZDBuOQ==','WFRpeFVlRXcyTU9kSDM2VEVmdUpidz09OmJUUmtjalJ6TkdoaU1YTTBaREJ1T1E9PQ',NULL,NULL,NULL,NULL,NULL,NULL,NULL,NULL,'KP.SEPAK, Kel. SUKATENANG, Kec. SUKAWANGI, JAWA BARAT, 17620','MOCHAMAD','SALAMAH','12','','1','',NULL,NULL,'KP.SEPAK, Kel. SUKATENANG, Kec. SUKAWANGI, JAWA BARAT, 17620',NULL,NULL,NULL,NULL,NULL,NULL,'',NULL,NULL,0,NULL,NULL,NULL,'0',NULL,NULL,'2025-07-14',NULL,NULL,NULL,NULL,'Q3ZtckJaaUVmcWFQQnpzMTB1clNMQT09OmJUUmtjalJ6TkdoaU1YTTBaREJ1T1E9PQ','c29GTUtHVDFRSG85a3BJZStaVk8wQXRmTDdvSSs3TGNIa1JTNVRUODliR3VGcHlGWm14NnNoRUgwWCtBeXgvTDpiVFJrY2pSek5HaGlNWE0wWkRCdU9RPT0'),(3017156000139,NULL,'OnkfUO/IvZISN5ifeVcMVw==','tZSZk1baw9HGGwogdQkH4oTwaoVqThPkQnJAjvHTEkE=','9',2025200000000000001,'L','BEKASI','2012-08-02','Dc/FwUhOx+hUuwhLZnQqhw==:bTRkcjRzNGhiMXM0ZDBuOQ==','WFRpeFVlRXcyTU9kSDM2VEVmdUpidz09OmJUUmtjalJ6TkdoaU1YTTBaREJ1T1E9PQ',NULL,NULL,NULL,NULL,NULL,NULL,NULL,NULL,NULL,'-','LINAWATI',NULL,'',NULL,'',NULL,NULL,NULL,NULL,NULL,NULL,NULL,NULL,NULL,'',NULL,NULL,0,NULL,NULL,NULL,NULL,NULL,NULL,'2025-07-14',NULL,NULL,NULL,NULL,'bVR5MXFnTzVYNHJuUE9tdjEwVU0xUT09OmJUUmtjalJ6TkdoaU1YTTBaREJ1T1E9PQ','K2pFeGQ4VHRhMmVpZUtYR0JKOThYejFnS0g4K3N5a0xjMXFLaEVQYUJBNGFuWEZsbFRqZEJkY1VVS3JFN0xOVDpiVFJrY2pSek5HaGlNWE0wWkRCdU9RPT0'),(3017156000140,'250001','bYoKfkF92Ifh+zqVR+cAnA==','NPwCrV6PLqT/h4DEMEgPfA==','9',2025200000000000001,'P','BEKASI, 17 Agustus 2013','0000-00-00','oE3nFUtmF44yxvEQtyB/iA==:bTRkcjRzNGhiMXM0ZDBuOQ==','WFRpeFVlRXcyTU9kSDM2VEVmdUpidz09OmJUUmtjalJ6TkdoaU1YTTBaREJ1T1E9PQ',NULL,NULL,NULL,NULL,NULL,NULL,'',NULL,'','','','','','','',NULL,NULL,'',NULL,NULL,NULL,NULL,'','','','',NULL,0,'','','','',NULL,NULL,'0000-00-00',0,NULL,NULL,NULL,'UG5oZkUwU3U4NEVwcDVQckIvTmZ0dz09OmJUUmtjalJ6TkdoaU1YTTBaREJ1T1E9PQ','MCtwbUlMNk9yNFlseFdPcUpZNGdwMk9obnF5djZCTFlESE56SCtHYW1palZ1MVJuVXUxVHVmSEpvbGJRWjFXSjpiVFJrY2pSek5HaGlNWE0wWkRCdU9RPT0'),(3017156000141,'250002','6N4f+vN1ncnxfJcznzGDjA==','tkfQybEA7TbynujVcCscyGxb28qLpkZjJC9Y9/Mx2wk=','9',2025200000000000001,'L','BEKASI','2012-10-15','65ujwFhzyGMV3gHrVeIlvA==:bTRkcjRzNGhiMXM0ZDBuOQ==','WFRpeFVlRXcyTU9kSDM2VEVmdUpidz09OmJUUmtjalJ6TkdoaU1YTTBaREJ1T1E9PQ',NULL,NULL,NULL,NULL,NULL,NULL,NULL,NULL,'Kp. Muara Tengah Rt. 002 Rw. 011, Kec. SUKAWANGI, JAWA BARAT, 17620','HAMJAH','ONIH','12','','12','',NULL,NULL,'Kp. Muara Tengah Rt. 002 Rw. 011, Kec. SUKAWANGI, JAWA BARAT, 17620',NULL,NULL,NULL,NULL,NULL,NULL,'',NULL,NULL,0,NULL,NULL,NULL,'0',NULL,NULL,'2025-07-14',NULL,NULL,NULL,NULL,'NUR0QjlZVUUvMG0rUFRMUG5CNVVmUT09OmJUUmtjalJ6TkdoaU1YTTBaREJ1T1E9PQ','TDFjRE5ERTFlU0N0MFJWZW5rOWxobytGTDhVZlRoR2R6OTgvaXdqNzU4ZEdTT01SRm1BRlFuS3BJVnpucGlvdDpiVFJrY2pSek5HaGlNWE0wWkRCdU9RPT0'),(3017156000142,'250004','nvNHQ7fFJe32P4PiI3RXWg==','evVDz1KUZ/oADxXj/wP7vPwKyRL9zlR2lEgqRwKu3aY=','9',2025200000000000001,'P','BEKASI','2013-05-14','jULIiY/HMjhDwgc0HDKe3Q==:bTRkcjRzNGhiMXM0ZDBuOQ==','WFRpeFVlRXcyTU9kSDM2VEVmdUpidz09OmJUUmtjalJ6TkdoaU1YTTBaREJ1T1E9PQ',NULL,NULL,NULL,NULL,NULL,NULL,NULL,NULL,'Kp. Muara Tengah Rt. 002 Rw. 010, Kel. SUKATENANG, Kec. SUKAWANGI, JAWA BARAT, 17620','MASYKUR','RITAH','7','','1','',NULL,NULL,'Kp. Muara Tengah Rt. 002 Rw. 010, Kel. SUKATENANG, Kec. SUKAWANGI, JAWA BARAT, 17620',NULL,NULL,NULL,NULL,NULL,NULL,'',NULL,NULL,0,NULL,NULL,NULL,'6285709891220',NULL,NULL,'2025-07-14',NULL,NULL,NULL,NULL,'UHJaNDNJK0lwendpVUhQQkt5SDNIZz09OmJUUmtjalJ6TkdoaU1YTTBaREJ1T1E9PQ','TEVUVHc4UW42MTNnTGd2OGJNSVJpd3dhRnROV045V2x3dm01aHo0SExHSFdTOVp0K210N0VJa09pNnpUMklVNTpiVFJrY2pSek5HaGlNWE0wWkRCdU9RPT0'),(3017156000143,'250006','O1B3D+MCkTNSUcNn3f9Lgw==','SM8vqK+06p9VzZAUGzlt9yVZLfHu8fOTFh5fSGIIACI=','9',2025200000000000001,'L','BEKASI','2013-01-19','mS2eNJwKQhecSxTtk4vAAg==:bTRkcjRzNGhiMXM0ZDBuOQ==','WFRpeFVlRXcyTU9kSDM2VEVmdUpidz09OmJUUmtjalJ6TkdoaU1YTTBaREJ1T1E9PQ',NULL,NULL,NULL,NULL,NULL,NULL,NULL,NULL,'Kp. Muara Tengah Rt. 002 Rw. 010, Kel. SUKATENANG, Kec. SUKAWANGI, JAWA BARAT, 17620','AHMAD ALAMSAH','MARYANAH','7','','1','',NULL,NULL,'Kp. Muara Tengah Rt. 002 Rw. 010, Kel. SUKATENANG, Kec. SUKAWANGI, JAWA BARAT, 17620',NULL,NULL,NULL,NULL,NULL,NULL,'',NULL,NULL,0,NULL,NULL,NULL,'0',NULL,NULL,'2025-07-14',NULL,NULL,NULL,NULL,'UCt6N0JVMDc5a2NiTFZVNUtBUWkxQT09OmJUUmtjalJ6TkdoaU1YTTBaREJ1T1E9PQ','MjFFT3lYRFhYN2pkSVJXYXo2R1kwQzAvbUJPRUMvenljQjRUU3RkeGpxTGJMNmFVd2ZIMTgyb3lhamFqTzlnbjpiVFJrY2pSek5HaGlNWE0wWkRCdU9RPT0'),(3017156000144,'250020','FnoArDX34nPKEThxRA1MQw==','CeQ04BnUeecEwkfiPJS6ggK3cjkC1JbnOl57kY6rmnw=','9',2025200000000000001,'P','BEKASI','2013-08-30','ZIoE5ALQUB1bSzuNepe0SA==:bTRkcjRzNGhiMXM0ZDBuOQ==','WFRpeFVlRXcyTU9kSDM2VEVmdUpidz09OmJUUmtjalJ6TkdoaU1YTTBaREJ1T1E9PQ',NULL,NULL,NULL,NULL,NULL,NULL,NULL,NULL,'Kp. Muara Tengah Rt. 001 Rw. 011, Kec. SUKAWANGI, JAWA BARAT, 17620','SAMSUDIN','ROMENAH','15','','18','',NULL,NULL,'Kp. Muara Tengah Rt. 001 Rw. 011, Kec. SUKAWANGI, JAWA BARAT, 17620',NULL,NULL,NULL,NULL,NULL,NULL,'',NULL,NULL,0,NULL,NULL,NULL,'0',NULL,NULL,'2025-07-14',NULL,NULL,NULL,NULL,'RjhYaDc3U05ZVXdzMjViUHVrU2NnQT09OmJUUmtjalJ6TkdoaU1YTTBaREJ1T1E9PQ','T25pMEdPRG9iSlJFWkVrQnVIdzN3amUyMzhISWU5djJRMURVbUl5L2c3M2NpT2o5UnJmKzIvK1J3a2NTK3lnZDpiVFJrY2pSek5HaGlNWE0wWkRCdU9RPT0'),(3017156000145,'250010','qCidY1a51jjnZ7PdQQypWQ==','Evz4Rayzg2nPQVVvLx9IWw==','9',2025200000000000001,'P','BEKASI','2012-11-27','asZ5Mh5pbVyj+fhvBuoBHg==:bTRkcjRzNGhiMXM0ZDBuOQ==','WFRpeFVlRXcyTU9kSDM2VEVmdUpidz09OmJUUmtjalJ6TkdoaU1YTTBaREJ1T1E9PQ',NULL,NULL,NULL,NULL,NULL,NULL,NULL,NULL,'Kp. Muara Tengah Rt. 002 Rw. 010, Kec. SUKAWANGI, JAWA BARAT, 17620','JUHRI','MARLINAH','7','','1','',NULL,NULL,'Kp. Muara Tengah Rt. 002 Rw. 010, Kec. SUKAWANGI, JAWA BARAT, 17620',NULL,NULL,NULL,NULL,NULL,NULL,'',NULL,NULL,0,NULL,NULL,NULL,'0',NULL,NULL,'2025-07-14',NULL,NULL,NULL,NULL,'b0NOaGhvaCtqU3VsK1pHUnRCWS90Zz09OmJUUmtjalJ6TkdoaU1YTTBaREJ1T1E9PQ','NUMyVkRmN3N1SmVCRFdIbVpiMmsrcU1jYU9DR3FOQUxwdTA5N1NEZTdwMXBUbjhBTi9DQXhYeEcyQkc5L0lMRDpiVFJrY2pSek5HaGlNWE0wWkRCdU9RPT0'),(3017156000146,'250012','zIFbTvPLZ5mIuBfeDD8VQQ==','R5NJHDcC7KadYHFLfmL4Spc7Nzk/J1zGWQLn+B467qk=','9',2025200000000000001,'L','JAKARTA','2013-04-11','68RPPYkboCJisqSsP92ABA==:bTRkcjRzNGhiMXM0ZDBuOQ==','WFRpeFVlRXcyTU9kSDM2VEVmdUpidz09OmJUUmtjalJ6TkdoaU1YTTBaREJ1T1E9PQ',NULL,NULL,NULL,NULL,NULL,NULL,NULL,NULL,'Kp. Muara Tengah Rt. 001 Rw. 011, Kel. SUKATENANG, Kec. SUKAWANGI, JAWA BARAT, 17620','ABDULLOH SAFI\'I','MURTAFIAH','7','','1','',NULL,NULL,'Kp. Muara Tengah Rt. 001 Rw. 011, Kel. SUKATENANG, Kec. SUKAWANGI, JAWA BARAT, 17620',NULL,NULL,NULL,NULL,NULL,NULL,'',NULL,NULL,0,NULL,NULL,NULL,'0',NULL,NULL,'2025-07-14',NULL,NULL,NULL,NULL,'ZTV3OHBoT2EvZEVEbTd0emdkV0xXUT09OmJUUmtjalJ6TkdoaU1YTTBaREJ1T1E9PQ','aFhVclF2UnlYdTFhVkczMWVYWjArMzlyS3ZNVFRkdTh5aFFqR2Q4T0kwZGpRZ2JwcWpYcHBrT080VElGUTE5UzpiVFJrY2pSek5HaGlNWE0wWkRCdU9RPT0'),(3017156000147,'250009','wramlMZTcpR7o6Sy6FCfSg==','TO2177RRrUKdb8xZ6FxeFEIUv9APEvq2yrvpfBlWMp8=','9',2025200000000000001,'L','BEKASI','2012-08-15','Mz/l5sY31JTBK9eo1BNj/A==:bTRkcjRzNGhiMXM0ZDBuOQ==','WFRpeFVlRXcyTU9kSDM2VEVmdUpidz09OmJUUmtjalJ6TkdoaU1YTTBaREJ1T1E9PQ',NULL,NULL,NULL,NULL,NULL,NULL,NULL,NULL,'Kp. Muara Tengah Rt. 002 Rw. 011, Kec. SUKAWANGI, JAWA BARAT, 17620','ANEN','MUHINAH','12','','1','',NULL,NULL,'Kp. Muara Tengah Rt. 002 Rw. 011, Kec. SUKAWANGI, JAWA BARAT, 17620',NULL,NULL,NULL,NULL,NULL,NULL,'',NULL,NULL,0,NULL,NULL,NULL,'0',NULL,NULL,'2025-07-14',NULL,NULL,NULL,NULL,'ZWtXVjBFY1I1cjhRbTlOeXJmSVRXZz09OmJUUmtjalJ6TkdoaU1YTTBaREJ1T1E9PQ','WHRDVjE1akE2aGJJQnRWNEJ5WE95dEU4Uit0NFIrcnhPb0VwK3dXRExUOVhqNGlMV1JlSEV6VEtYWWxXbnYrRjpiVFJrY2pSek5HaGlNWE0wWkRCdU9RPT0'),(3017156000148,'250013','pPrXCDMTw6gul1rb+V8X3Q==','X+E+OtWTaJfszh0yMs4xSQ==','9',2025200000000000001,'L','BEKASI','2013-04-28','1CpS7s1+uJI3cwo8H95y6A==:bTRkcjRzNGhiMXM0ZDBuOQ==','WFRpeFVlRXcyTU9kSDM2VEVmdUpidz09OmJUUmtjalJ6TkdoaU1YTTBaREJ1T1E9PQ',NULL,NULL,NULL,NULL,NULL,NULL,NULL,NULL,'Kp. Muara Tengah Rt. 002 Rw. 010, Kec. SUKAWANGI, JAWA BARAT, 17620','RUSDI SISWADI','NURLAILAH','7','','1','',NULL,NULL,'Kp. Muara Tengah Rt. 002 Rw. 010, Kec. SUKAWANGI, JAWA BARAT, 17620',NULL,NULL,NULL,NULL,NULL,NULL,'',NULL,NULL,0,NULL,NULL,NULL,'0',NULL,NULL,'2025-07-14',NULL,NULL,NULL,NULL,'bmpiRzM0dTFTVy95N2ZNUDZFK2h1UT09OmJUUmtjalJ6TkdoaU1YTTBaREJ1T1E9PQ','Mm1IOFVrUXMwN0ZEQ2lhdTVzOFhFaUtRYXpjeENURit6MnphTDVOVFBwUHpHUUEwM2hpWjVjVVNST3RkTDJzZDpiVFJrY2pSek5HaGlNWE0wWkRCdU9RPT0'),(3017156000149,'250021','frNDaGjvVxIp9YGt/ajEBg==','aVjEAyiRGAAlLPuILNublhm0jW6UwK1fLyciqtOH8gw=','9',2025200000000000001,'L','JAKARTA','2012-08-11','R+u+Giz/8OihUBvDIDcLjQ==:bTRkcjRzNGhiMXM0ZDBuOQ==','WFRpeFVlRXcyTU9kSDM2VEVmdUpidz09OmJUUmtjalJ6TkdoaU1YTTBaREJ1T1E9PQ',NULL,NULL,NULL,NULL,NULL,NULL,NULL,NULL,'Kp. Muara Tengah Rt. 002 Rw. 010, Kel. SUKATENANG, Kec. SUKAWANGI, JAWA BARAT, 17620','USMAN','MASRIPAH','15','','1','',NULL,NULL,'Kp. Muara Tengah Rt. 002 Rw. 010, Kel. SUKATENANG, Kec. SUKAWANGI, JAWA BARAT, 17620',NULL,NULL,NULL,NULL,NULL,NULL,'',NULL,NULL,0,NULL,NULL,NULL,'6289628663242',NULL,NULL,'2025-07-14',NULL,NULL,NULL,NULL,'OG5kUkZUdkF5a082ZDVwcVIrQTZEQT09OmJUUmtjalJ6TkdoaU1YTTBaREJ1T1E9PQ','MGFidXBuUEorajAzUCtFL3MyMzEzUXprVmErNFpaMFM1bnJhdTlhcWxRdzg2ME9Femt1MHlDQTEveDd5WVFFUzpiVFJrY2pSek5HaGlNWE0wWkRCdU9RPT0'),(3017156000150,'250015','m+vMCSCy/xeczKyrbT/s4Q==','/DaaMMb8fpT3zWneZ9ENNs3wxQmjcYoBMb4xfoYi8hI=','9',2025200000000000001,'L','BEKASI','2013-06-23','eCIYqczCCgkY+YIBXtfaUg==:bTRkcjRzNGhiMXM0ZDBuOQ==','WFRpeFVlRXcyTU9kSDM2VEVmdUpidz09OmJUUmtjalJ6TkdoaU1YTTBaREJ1T1E9PQ',NULL,NULL,NULL,NULL,NULL,NULL,NULL,NULL,'Kp. Muara Tengah Rt. 001 Rw. 011, Kec. SUKAWANGI, JAWA BARAT, 17620','RIZKA HIDAYAT','SA\'DIYAH','18','','18','',NULL,NULL,'Kp. Muara Tengah Rt. 001 Rw. 011, Kec. SUKAWANGI, JAWA BARAT, 17620',NULL,NULL,NULL,NULL,NULL,NULL,'',NULL,NULL,0,NULL,NULL,NULL,'0',NULL,NULL,'2025-07-14',NULL,NULL,NULL,NULL,'YzFqWFU1aWRsQ1ZBcFpxYURsenRsQT09OmJUUmtjalJ6TkdoaU1YTTBaREJ1T1E9PQ','Tk1XUnRQTnZhUHg2cWE1SVhGVzB3NjZFVG1KRStESWh1eGFzVjVBRzg5d0d3c3BLZW1pV2hKaTJscjdvMm5WMzpiVFJrY2pSek5HaGlNWE0wWkRCdU9RPT0'),(3017156000151,'250016','yS0KHHCVwH+btWsWrfMEkg==','PUSR+o7LIUf1NQKAx3O7GQ==','9',2025200000000000001,'P','BEKASI','2013-08-14','y0EO9ygUvYn6DqqCj3GMJw==:bTRkcjRzNGhiMXM0ZDBuOQ==','WFRpeFVlRXcyTU9kSDM2VEVmdUpidz09OmJUUmtjalJ6TkdoaU1YTTBaREJ1T1E9PQ',NULL,NULL,NULL,NULL,NULL,NULL,NULL,NULL,'Kp. Muara Tengah Rt. 002 Rw. 011, Kec. SUKAWANGI, JAWA BARAT, 17620','USMAN','NURAKEM','1','','1','',NULL,NULL,'Kp. Muara Tengah Rt. 002 Rw. 011, Kec. SUKAWANGI, JAWA BARAT, 17620',NULL,NULL,NULL,NULL,NULL,NULL,'',NULL,NULL,0,NULL,NULL,NULL,'0',NULL,NULL,'2025-07-14',NULL,NULL,NULL,NULL,'R2JuSTNicGRubWYzZ043NElyR25Xdz09OmJUUmtjalJ6TkdoaU1YTTBaREJ1T1E9PQ','ODBTemtQV1BKSW9iektnQTNlTnhtZFRWSytmRDVNOHpxYzZHN3hJUVdGUkQzczZZT0dHNVZPT2ZUQ3JBTko2TzpiVFJrY2pSek5HaGlNWE0wWkRCdU9RPT0'),(3017156000152,'250018','5Vpo4+u6zUOnYGPkw11vCw==','8+lzJ47ljphyY31rroj6YyY4P9mr2hmGorn8iE3MhUg=','9',2025200000000000001,'P','BEKASI','2011-10-21','GWL7l5L/Mk4aVZDBbfmlLw==:bTRkcjRzNGhiMXM0ZDBuOQ==','WFRpeFVlRXcyTU9kSDM2VEVmdUpidz09OmJUUmtjalJ6TkdoaU1YTTBaREJ1T1E9PQ',NULL,NULL,NULL,NULL,NULL,NULL,NULL,NULL,'Kp. Muara Tengah Rt. 001 Rw. 011, Kel. SUKATENANG, Kec. SUKAWANGI, JAWA BARAT, 17620','MISAR SUPANDI','RANTIH','7','','1','',NULL,NULL,'Kp. Muara Tengah Rt. 001 Rw. 011, Kel. SUKATENANG, Kec. SUKAWANGI, JAWA BARAT, 17620',NULL,NULL,NULL,NULL,NULL,NULL,'',NULL,NULL,0,NULL,NULL,NULL,'0',NULL,NULL,'2025-07-14',NULL,NULL,NULL,NULL,'ODhkaU13REJCdmlSRkkvbGRhWDBsZz09OmJUUmtjalJ6TkdoaU1YTTBaREJ1T1E9PQ','b3FXMUVHak5oMjljYk5FNDRVazJ0TUo4cHYxQjlsQ3VxQVhoV0ZPTHEzMjgrV1NvV3ZwVkFCSjZhcFpXQllPZTpiVFJrY2pSek5HaGlNWE0wWkRCdU9RPT0'),(3017156000153,NULL,'priyWZ3IY6+LrNXcIaOsow==','9eZ1Tp3lBYwEVdXK9KItL8AUcpT/Gp3E5ESPHhGnDN8=','11',2025200000000000003,'L','BEKASI','2009-08-23','PBKf1iOgiAu4xMx3y/Zj8w==:bTRkcjRzNGhiMXM0ZDBuOQ==','WFRpeFVlRXcyTU9kSDM2VEVmdUpidz09OmJUUmtjalJ6TkdoaU1YTTBaREJ1T1E9PQ',NULL,NULL,NULL,NULL,NULL,NULL,NULL,NULL,'Jl. Kaliabang Bahagia Gg. H. Neren  RT001/004 Pejuang Medan Satria Kota Bekasi, Kel. PEJUANG, Kec. MEDANSATRIA, JAWA BARAT, 17131','AKHMAD SAUKHAN','MANIH','7','','1','',NULL,NULL,'Jl. Kaliabang Bahagia Gg. H. Neren  RT001/004 Pejuang Medan Satria Kota Bekasi, Kel. PEJUANG, Kec. MEDANSATRIA, JAWA BARAT, 17131',NULL,NULL,NULL,NULL,NULL,NULL,'',NULL,NULL,0,NULL,NULL,NULL,'',NULL,NULL,'2025-06-01',NULL,NULL,NULL,NULL,'a1lFWWFJdjhPdE9EWEZwc3RMNG04Zz09OmJUUmtjalJ6TkdoaU1YTTBaREJ1T1E9PQ','MUFjeFdmVnJSNGVaQ29kRVlkanB5SnhYY3RwWFM3WFo1TUg1ZW9uazM5MjJzSDFjaWVoWkRjdGhLSnYvYjVlajpiVFJrY2pSek5HaGlNWE0wWkRCdU9RPT0');

--
-- Table structure for table `e_tahunajaran`
--

CREATE TABLE `e_tahunajaran` (
  `tahunajaran_id` int(11) NOT NULL AUTO_INCREMENT,
  `tahunajaran_nama` varchar(10) DEFAULT NULL,
  `tahunajaran_status` int(1) DEFAULT NULL,
  `keterangan` varchar(50) DEFAULT NULL,
  PRIMARY KEY (`tahunajaran_id`)
) ENGINE=InnoDB AUTO_INCREMENT=2027 DEFAULT CHARSET=latin1 COLLATE=latin1_swedish_ci;

--
-- Dumping data for table `e_tahunajaran`
--

INSERT INTO `e_tahunajaran` VALUES (2019,'2019/2020',0,''),(2020,'2020/2021',0,''),(2021,'2021/2022',0,''),(2022,'2022/2023',0,''),(2023,'2023/2024',0,''),(2024,'2024/2025',0,''),(2025,'2025/2026',1,''),(2026,'2026/2027',0,'');

--
-- Table structure for table `e_tingkat`
--

CREATE TABLE `e_tingkat` (
  `tingkat_id` int(11) NOT NULL AUTO_INCREMENT,
  `jenjang_id` int(11) DEFAULT NULL,
  `tingkat_nama` varchar(300) DEFAULT NULL,
  `tingkat_urutan` int(11) DEFAULT NULL,
  PRIMARY KEY (`tingkat_id`)
) ENGINE=InnoDB AUTO_INCREMENT=15 DEFAULT CHARSET=latin1 COLLATE=latin1_swedish_ci;

--
-- Dumping data for table `e_tingkat`
--

INSERT INTO `e_tingkat` VALUES (1,1,'Kelompok A',1),(2,1,'Kelompok B',2),(3,2,'I',1),(4,2,'II',2),(5,2,'III',3),(6,2,'IV',4),(7,2,'V',5),(8,2,'VI',6),(9,3,'VII',1),(10,3,'VIII',2),(11,3,'IX',3),(12,4,'X',1),(13,4,'XI',2),(14,4,'XII',3);

--
-- Table structure for table `e_walas`
--

CREATE TABLE `e_walas` (
  `walas_id` int(11) NOT NULL AUTO_INCREMENT,
  `kelas_id` bigint(20) DEFAULT NULL,
  `lembaga_id` varchar(100) DEFAULT NULL,
  `guru_id` bigint(13) DEFAULT NULL,
  `semester_id` int(11) DEFAULT NULL,
  `tahunajaran_id` char(4) DEFAULT NULL,
  PRIMARY KEY (`walas_id`)
) ENGINE=InnoDB DEFAULT CHARSET=utf8 COLLATE=utf8_general_ci;

--
-- Dumping data for table `e_walas`
--


--
-- Table structure for table `k_dplpc`
--

CREATE TABLE `k_dplpc` (
  `dplpc_id` int(11) NOT NULL AUTO_INCREMENT,
  `dplpc_nama` varchar(50) DEFAULT NULL,
  `dplpc_type` varchar(50) DEFAULT NULL,
  PRIMARY KEY (`dplpc_id`)
) ENGINE=InnoDB AUTO_INCREMENT=14 DEFAULT CHARSET=utf8mb4 COLLATE=utf8mb4_general_ci;

--
-- Dumping data for table `k_dplpc`
--

INSERT INTO `k_dplpc` VALUES (1,'Keimanan dan Ketakwaan terhadap Tuhan YME','Dimansi Profile Lulusan'),(2,'Kewargaan','Dimansi Profile Lulusan'),(3,'Penalaran Kritis','Dimansi Profile Lulusan'),(4,'Kreativitas','Dimansi Profile Lulusan'),(5,'Kolaborasi','Dimansi Profile Lulusan'),(6,'Kemandirian','Dimansi Profile Lulusan'),(7,'Kesehatan','Dimansi Profile Lulusan'),(8,'Komunikasi','Dimansi Profile Lulusan'),(9,'Cinta Allah Swt. dan Rasul-Nya','Panca Cinta'),(10,'Cinta Ilmu','Panca Cinta'),(11,'Cinta Lingkungan','Panca Cinta'),(12,'Cinta Diri dan Sesama Manusia','Panca Cinta'),(13,'Cinta Tanah Air','Panca Cinta');

--
-- Table structure for table `k_koordinator`
--

CREATE TABLE `k_koordinator` (
  `koordinator_id` int(11) NOT NULL AUTO_INCREMENT,
  `lembaga_id` varchar(100) DEFAULT NULL,
  `tahunajaran_id` int(11) DEFAULT NULL,
  `semester_id` int(11) DEFAULT NULL,
  `guru_id` bigint(20) DEFAULT NULL,
  `kelas_id` bigint(20) DEFAULT NULL,
  `is_send` int(1) DEFAULT NULL,
  PRIMARY KEY (`koordinator_id`)
) ENGINE=InnoDB DEFAULT CHARSET=utf8mb4 COLLATE=utf8mb4_general_ci;

--
-- Dumping data for table `k_koordinator`
--


--
-- Table structure for table `k_nilai`
--

CREATE TABLE `k_nilai` (
  `nilai_id` int(11) NOT NULL AUTO_INCREMENT,
  `penilaian_id` int(11) DEFAULT NULL,
  `siswa_id` bigint(13) DEFAULT NULL,
  `nilai_data` int(1) DEFAULT NULL,
  PRIMARY KEY (`nilai_id`),
  KEY `penilaian_id` (`penilaian_id`)
) ENGINE=InnoDB DEFAULT CHARSET=utf8mb4 COLLATE=utf8mb4_general_ci;

--
-- Dumping data for table `k_nilai`
--


--
-- Table structure for table `k_penilaian`
--

CREATE TABLE `k_penilaian` (
  `penilaian_id` int(11) NOT NULL AUTO_INCREMENT,
  `dplpc_id` int(11) DEFAULT NULL,
  `penilaian_deskripsi` text DEFAULT NULL,
  `koordinator_id` int(11) DEFAULT NULL,
  `kelas_id` bigint(20) DEFAULT NULL,
  PRIMARY KEY (`penilaian_id`)
) ENGINE=InnoDB DEFAULT CHARSET=utf8mb4 COLLATE=utf8mb4_general_ci;

--
-- Dumping data for table `k_penilaian`
--


--
-- Table structure for table `p_catatan`
--

CREATE TABLE `p_catatan` (
  `catatan_id` int(11) NOT NULL AUTO_INCREMENT,
  `proyek_id` int(11) DEFAULT NULL,
  `siswa_id` bigint(13) DEFAULT NULL,
  `catatan_detail` text DEFAULT NULL,
  PRIMARY KEY (`catatan_id`)
) ENGINE=InnoDB AUTO_INCREMENT=104 DEFAULT CHARSET=utf8mb4 COLLATE=utf8mb4_general_ci;

--
-- Dumping data for table `p_catatan`
--

INSERT INTO `p_catatan` VALUES (1,1,3017156000103,'Alhamdulillah menunjukkan penguasaan yang baik dalam memahami keterhubungan ekosistem bumi, menjaga lingkungan alam sekitar, mengidentifikasi, mengklarifikasi, dan mengolah informasi.'),(2,1,3017156000104,'Alhamdulillah menunjukkan penguasaan yang baik dalam memahami keterhubungan ekosistem bumi, menjaga lingkungan alam sekitar, mengidentifikasi, mengklarifikasi, dan mengolah informasi.'),(3,1,3017156000105,'Alhamdulillah menunjukkan penguasaan yang baik dalam memahami keterhubungan ekosistem bumi, menjaga lingkungan alam sekitar, mengidentifikasi, mengklarifikasi, dan mengolah informasi.'),(4,1,3017156000106,'Alhamdulillah menunjukkan penguasaan yang baik dalam memahami keterhubungan ekosistem bumi, menjaga lingkungan alam sekitar, mengidentifikasi, mengklarifikasi, dan mengolah informasi.'),(5,1,3017156000107,'Alhamdulillah menunjukkan penguasaan yang baik dalam memahami keterhubungan ekosistem bumi, menjaga lingkungan alam sekitar, mengidentifikasi, mengklarifikasi, dan mengolah informasi.'),(6,1,3017156000108,'Alhamdulillah menunjukkan penguasaan yang baik dalam memahami keterhubungan ekosistem bumi, menjaga lingkungan alam sekitar, mengidentifikasi, mengklarifikasi, dan mengolah informasi.'),(7,1,3017156000109,'Alhamdulillah menunjukkan penguasaan yang baik dalam memahami keterhubungan ekosistem bumi, menjaga lingkungan alam sekitar, mengidentifikasi, mengklarifikasi, dan mengolah informasi.'),(8,1,3017156000110,'Alhamdulillah menunjukkan penguasaan yang baik dalam memahami keterhubungan ekosistem bumi, menjaga lingkungan alam sekitar, mengidentifikasi, mengklarifikasi, dan mengolah informasi.'),(9,1,3017156000128,'Alhamdulillah menunjukkan penguasaan yang baik dalam memahami keterhubungan ekosistem bumi, menjaga lingkungan alam sekitar, mengidentifikasi, mengklarifikasi, dan mengolah informasi.'),(10,1,3017156000111,'Alhamdulillah menunjukkan penguasaan yang baik dalam memahami keterhubungan ekosistem bumi, menjaga lingkungan alam sekitar, mengidentifikasi, mengklarifikasi, dan mengolah informasi.'),(11,1,3017156000112,'Alhamdulillah menunjukkan penguasaan yang baik dalam memahami keterhubungan ekosistem bumi, menjaga lingkungan alam sekitar, mengidentifikasi, mengklarifikasi, dan mengolah informasi.'),(12,1,3017156000113,'Alhamdulillah menunjukkan penguasaan yang baik dalam memahami keterhubungan ekosistem bumi, menjaga lingkungan alam sekitar, mengidentifikasi, mengklarifikasi, dan mengolah informasi.'),(13,1,3017156000114,'Alhamdulillah menunjukkan penguasaan yang baik dalam memahami keterhubungan ekosistem bumi, menjaga lingkungan alam sekitar, mengidentifikasi, mengklarifikasi, dan mengolah informasi.'),(14,1,3017156000115,'Alhamdulillah menunjukkan penguasaan yang baik dalam memahami keterhubungan ekosistem bumi, menjaga lingkungan alam sekitar, mengidentifikasi, mengklarifikasi, dan mengolah informasi.'),(15,1,3017156000116,'Alhamdulillah menunjukkan penguasaan yang baik dalam memahami keterhubungan ekosistem bumi, menjaga lingkungan alam sekitar, mengidentifikasi, mengklarifikasi, dan mengolah informasi.'),(16,1,3017156000117,'Alhamdulillah menunjukkan penguasaan yang baik dalam memahami keterhubungan ekosistem bumi, menjaga lingkungan alam sekitar, mengidentifikasi, mengklarifikasi, dan mengolah informasi.'),(17,1,3017156000118,'Alhamdulillah menunjukkan penguasaan yang baik dalam memahami keterhubungan ekosistem bumi, menjaga lingkungan alam sekitar, mengidentifikasi, mengklarifikasi, dan mengolah informasi.'),(18,1,3017156000119,'Alhamdulillah menunjukkan penguasaan yang baik dalam memahami keterhubungan ekosistem bumi, menjaga lingkungan alam sekitar, mengidentifikasi, mengklarifikasi, dan mengolah informasi.'),(19,1,3017156000120,'Alhamdulillah menunjukkan penguasaan yang baik dalam memahami keterhubungan ekosistem bumi, menjaga lingkungan alam sekitar, mengidentifikasi, mengklarifikasi, dan mengolah informasi.'),(20,1,3017156000121,'Alhamdulillah menunjukkan penguasaan yang baik dalam memahami keterhubungan ekosistem bumi, menjaga lingkungan alam sekitar, mengidentifikasi, mengklarifikasi, dan mengolah informasi.'),(21,1,3017156000122,'Alhamdulillah menunjukkan penguasaan yang baik dalam memahami keterhubungan ekosistem bumi, menjaga lingkungan alam sekitar, mengidentifikasi, mengklarifikasi, dan mengolah informasi.'),(22,1,3017156000123,'Alhamdulillah menunjukkan penguasaan yang baik dalam memahami keterhubungan ekosistem bumi, menjaga lingkungan alam sekitar, mengidentifikasi, mengklarifikasi, dan mengolah informasi.'),(23,1,3017156000124,'Alhamdulillah menunjukkan penguasaan yang baik dalam memahami keterhubungan ekosistem bumi, menjaga lingkungan alam sekitar, mengidentifikasi, mengklarifikasi, dan mengolah informasi.'),(24,1,3017156000125,'Alhamdulillah menunjukkan penguasaan yang baik dalam memahami keterhubungan ekosistem bumi, menjaga lingkungan alam sekitar, mengidentifikasi, mengklarifikasi, dan mengolah informasi.'),(25,1,3017156000126,'Alhamdulillah menunjukkan penguasaan yang baik dalam memahami keterhubungan ekosistem bumi, menjaga lingkungan alam sekitar, mengidentifikasi, mengklarifikasi, dan mengolah informasi.'),(26,1,3017156000127,'Alhamdulillah menunjukkan penguasaan yang baik dalam memahami keterhubungan ekosistem bumi, menjaga lingkungan alam sekitar, mengidentifikasi, mengklarifikasi, dan mengolah informasi.'),(27,2,3017156000103,'Saat pelaksanaan kegiatan projek, Dina mampu mengenali kebutuhan bersama dan bekerja sama dalam melakukan kegiatan projek.'),(28,2,3017156000104,'Saat pelaksanaan kegiatan projek, Dina mampu mengenali kebutuhan bersama dan bekerja sama dalam melakukan kegiatan projek.'),(29,2,3017156000105,'Saat pelaksanaan kegiatan projek, Dina mampu mengenali kebutuhan bersama dan bekerja sama dalam melakukan kegiatan projek.'),(30,2,3017156000106,'Saat pelaksanaan kegiatan projek, Dina mampu mengenali kebutuhan bersama dan bekerja sama dalam melakukan kegiatan projek.'),(31,2,3017156000107,'Saat pelaksanaan kegiatan projek, Dina mampu mengenali kebutuhan bersama dan bekerja sama dalam melakukan kegiatan projek.'),(32,2,3017156000108,'Saat pelaksanaan kegiatan projek, Dina mampu mengenali kebutuhan bersama dan bekerja sama dalam melakukan kegiatan projek.'),(33,2,3017156000109,'Saat pelaksanaan kegiatan projek, Dina mampu mengenali kebutuhan bersama dan bekerja sama dalam melakukan kegiatan projek.'),(34,2,3017156000110,'Saat pelaksanaan kegiatan projek, Dina mampu mengenali kebutuhan bersama dan bekerja sama dalam melakukan kegiatan projek.'),(35,2,3017156000128,'Saat pelaksanaan kegiatan projek, Dina mampu mengenali kebutuhan bersama dan bekerja sama dalam melakukan kegiatan projek.'),(36,2,3017156000111,'Saat pelaksanaan kegiatan projek, Dina mampu mengenali kebutuhan bersama dan bekerja sama dalam melakukan kegiatan projek.'),(37,2,3017156000112,'Saat pelaksanaan kegiatan projek, Dina mampu mengenali kebutuhan bersama dan bekerja sama dalam melakukan kegiatan projek.'),(38,2,3017156000113,'Saat pelaksanaan kegiatan projek, Dina mampu mengenali kebutuhan bersama dan bekerja sama dalam melakukan kegiatan projek.'),(39,2,3017156000114,'Saat pelaksanaan kegiatan projek, Dina mampu mengenali kebutuhan bersama dan bekerja sama dalam melakukan kegiatan projek.'),(40,2,3017156000115,'Saat pelaksanaan kegiatan projek, Dina mampu mengenali kebutuhan bersama dan bekerja sama dalam melakukan kegiatan projek.'),(41,2,3017156000116,'Saat pelaksanaan kegiatan projek, Dina mampu mengenali kebutuhan bersama dan bekerja sama dalam melakukan kegiatan projek.'),(42,2,3017156000117,'Saat pelaksanaan kegiatan projek, Dina mampu mengenali kebutuhan bersama dan bekerja sama dalam melakukan kegiatan projek.'),(43,2,3017156000118,'Saat pelaksanaan kegiatan projek, Dina mampu mengenali kebutuhan bersama dan bekerja sama dalam melakukan kegiatan projek.'),(44,2,3017156000119,'Saat pelaksanaan kegiatan projek, Dina mampu mengenali kebutuhan bersama dan bekerja sama dalam melakukan kegiatan projek.'),(45,2,3017156000120,'Saat pelaksanaan kegiatan projek, Dina mampu mengenali kebutuhan bersama dan bekerja sama dalam melakukan kegiatan projek.'),(46,2,3017156000121,'Saat pelaksanaan kegiatan projek, Dina mampu mengenali kebutuhan bersama dan bekerja sama dalam melakukan kegiatan projek.'),(47,2,3017156000122,'Saat pelaksanaan kegiatan projek, Dina mampu mengenali kebutuhan bersama dan bekerja sama dalam melakukan kegiatan projek.'),(48,2,3017156000123,'Saat pelaksanaan kegiatan projek, Dina mampu mengenali kebutuhan bersama dan bekerja sama dalam melakukan kegiatan projek.'),(49,2,3017156000124,'Saat pelaksanaan kegiatan projek, Dina mampu mengenali kebutuhan bersama dan bekerja sama dalam melakukan kegiatan projek.'),(50,2,3017156000125,'Saat pelaksanaan kegiatan projek, Dina mampu mengenali kebutuhan bersama dan bekerja sama dalam melakukan kegiatan projek.'),(51,2,3017156000126,'Saat pelaksanaan kegiatan projek, Dina mampu mengenali kebutuhan bersama dan bekerja sama dalam melakukan kegiatan projek.'),(52,2,3017156000127,'Saat pelaksanaan kegiatan projek, Dina mampu mengenali kebutuhan bersama dan bekerja sama dalam melakukan kegiatan projek.'),(53,4,3017156000103,'Beriman dan Bertakwa kepada Tuhan YME:\nMenunjukkan rasa syukur atas anugerah tanah air sebagai bentuk iman.'),(54,4,3017156000105,'Gotong Royong:\nBekerja sama dalam kegiatan yang mendukung persatuan dan kebersamaan.'),(55,4,3017156000106,'Gotong Royong:\nBekerja sama dalam kegiatan yang mendukung persatuan dan kebersamaan.'),(56,4,3017156000107,'Beriman dan Bertakwa kepada Tuhan YME:\nMenunjukkan rasa syukur atas anugerah tanah air sebagai bentuk iman.'),(57,4,3017156000108,'Berkebinekaan Global:\nMenghargai perbedaan suku, budaya, dan agama sebagai kekayaan bangsa.'),(58,4,3017156000109,'Gotong Royong:\nBekerja sama dalam kegiatan yang mendukung persatuan dan kebersamaan.'),(59,4,3017156000110,'Mandiri:\nMenunjukkan tanggung jawab dalam menjaga lingkungan dan identitas bangsa.'),(60,4,3017156000128,'Mandiri:\nMenunjukkan tanggung jawab dalam menjaga lingkungan dan identitas bangsa.'),(61,4,3017156000111,'Berkebinekaan Global:\nMenghargai perbedaan suku, budaya, dan agama sebagai kekayaan bangsa.'),(62,4,3017156000112,'Beriman dan Bertakwa kepada Tuhan YME:\nMenunjukkan rasa syukur atas anugerah tanah air sebagai bentuk iman.'),(63,4,3017156000113,'Mandiri:\nMenunjukkan tanggung jawab dalam menjaga lingkungan dan identitas bangsa.'),(64,4,3017156000114,'Mandiri:\nMenunjukkan tanggung jawab dalam menjaga lingkungan dan identitas bangsa.'),(65,4,3017156000115,'Berkebinekaan Global:\nMenghargai perbedaan suku, budaya, dan agama sebagai kekayaan bangsa.'),(66,4,3017156000116,'Kreatif:\nMenyampaikan ide cinta tanah air melalui media kreatif seperti poster, video, atau puisi'),(67,4,3017156000117,'Kreatif:\nMenyampaikan ide cinta tanah air melalui media kreatif seperti poster, video, atau puisi'),(68,4,3017156000118,'Kreatif:\nMenyampaikan ide cinta tanah air melalui media kreatif seperti poster, video, atau puisi'),(69,4,3017156000119,'Berkebinekaan Global:\nMenghargai perbedaan suku, budaya, dan agama sebagai kekayaan bangsa.'),(70,4,3017156000120,'Kreatif:\nMenyampaikan ide cinta tanah air melalui media kreatif seperti poster, video, atau puisi'),(71,4,3017156000121,'Kreatif:\nMenyampaikan ide cinta tanah air melalui media kreatif seperti poster, video, atau puisi'),(72,4,3017156000122,'Bernalar Kritis:\nMenganalisis peran pelajar dalam menjaga keutuhan bangsa dan nilai-nilai Pancasila.'),(73,4,3017156000123,'Bernalar Kritis:\nMenganalisis peran pelajar dalam menjaga keutuhan bangsa dan nilai-nilai Pancasila.'),(74,4,3017156000124,'Berkebinekaan Global:\nMenghargai perbedaan suku, budaya, dan agama sebagai kekayaan bangsa.'),(75,4,3017156000125,'Bernalar Kritis:\nMenganalisis peran pelajar dalam menjaga keutuhan bangsa dan nilai-nilai Pancasila.'),(76,4,3017156000126,'Bernalar Kritis:\nMenganalisis peran pelajar dalam menjaga keutuhan bangsa dan nilai-nilai Pancasila.'),(77,4,3017156000127,'Bernalar Kritis:\nMenganalisis peran pelajar dalam menjaga keutuhan bangsa dan nilai-nilai Pancasila.'),(78,5,3017156000103,'Beriman dan Bertakwa kepada Tuhan YME:\nMenunjukkan sikap jujur, amanah, dan bertanggung jawab dalam kegiatan usaha.'),(79,5,3017156000104,'Mandiri:\nMemiliki inisiatif, percaya diri, dan tanggung jawab dalam merancang dan menjalankan usaha sederhana.'),(80,5,3017156000105,'Kreatif:\nMengembangkan ide produk atau jasa yang unik, bermanfaat, dan bernilai jual.'),(81,5,3017156000106,'Beriman dan Bertakwa kepada Tuhan YME:\nMenunjukkan sikap jujur, amanah, dan bertanggung jawab dalam kegiatan usaha.'),(82,5,3017156000107,'Kreatif:\nMengembangkan ide produk atau jasa yang unik, bermanfaat, dan bernilai jual.'),(83,5,3017156000108,'Mandiri:\nMemiliki inisiatif, percaya diri, dan tanggung jawab dalam merancang dan menjalankan usaha sederhana.'),(84,5,3017156000109,'Kreatif:\nMengembangkan ide produk atau jasa yang unik, bermanfaat, dan bernilai jual.'),(85,5,3017156000110,'Beriman dan Bertakwa kepada Tuhan YME:\nMenunjukkan sikap jujur, amanah, dan bertanggung jawab dalam kegiatan usaha.'),(86,5,3017156000128,'Kreatif:\nMengembangkan ide produk atau jasa yang unik, bermanfaat, dan bernilai jual.'),(87,5,3017156000111,'Mandiri:\nMemiliki inisiatif, percaya diri, dan tanggung jawab dalam merancang dan menjalankan usaha sederhana.'),(88,5,3017156000112,'Beriman dan Bertakwa kepada Tuhan YME:\nMenunjukkan sikap jujur, amanah, dan bertanggung jawab dalam kegiatan usaha.'),(89,5,3017156000113,'Kreatif:\nMengembangkan ide produk atau jasa yang unik, bermanfaat, dan bernilai jual.'),(90,5,3017156000114,'Bernalar Kritis:\nMenganalisis kebutuhan pasar dan merencanakan strategi usaha secara sederhana.'),(91,5,3017156000115,'Bernalar Kritis:\nMenganalisis kebutuhan pasar dan merencanakan strategi usaha secara sederhana.'),(92,5,3017156000116,'Mandiri:\nMemiliki inisiatif, percaya diri, dan tanggung jawab dalam merancang dan menjalankan usaha sederhana.'),(93,5,3017156000117,'Beriman dan Bertakwa kepada Tuhan YME:\nMenunjukkan sikap jujur, amanah, dan bertanggung jawab dalam kegiatan usaha.'),(94,5,3017156000118,'Bernalar Kritis:\nMenganalisis kebutuhan pasar dan merencanakan strategi usaha secara sederhana.'),(95,5,3017156000119,'Mandiri:\nMemiliki inisiatif, percaya diri, dan tanggung jawab dalam merancang dan menjalankan usaha sederhana.'),(96,5,3017156000120,'Bernalar Kritis:\nMenganalisis kebutuhan pasar dan merencanakan strategi usaha secara sederhana.'),(97,5,3017156000121,'Bernalar Kritis:\nMenganalisis kebutuhan pasar dan merencanakan strategi usaha secara sederhana.'),(98,5,3017156000122,'Beriman dan Bertakwa kepada Tuhan YME:\nMenunjukkan sikap jujur, amanah, dan bertanggung jawab dalam kegiatan usaha.'),(99,5,3017156000123,'Mandiri:\nMemiliki inisiatif, percaya diri, dan tanggung jawab dalam merancang dan menjalankan usaha sederhana.'),(100,5,3017156000124,'Bernalar Kritis:\nMenganalisis kebutuhan pasar dan merencanakan strategi usaha secara sederhana.'),(101,5,3017156000125,'Bernalar Kritis:\nMenganalisis kebutuhan pasar dan merencanakan strategi usaha secara sederhana.'),(102,5,3017156000126,'Mandiri:\nMemiliki inisiatif, percaya diri, dan tanggung jawab dalam merancang dan menjalankan usaha sederhana.'),(103,5,3017156000127,'Beriman dan Bertakwa kepada Tuhan YME:\nMenunjukkan sikap jujur, amanah, dan bertanggung jawab dalam kegiatan usaha.');

--
-- Table structure for table `p_dimensi`
--

CREATE TABLE `p_dimensi` (
  `dimensi_id` int(11) NOT NULL AUTO_INCREMENT,
  `dimensi_nama` varchar(255) DEFAULT NULL,
  PRIMARY KEY (`dimensi_id`)
) ENGINE=InnoDB AUTO_INCREMENT=7 DEFAULT CHARSET=utf8mb4 COLLATE=utf8mb4_general_ci;

--
-- Dumping data for table `p_dimensi`
--

INSERT INTO `p_dimensi` VALUES (1,'Beriman, Bertakwa Kepada Tuhan Yang Maha Esa, dan Berakhlak Mulia'),(2,'Berkebinekaan Global'),(3,'Gotong Royong'),(4,'Mandiri'),(5,'Bernalar Kritis'),(6,'Kreatif');

--
-- Table structure for table `p_elemen`
--

CREATE TABLE `p_elemen` (
  `elemen_id` int(11) NOT NULL AUTO_INCREMENT,
  `dimensi_id` int(11) NOT NULL,
  `elemen_nama` text DEFAULT NULL,
  PRIMARY KEY (`elemen_id`),
  KEY `dimensi_id` (`dimensi_id`)
) ENGINE=InnoDB AUTO_INCREMENT=25 DEFAULT CHARSET=utf8mb4 COLLATE=utf8mb4_general_ci;

--
-- Dumping data for table `p_elemen`
--

INSERT INTO `p_elemen` VALUES (1,1,'Akhlak Beragama'),(2,1,'Akhlak Pribadi'),(3,1,'Akhlak Kepada Manusia'),(4,1,'Akhlak Kepada Alam'),(5,1,'Akhlak Bernegara'),(6,2,'Mengenal dan menghargai budaya'),(7,2,'Komunikasi dan interaksi antar budaya'),(8,2,'Refleksi dan bertanggung jawab terhadap pengalaman kebinekaan'),(9,2,'Berkeadilan Sosial'),(10,3,'Kolaborasi'),(11,3,'Kepedulian'),(12,3,'Berbagi'),(13,4,'Pemahaman diri dan situasi yang dihadapi'),(14,4,'Regulasi Diri'),(15,5,'Memperoleh dan memproses informasi dan gagasan'),(16,5,'Menganalisis dan mengevaluasi penalaran dan prosedurnya'),(17,5,'Refleksi pemikiran dan proses berpikir'),(18,6,'Menghasilkan gagasan yang orisinal'),(19,6,'Menghasilkan karya dan tindakan yang orisinal'),(20,6,'Memiliki keluwesan berpikir dalam mencari alternatif solusi permasalahan'),(21,1,'Komunikasi Dan Interaksi Antar Budaya'),(23,1,'Refleksi Dan Bertanggung Jawab Terhadap Pengalaman Kebinekaan'),(24,1,'Berkeadilan Sosial');

--
-- Table structure for table `p_nilai`
--

CREATE TABLE `p_nilai` (
  `nilai_id` int(11) NOT NULL AUTO_INCREMENT,
  `target_id` int(11) NOT NULL,
  `siswa_id` bigint(13) DEFAULT NULL,
  `nilai_data` int(11) DEFAULT NULL,
  PRIMARY KEY (`nilai_id`),
  UNIQUE KEY `target_id` (`target_id`,`siswa_id`),
  KEY `target_id_2` (`target_id`)
) ENGINE=InnoDB AUTO_INCREMENT=157 DEFAULT CHARSET=utf8mb4 COLLATE=utf8mb4_general_ci;

--
-- Dumping data for table `p_nilai`
--

INSERT INTO `p_nilai` VALUES (1,2,3017156000103,1),(2,2,3017156000104,2),(3,2,3017156000105,2),(4,2,3017156000106,1),(5,2,3017156000107,2),(6,2,3017156000108,2),(7,2,3017156000109,2),(8,2,3017156000110,2),(9,2,3017156000128,1),(10,2,3017156000111,2),(11,2,3017156000112,1),(12,2,3017156000113,1),(13,2,3017156000114,2),(14,2,3017156000115,1),(15,2,3017156000116,1),(16,2,3017156000117,1),(17,2,3017156000118,1),(18,2,3017156000119,2),(19,2,3017156000120,1),(20,2,3017156000121,1),(21,2,3017156000122,1),(22,2,3017156000123,2),(23,2,3017156000124,1),(24,2,3017156000125,1),(25,2,3017156000126,2),(26,2,3017156000127,2),(27,3,3017156000103,2),(28,3,3017156000104,3),(29,3,3017156000105,3),(30,3,3017156000106,2),(31,3,3017156000107,2),(32,3,3017156000108,2),(33,3,3017156000109,2),(34,3,3017156000110,2),(35,3,3017156000128,2),(36,3,3017156000111,2),(37,3,3017156000112,1),(38,3,3017156000113,2),(39,3,3017156000114,1),(40,3,3017156000115,1),(41,3,3017156000116,1),(42,3,3017156000117,2),(43,3,3017156000118,2),(44,3,3017156000119,2),(45,3,3017156000120,2),(46,3,3017156000121,1),(47,3,3017156000122,1),(48,3,3017156000123,2),(49,3,3017156000124,1),(50,3,3017156000125,1),(51,3,3017156000126,2),(52,3,3017156000127,2),(53,1,3017156000103,2),(54,1,3017156000104,2),(55,1,3017156000105,2),(56,1,3017156000106,2),(57,1,3017156000107,2),(58,1,3017156000108,2),(59,1,3017156000109,2),(60,1,3017156000110,2),(61,1,3017156000128,1),(62,1,3017156000111,1),(63,1,3017156000112,1),(64,1,3017156000113,1),(65,1,3017156000114,2),(66,1,3017156000115,2),(67,1,3017156000116,2),(68,1,3017156000117,2),(69,1,3017156000118,2),(70,1,3017156000119,2),(71,1,3017156000120,1),(72,1,3017156000121,1),(73,1,3017156000122,2),(74,1,3017156000123,2),(75,1,3017156000124,2),(76,1,3017156000125,1),(77,1,3017156000126,2),(78,1,3017156000127,2),(79,5,3017156000103,1),(80,5,3017156000104,1),(81,5,3017156000105,1),(82,5,3017156000106,1),(83,5,3017156000107,1),(84,5,3017156000108,1),(85,5,3017156000109,1),(86,5,3017156000110,1),(87,5,3017156000128,1),(88,5,3017156000111,1),(89,5,3017156000112,1),(90,5,3017156000113,1),(91,5,3017156000114,1),(92,5,3017156000115,1),(93,5,3017156000116,1),(94,5,3017156000117,1),(95,5,3017156000118,1),(96,5,3017156000119,1),(97,5,3017156000120,1),(98,5,3017156000121,1),(99,5,3017156000122,1),(100,5,3017156000123,1),(101,5,3017156000124,1),(102,5,3017156000125,1),(103,5,3017156000126,1),(104,5,3017156000127,1),(105,6,3017156000103,1),(106,6,3017156000104,1),(107,6,3017156000105,1),(108,6,3017156000106,1),(109,6,3017156000107,1),(110,6,3017156000108,1),(111,6,3017156000109,1),(112,6,3017156000110,1),(113,6,3017156000128,1),(114,6,3017156000111,1),(115,6,3017156000112,1),(116,6,3017156000113,1),(117,6,3017156000114,1),(118,6,3017156000115,1),(119,6,3017156000116,1),(120,6,3017156000117,1),(121,6,3017156000118,1),(122,6,3017156000119,1),(123,6,3017156000120,1),(124,6,3017156000121,1),(125,6,3017156000122,1),(126,6,3017156000123,1),(127,6,3017156000124,1),(128,6,3017156000125,1),(129,6,3017156000126,1),(130,6,3017156000127,1),(131,7,3017156000103,1),(132,7,3017156000104,2),(133,7,3017156000105,2),(134,7,3017156000106,1),(135,7,3017156000107,1),(136,7,3017156000108,1),(137,7,3017156000109,1),(138,7,3017156000110,1),(139,7,3017156000128,1),(140,7,3017156000111,1),(141,7,3017156000112,1),(142,7,3017156000113,1),(143,7,3017156000114,1),(144,7,3017156000115,1),(145,7,3017156000116,1),(146,7,3017156000117,1),(147,7,3017156000118,1),(148,7,3017156000119,2),(149,7,3017156000120,1),(150,7,3017156000121,1),(151,7,3017156000122,1),(152,7,3017156000123,1),(153,7,3017156000124,1),(154,7,3017156000125,1),(155,7,3017156000126,1),(156,7,3017156000127,1);

--
-- Table structure for table `p_pembina`
--

CREATE TABLE `p_pembina` (
  `pembina_id` int(11) NOT NULL AUTO_INCREMENT,
  `lembaga_id` varchar(100) DEFAULT NULL,
  `tahunajaran_id` int(11) DEFAULT NULL,
  `semester_id` int(11) DEFAULT NULL,
  `guru_id` bigint(20) DEFAULT NULL,
  `kelas_id` bigint(20) DEFAULT NULL,
  PRIMARY KEY (`pembina_id`)
) ENGINE=InnoDB AUTO_INCREMENT=2 DEFAULT CHARSET=utf8mb4 COLLATE=utf8mb4_general_ci;

--
-- Dumping data for table `p_pembina`
--

INSERT INTO `p_pembina` VALUES (1,'WFRpeFVlRXcyTU9kSDM2VEVmdUpidz09OmJUUmtjalJ6TkdoaU1YTTBaREJ1T1E9PQ',2024,NULL,3017156000005,2024100000000000001);

--
-- Table structure for table `p_proyek`
--

CREATE TABLE `p_proyek` (
  `proyek_id` int(11) NOT NULL AUTO_INCREMENT,
  `tema_id` int(11) DEFAULT NULL,
  `proyek_nama` varchar(100) DEFAULT NULL,
  `proyek_judul` varchar(250) DEFAULT NULL,
  `proyek_deskripsi` text DEFAULT NULL,
  `pembina_id` int(11) DEFAULT NULL,
  `proyek_send` int(1) DEFAULT NULL,
  `kelas_id` bigint(20) DEFAULT NULL,
  PRIMARY KEY (`proyek_id`)
) ENGINE=InnoDB AUTO_INCREMENT=6 DEFAULT CHARSET=utf8mb4 COLLATE=utf8mb4_general_ci;

--
-- Dumping data for table `p_proyek`
--

INSERT INTO `p_proyek` VALUES (1,1,'1','Lingkunganku, Tanggung Jawabku','Taman Kreasi Siswa  \n Taman kreasi siswa memiliki manfaat untuk meningkatkan kreativitas siswa sekaligus mengajarkan gaya hidup berkelanjutan. Siswa bisa membuat taman dengan menerapkan prinsip gaya hidup berkelanjutan.  Pihak sekolah juga bisa memberi kebebasan kepada siswa untuk membuat tempat sampah organik dan non organik.',1,1,NULL),(2,2,'2','Ku tanam Sayurannku','Desa sukatenang merupakan  desa pertanian udaranya sangat segar,  dan sejuk banyak lahan-lahan yang tersedia termasuk lahan yang ada di sekitar lingkungan sekolah sehingga perlu di perkenalkan dengan peserta didik,tentang keunggulan pertanian dan pemanfaatan lahan yang ada.',1,1,NULL),(4,11,'3','Cinta tanah air bagian dari Iman','Menumbuhkan rasa cinta tanah air sebagai bagian dari iman melalui kegiatan kebangsaan, kepedulian lingkungan, dan penghargaan terhadap keberagaman.',1,2,NULL),(5,7,'4','Muda Berkarya, Mandiri Berwirausaha&quot;','Peserta didik dikenalkan pada dasar-dasar kewirausahaan melalui observasi, perencanaan, dan praktik usaha sederhana guna menumbuhkan jiwa mandiri, kreatif, dan bertanggung jawab sejak dini',1,2,NULL);

--
-- Table structure for table `p_subelemen`
--

CREATE TABLE `p_subelemen` (
  `subelemen_id` int(11) NOT NULL AUTO_INCREMENT,
  `elemen_id` int(11) NOT NULL,
  `subelemen_nama` text DEFAULT NULL,
  PRIMARY KEY (`subelemen_id`),
  KEY `elemen_id` (`elemen_id`)
) ENGINE=InnoDB AUTO_INCREMENT=46 DEFAULT CHARSET=utf8mb4 COLLATE=utf8mb4_general_ci;

--
-- Dumping data for table `p_subelemen`
--

INSERT INTO `p_subelemen` VALUES (1,1,'Mengenal dan Mencintai Tuhan Yang Maha Esa'),(2,1,'Pemahaman Agama/Kepercayaan'),(3,1,'Pelaksanaan Ritual Ibadah'),(4,2,'Integritas'),(5,2,'Merawat Diri secara Fisik, Mental dan Spiritual'),(6,3,'Mengutamakan persamaan dengan orang lain dan menghargai perbedaan'),(7,3,'Berempati kepada orang lain'),(8,4,'Memahami Keterhubungan Ekosistem Bumi'),(9,4,'Menjaga Lingkungan Alam Sekitar'),(10,5,'Melaksanakan Hak dan Kewajiban sebagai Warga Negara Indonesia'),(11,6,'Mendalami budaya dan identitas budaya'),(12,6,'Mengeksplorasi dan membandingkan pengetahuan budaya, kepercayaan, serta praktiknya'),(13,6,'Menumbuhkan rasa menghormati terhadap keanekaraga man budaya. [Tasāmuh]'),(14,7,'Berkomunikasi antar budaya'),(15,7,'Mempertimbangkan dan menumbuhkan berbagai perspektif'),(16,8,'Refleksi terhadap pengalaman kebinekaan'),(17,8,'Menghilangkan stereotip dan prasangka'),(18,8,'Menyelaraskan perbedaan budaya'),(19,9,'Aktif membangun masyarakat yang inklusif, adil, dan berkelanjutan'),(20,9,'Berpartisipasi dalam proses pengambilan keputusan bersama'),(21,1,'Pemahaman dan pengamalan beragama yang moderat tidak berlebih-lebihan (ifrāṭ / ekstrem kanan) dan juga tidak abai (tafrīṭ / ekstrem kiri). [Tawassuṭ]'),(22,1,'Pemahaman dan pengamalan agama secara seimbang yang meliputi semua aspek kehidupan, baik dunia maupun akhirat [Tawāzun].'),(23,2,'Menjadi pelopor kebaikan dalam menjalankan fungsi khalifah di bumi [Qudwah]'),(24,3,'Menjunjung tinggi akhlak mulia dalam kehidupan dan peradaban manusia [Ta’addub]'),(25,9,'Memahami peran individu dalam demokrasi'),(26,10,'Kerja sama'),(27,10,'Komunikasi untuk mencapai tujuan bersama'),(29,10,'Saling-ketergantungan positif'),(30,10,'Koordinasi Sosial'),(31,10,'Bersaudara atas dasar agama, kemanusiaan, dan sesama warga negara. (Ukhuwah diniyyah, basyariah, waṭaniyah) [Tasāmuh].'),(32,11,'Tanggap terhadap lingkungan Sosial'),(33,11,'Persepsi sosial'),(34,13,'Mengenali kualitas dan minat diri serta tantangan yang dihadapi'),(35,13,'Mengembangkan refleksi diri'),(36,14,'Regulasi emosi'),(37,14,'Penetapan tujuan belajar, prestasi, dan pengemba ngan diri serta rencana strategis untuk mencapain ya'),(38,14,'Menunjukkan inisiatif dan bekerja secara mandiri [Qudwah]'),(39,14,'Mengembangkan pengendalian dan disiplin diri [Qudwah]'),(40,14,'Percaya diri, tangguh (resilient), dan adaptif [Qudwah]'),(41,15,'Mengajukan pertanyaan'),(42,15,'Mengidentifikasi, mengklarifikasi, dan mengolah informasi dan gagasan'),(44,19,'Inovatif menciptakan hal baru untuk kemaslahatan dan kemajuan umat manusia [Tathawwur wa Ibtikâr]'),(45,20,'Dinamis melakukan perubahan sesuai dengan perkembangan zaman [Tathawwur wa Ibtikâr]');

--
-- Table structure for table `p_target`
--

CREATE TABLE `p_target` (
  `target_id` int(11) NOT NULL AUTO_INCREMENT,
  `proyek_id` int(11) DEFAULT NULL,
  `targetelemen_id` int(11) DEFAULT NULL,
  PRIMARY KEY (`target_id`)
) ENGINE=InnoDB AUTO_INCREMENT=8 DEFAULT CHARSET=utf8mb4 COLLATE=utf8mb4_general_ci;

--
-- Dumping data for table `p_target`
--

INSERT INTO `p_target` VALUES (1,1,232),(2,2,247),(3,2,245),(5,4,212),(6,5,232),(7,5,245);

--
-- Table structure for table `p_targetelemen`
--

CREATE TABLE `p_targetelemen` (
  `targetelemen_id` int(11) NOT NULL AUTO_INCREMENT,
  `elemen_id` int(11) NOT NULL,
  `subelemen_id` int(11) DEFAULT NULL,
  `jenjang_id` int(11) DEFAULT NULL,
  `fase` varchar(1) DEFAULT NULL,
  `targetelemen_detail` text DEFAULT NULL,
  PRIMARY KEY (`targetelemen_id`),
  KEY `elemen_id` (`elemen_id`),
  KEY `subelemen_id` (`subelemen_id`)
) ENGINE=InnoDB AUTO_INCREMENT=251 DEFAULT CHARSET=utf8mb4 COLLATE=utf8mb4_general_ci;

--
-- Dumping data for table `p_targetelemen`
--

INSERT INTO `p_targetelemen` VALUES (201,1,1,3,'','Memahami berbagai kualitas atau sifat-sifat Tuhan Yang Maha Esa yang diutarakan dalam kitab suci agama masing-masing dan menghubungkan kualitas-kualitas positif Tuhan dengan sikap pribadinya, serta meyakini firman Tuhan sebagai kebenaran.'),(202,1,2,3,'','Memahami unsur-unsur utama agama/kepercayaan, dan mengenali peran agama/kepercayaan dalam kehidupan serta memahami ajaran moral agama.'),(203,1,3,3,'','Melaksanakan ibadah secara rutin sesuai dengan tuntunan agama/kepercaya annya, berdoa mandiri, merayakan, dan memahami makna hari-hari besar.'),(204,1,21,3,'','Memahami perilaku beragama dan kelompok/golongannya konteks lokal dan mengamalkan perilaku tawassuṭ/moderat dalam beragama'),(205,1,22,3,'','Menerapkan  pengamalan keagamaan secara seimbang meliputi semua aspek kehidupan, baik dunia maupun akhirat dengan kapasitasnya sebagai pribadi dan masyarakat berlandaskan ajaran Islam.'),(206,2,4,3,'','Berani dan konsisten menyampaikan kebenaran atau fakta serta memahami konsekuensi- konsekuensinya untuk diri sendiri.'),(207,2,5,3,'','Memperhatikan kesehatan jasmani, mental, dan rohani dengan melakukan aktivitas fisik, sosial, dan ibadah.'),(208,2,23,3,'','Menjadi teladan dalam berbagai kegiatan, baik di lingkungan madrasah maupun di luar lingkungan madrasah'),(209,3,6,3,'','Mengidentifikasi kesamaan dengan orang lain sebagai perekat hubungan sosial dan mewujudkannya dalam aktivitas kelompok. Mulai mengenal berbagai kemungkinan interpretasi dan cara pandang yang berbeda ketika dihadapkan dengan dilema.'),(210,3,7,3,'','Mulai memandang sesuatu dari perspektif orang lain serta mengidentifikasi kebaikan dan kelebihan orang sekitarnya.'),(211,3,24,3,'','Menunjukkan pribadi yang saleh individual dan sosial, santun, dan berbudi pekerti mulia di lingkungan keluarga dan madrasah.'),(212,4,8,3,'','Memahami konsep harmoni dan mengidentifikasi adanya saling kebergantungan antara berbagai ciptaan Tuhan.'),(213,4,9,3,'','Mewujudkan rasa syukur dengan terbiasa berperilaku ramah lingkungan dan memahami akibat perbuatan tidak ramah lingkungan dalam lingkup kecil maupun besar.'),(214,5,0,3,'','Mengidentifikasi dan memahami peran, hak, dan kewajiban dasar sebagai warga negara serta kaitannya dengan keimanan kepada Tuhan Yang Maha Esa dan secara sadar mempraktikkannya dalam kehidupan sehari- hari.'),(215,5,10,3,'','Memahami sikap nasionalisme, patriotisme, berkomitmen 4 pilar kebangsaan (Pancasila, Bhinneka Tunggal Ika, NKRI, UUD 1945), dan akomodatif terhadap budaya lokal.'),(216,6,11,3,'','Mengidentifikasi dan mendeskripsikan keragaman budaya di sekitarnya; serta menjelaskan peran budaya dan bahasa dalam membentuk identitas dirinya.'),(217,6,12,3,'','Mendeskripsikan dan membandingkan pengetahuan dan praktik dari berbagai kelompok budaya.'),(218,6,13,3,'','Mengidentifikasi peluang dan tantangan yang muncul dari keragaman budaya di Indonesia.'),(219,7,14,3,'','Memahami persamaan dan perbedaan cara berkomunikasi baik di dalam maupun antarkelompok budaya.'),(220,7,15,3,'','Membandingkan beragam perspektif untuk memahami permasalahan sehari-hari. Memperkirakan dan mendeskripsikan situasi komunitas yang berbeda dengan dirinya ke dalam situasi dirinya dalam konteks lokal dan regional.'),(221,8,16,3,'','Menjelaskan apa yang telah dipelajari dari interaksi dan pengalaman dirinya dalam lingkungan yang beragam.'),(222,8,17,3,'','Mengonfirmasi dan mengklarifikasi stereotip dan prasangka yang dimilikinya tentang orang atau kelompok di sekitarnya untuk mendapatkan pemahaman yang lebih baik serta mengidentifikasi pengaruhnya terhadap individu dan kelompok di lingkungan sekitarnya.'),(223,8,18,3,'','Menyelaraskan nilai budaya yang beragam untuk menyelesaikan permasalahan bersama.'),(224,9,19,3,'','Membandingkan beberapa tindakan dan praktik perbaikan lingkungan sekolah yang inklusif, adil, dan berkelanjutan, dengan mempertimbangkan dampaknya secara jangka panjang terhadap manusia, alam, dan masyarakat.'),(225,9,20,3,'','Berpartisipasi dalam menentukan kriteria yang disepakati bersama untuk menentukan pilihan dan keputusan untuk kepentingan bersama.'),(226,9,25,3,'','Memahami konsep hak dan kewajiban, serta implikasinya terhadap perilakunya. Menggunakan konsep ini untuk menjelaskan perilaku diri dan orang sekitarnya.'),(227,10,26,3,'','Menunjukkan ekspektasi (harapan) positif kepada orang lain dalam rangka mencapai tujuan kelompok di lingkungan sekitar (sekolah dan rumah).'),(228,10,27,3,'','Memahami informasi dari berbagai sumber dan menyampaikan pesan menggunakan berbagai simbol dan media secara efektif kepada orang lain untuk mencapai tujuan bersama.'),(229,10,29,3,'','Menyadari bahwa meskipun setiap orang memiliki otonominya masing-masing, setiap orang membutuhkan orang lain dalam memenuhi kebutuhannya.'),(230,10,30,3,'','Menyelaraskan tindakannya sesuai dengan perannya dan mempertimbangkan peran orang lain untuk mencapai tujuan bersama.'),(231,10,31,3,'','Menerima dan menghormati temannya yang berbeda mazhab atau agama, suku, dan ras'),(232,11,32,3,'','Tanggap terhadap lingkungan sosial sesuai dengan tuntutan peran sosialnya dan menjaga keselarasan dalam berelasi dengan orang lain.'),(233,11,33,3,'','Menerapkan pengetahuan mengenai berbagai reaksi orang lain dan penyebabnya dalam konteks keluarga, sekolah, serta pertemanan dengan sebaya.'),(234,12,0,3,'','Memberi dan menerima hal yang dianggap penting dan berharga kepada/dari orang-orang di lingkungan luas/masyarakat baik yang dikenal maupun tidak dikenal.'),(235,13,34,3,'','Menggambarkan pengaruh kualitas dirinya terhadap pelaksanaan dan hasil belajar; serta mengidentifikasi kemampuan yang ingin dikembangkan dengan mempertimbangkan tantangan yang dihadapinya dan umpan balik dari orang dewasa.'),(236,13,35,3,'','Melakukan refleksi untuk mengidentifikasi faktor-faktor di dalam maupun di luar dirinya yang dapat mendukung/menghambatnya dalam belajar dan mengembangkan diri; serta mengidentifikasi cara-cara untuk mengatasi kekurangannya.'),(237,14,36,3,'','Memahami perbedaan emosi yang dirasakan dan dampaknya terhadap proses belajar dan interaksinya dengan orang lain; serta mencoba cara-cara yang sesuai untuk mengelola emosi agar dapat menunjang aktivitas belajar dan interaksinya dengan orang lain.'),(238,14,37,3,'','Menilai faktor- faktor (kekuatan dan kelemahan) yang ada pada dirinya dalam upaya mencapai tujuan belajar, prestasi, dan pengembangan dirinya serta mencoba berbagai strategi untuk mencapainya.'),(239,14,38,3,'','Memahami arti penting bekerja secara mandiri serta inisiatif untuk melakukannya dalam menunjang pembelajaran dan pengembangan dirinya.'),(240,14,39,3,'','Mengidentifikasi faktor-faktor yang dapat mempengaruhi kemampuan dalam mengelola diri dalam pelaksanaan aktivitas belajar dan pengembangan dirinya.'),(241,14,40,3,'','Menyusun, menyesuaikan, dan mengujicobakan berbagai strategi dan cara kerjanya untuk membantu dirinya dalam penyelesaian tugas yang menantang.'),(242,15,41,3,'','Mengajukan pertanyaan untuk membandingkan berbagai informasi dan untuk menambah pengetahuan.'),(243,15,42,3,'','Mengumpulkan, mengklasifikasikan, membandingkan , dan memilih informasi dari berbagai sumber, serta memperjelas informasi.'),(244,16,0,3,'','Menjelaskan alasan yang relevan dan akurat dalam penyelesaian masalah dan pengambilan keputusan.'),(245,17,0,3,'','Memberikan alasan dari hal yang dipikirkan, serta menyadari kemungkinan adanya bias pada pemikirannya sendiri.'),(246,18,0,3,'','Mengembangkan gagasan yang ia miliki untuk membuat kombinasi hal yang baru dan imajinatif untuk mengekspresikan pikiran dan/atau perasaannya.'),(247,19,0,3,'','Mengeksplorasi dan mengekspresikan pikiran dan/atau perasaannya sesuai dengan minat dan kesukaannya dalam bentuk karya dan/atau tindakan serta mengapresiasi dan mengkritisi karya dan tindakan yang dihasilkan.'),(248,19,44,3,'','Mengekspresikan gagasan/ide baru dalam bentuk lisan, tulisan, atau karya.'),(249,20,0,3,'','Mengidentifikasi alternatif solusi saat pendekatan yang diambil tidak berhasil berdasarkan identifikasi terhadap situasi.'),(250,20,45,3,'','Menganalisis berbagai gagasan/ide dalam bentuk lisan, tulisan, atau karya dan umpan balik untuk menghadapi situasi dan permasalahan');

--
-- Table structure for table `p_tema`
--

CREATE TABLE `p_tema` (
  `tema_id` int(11) NOT NULL AUTO_INCREMENT,
  `tema_nama` varchar(255) DEFAULT NULL,
  PRIMARY KEY (`tema_id`)
) ENGINE=InnoDB AUTO_INCREMENT=13 DEFAULT CHARSET=utf8mb4 COLLATE=utf8mb4_general_ci;

--
-- Dumping data for table `p_tema`
--

INSERT INTO `p_tema` VALUES (1,'Hidup Berkelanjutan'),(2,'Kearifan Lokal'),(3,'Bhineka	Tunggal Ika'),(4,'Bangunlah Jiwa dan Raganya'),(5,'Demokrasi Pancasila'),(6,'Berekayasa dan Berteknologi untuk membangun NKRI'),(7,'Kewirausahaan'),(8,'Kebekerjaan'),(9,'Keberagamaan dalam keragaman'),(10,'Damai dalam persaudaraan'),(11,'Cinta tanah air bagian dari keimanan'),(12,'Lestari adat istiadat negeri');

--
-- Dumping events for database 'mtsattaq_rdm'
--

--
-- Dumping routines for database 'mtsattaq_rdm'
--


